{"id":178,"date":"2020-01-18T18:49:26","date_gmt":"2020-01-18T18:49:26","guid":{"rendered":"http:\/\/raere-waggis.ch\/wordpress\/?page_id=178"},"modified":"2022-02-13T11:05:03","modified_gmt":"2022-02-13T10:05:03","slug":"binggis","status":"publish","type":"page","link":"https:\/\/raere-waggis.ch\/wordpress\/index.php\/infos\/binggis\/","title":{"rendered":"Binggis"},"content":{"rendered":"<div class=\"breadcrumbs align  wp-block-bcn-breadcrumb-trail has-text-color has-background\" vocab=\"https:\/\/schema.org\/\" typeof=\"BreadcrumbList\">\n\t<span><\/span>\n\t<\/div>\n\n\n\n<p><\/p>\n\n\n\n<p>Wie jedes Joor mache mir am Zyschtig mit de Binggis vo unserne Aggdyyve Faasnacht.<\/p>\n\n\n\n<figure class=\"wp-block-image size-large\"><img loading=\"lazy\" decoding=\"async\" width=\"1024\" height=\"576\" src=\"https:\/\/raere-waggis.ch\/wordpress\/wp-content\/uploads\/2022\/02\/DSC04017-1024x576.jpg\" alt=\"\" class=\"wp-image-4424\" srcset=\"https:\/\/raere-waggis.ch\/wordpress\/wp-content\/uploads\/2022\/02\/DSC04017-1024x576.jpg 1024w, https:\/\/raere-waggis.ch\/wordpress\/wp-content\/uploads\/2022\/02\/DSC04017-300x169.jpg 300w, https:\/\/raere-waggis.ch\/wordpress\/wp-content\/uploads\/2022\/02\/DSC04017-768x432.jpg 768w, https:\/\/raere-waggis.ch\/wordpress\/wp-content\/uploads\/2022\/02\/DSC04017-1536x864.jpg 1536w, https:\/\/raere-waggis.ch\/wordpress\/wp-content\/uploads\/2022\/02\/DSC04017-2048x1152.jpg 2048w\" sizes=\"auto, (max-width: 767px) 89vw, (max-width: 1000px) 54vw, (max-width: 1071px) 543px, 580px\" \/><\/figure>\n\n\n\n<p>Wie&#8217;s sich f\u00fcr e Waage-Clique gh\u00f6rt, darf au do s Fahrz\u00fc\u00fcg nit fehle. F\u00fcr e Kinderfasnacht nat\u00fcrlig in kleinere Dimensione. Mir Aggdyyve laufe mit em &#171;Raere-W\u00e4\u00e4geli&#187; mit. Nit z&#8217;verg\u00e4sse isch die &#171;juniore Raere&#187;, wo doch au e stattlige L\u00e4rm macht. Sit em 2006 d\u00f6rfe d Binggis mit eme neue, gr\u00f6ssere Waage Fasnacht mache.<br><br>Do e paar <a href=\"https:\/\/raere-waggis.ch\/wordpress\/index.php\/vergangenes\/fasnacht-2008\/binggis-2008\/\"><strong>H\u00e8lge<\/strong><\/a> vo de Binngis us em Joor 2008!<\/p>\n","protected":false},"excerpt":{"rendered":"<p>Wie jedes Joor mache mir am Zyschtig mit de Binggis vo unserne Aggdyyve Faasnacht. Wie&#8217;s sich f\u00fcr e Waage-Clique gh\u00f6rt, darf au do s Fahrz\u00fc\u00fcg nit fehle. F\u00fcr e Kinderfasnacht nat\u00fcrlig in kleinere Dimensione. Mir Aggdyyve laufe mit em &#171;Raere-W\u00e4\u00e4geli&#187; mit. Nit z&#8217;verg\u00e4sse isch die &#171;juniore Raere&#187;, wo doch au e stattlige L\u00e4rm macht. Sit &hellip; <\/p>\n<p class=\"link-more\"><a href=\"https:\/\/raere-waggis.ch\/wordpress\/index.php\/infos\/binggis\/\" class=\"more-link\"><span class=\"screen-reader-text\">&#171;Binggis&#187;<\/span> weiterlesen<\/a><\/p>\n","protected":false},"author":1,"featured_media":0,"parent":96,"menu_order":0,"comment_status":"closed","ping_status":"closed","template":"","meta":{"footnotes":""},"class_list":["post-178","page","type-page","status-publish","hentry"],"_links":{"self":[{"href":"https:\/\/raere-waggis.ch\/wordpress\/index.php\/wp-json\/wp\/v2\/pages\/178","targetHints":{"allow":["GET"]}}],"collection":[{"href":"https:\/\/raere-waggis.ch\/wordpress\/index.php\/wp-json\/wp\/v2\/pages"}],"about":[{"href":"https:\/\/raere-waggis.ch\/wordpress\/index.php\/wp-json\/wp\/v2\/types\/page"}],"author":[{"embeddable":true,"href":"https:\/\/raere-waggis.ch\/wordpress\/index.php\/wp-json\/wp\/v2\/users\/1"}],"replies":[{"embeddable":true,"href":"https:\/\/raere-waggis.ch\/wordpress\/index.php\/wp-json\/wp\/v2\/comments?post=178"}],"version-history":[{"count":14,"href":"https:\/\/raere-waggis.ch\/wordpress\/index.php\/wp-json\/wp\/v2\/pages\/178\/revisions"}],"predecessor-version":[{"id":4425,"href":"https:\/\/raere-waggis.ch\/wordpress\/index.php\/wp-json\/wp\/v2\/pages\/178\/revisions\/4425"}],"up":[{"embeddable":true,"href":"https:\/\/raere-waggis.ch\/wordpress\/index.php\/wp-json\/wp\/v2\/pages\/96"}],"wp:attachment":[{"href":"https:\/\/raere-waggis.ch\/wordpress\/index.php\/wp-json\/wp\/v2\/media?parent=178"}],"curies":[{"name":"wp","href":"https:\/\/api.w.org\/{rel}","templated":true}]}}

<div class="breadcrumbs align  wp-block-bcn-breadcrumb-trail has-text-color has-background" vocab="https://schema.org/" typeof="BreadcrumbList">
	<span></span>
	</div>



<p></p>



<p>Wie jedes Joor mache mir am Zyschtig mit de Binggis vo unserne Aggdyyve Faasnacht.</p>



<figure class="wp-block-image size-large"><img loading="lazy" decoding="async" width="1024" height="576" src="https://raere-waggis.ch/wordpress/wp-content/uploads/2022/02/DSC04017-1024x576.jpg" alt="" class="wp-image-4424" srcset="https://raere-waggis.ch/wordpress/wp-content/uploads/2022/02/DSC04017-1024x576.jpg 1024w, https://raere-waggis.ch/wordpress/wp-content/uploads/2022/02/DSC04017-300x169.jpg 300w, https://raere-waggis.ch/wordpress/wp-content/uploads/2022/02/DSC04017-768x432.jpg 768w, https://raere-waggis.ch/wordpress/wp-content/uploads/2022/02/DSC04017-1536x864.jpg 1536w, https://raere-waggis.ch/wordpress/wp-content/uploads/2022/02/DSC04017-2048x1152.jpg 2048w" sizes="auto, (max-width: 767px) 89vw, (max-width: 1000px) 54vw, (max-width: 1071px) 543px, 580px" /></figure>



<p>Wie&#8217;s sich für e Waage-Clique ghört, darf au do s Fahrzüüg nit fehle. Für e Kinderfasnacht natürlig in kleinere Dimensione. Mir Aggdyyve laufe mit em &#171;Raere-Wäägeli&#187; mit. Nit z&#8217;vergässe isch die &#171;juniore Raere&#187;, wo doch au e stattlige Lärm macht. Sit em 2006 dörfe d Binggis mit eme neue, grössere Waage Fasnacht mache.<br><br>Do e paar <a href="https://raere-waggis.ch/wordpress/index.php/vergangenes/fasnacht-2008/binggis-2008/"><strong>Hèlge</strong></a> vo de Binngis us em Joor 2008!</p>

<p>Wie jedes Joor mache mir am Zyschtig mit de Binggis vo unserne Aggdyyve Faasnacht. Wie&#8217;s sich für e Waage-Clique ghört, darf au do s Fahrzüüg nit fehle. Für e Kinderfasnacht natürlig in kleinere Dimensione. Mir Aggdyyve laufe mit em &#171;Raere-Wäägeli&#187; mit. Nit z&#8217;vergässe isch die &#171;juniore Raere&#187;, wo doch au e stattlige Lärm macht. Sit &hellip; </p>
<p class="link-more"><a href="https://raere-waggis.ch/wordpress/index.php/infos/binggis/" class="more-link"><span class="screen-reader-text">&#171;Binggis&#187;</span> weiterlesen</a></p>
