{"id":212,"date":"2020-01-19T10:42:20","date_gmt":"2020-01-19T09:42:20","guid":{"rendered":"http:\/\/raere-waggis.ch\/wordpress\/?page_id=212"},"modified":"2022-03-02T18:48:17","modified_gmt":"2022-03-02T17:48:17","slug":"fasnacht-2019","status":"publish","type":"page","link":"https:\/\/raere-waggis.ch\/wordpress\/index.php\/helge\/fasnacht-2019\/","title":{"rendered":"Fasnacht 2019"},"content":{"rendered":"<div class=\"breadcrumbs align  wp-block-bcn-breadcrumb-trail has-text-color has-background\" vocab=\"https:\/\/schema.org\/\" typeof=\"BreadcrumbList\">\n\t<span><\/span>\n\t<\/div>\n\n\n\n<p><\/p>\n\n\n\n<div class=\"wp-block-group\"><div class=\"wp-block-group__inner-container is-layout-flow wp-block-group-is-layout-flow\">\n<div class=\"wp-block-media-text alignwide is-stacked-on-mobile is-vertically-aligned-center\" style=\"grid-template-columns:35% auto\"><figure class=\"wp-block-media-text__media\"><a href=\"https:\/\/raere-waggis.ch\/wordpress\/wp-content\/uploads\/2022\/02\/2019-raere-blaggedde-buergin.jpg\"><img loading=\"lazy\" decoding=\"async\" width=\"863\" height=\"1024\" src=\"https:\/\/raere-waggis.ch\/wordpress\/wp-content\/uploads\/2022\/02\/2019-raere-blaggedde-buergin-863x1024.jpg\" alt=\"\" class=\"wp-image-4334 size-full\" srcset=\"https:\/\/raere-waggis.ch\/wordpress\/wp-content\/uploads\/2022\/02\/2019-raere-blaggedde-buergin-863x1024.jpg 863w, https:\/\/raere-waggis.ch\/wordpress\/wp-content\/uploads\/2022\/02\/2019-raere-blaggedde-buergin-253x300.jpg 253w, https:\/\/raere-waggis.ch\/wordpress\/wp-content\/uploads\/2022\/02\/2019-raere-blaggedde-buergin-768x911.jpg 768w, https:\/\/raere-waggis.ch\/wordpress\/wp-content\/uploads\/2022\/02\/2019-raere-blaggedde-buergin-1295x1536.jpg 1295w, https:\/\/raere-waggis.ch\/wordpress\/wp-content\/uploads\/2022\/02\/2019-raere-blaggedde-buergin.jpg 1656w\" sizes=\"auto, (max-width: 767px) 89vw, (max-width: 1000px) 54vw, (max-width: 1071px) 543px, 580px\" \/><\/a><\/figure><div class=\"wp-block-media-text__content\">\n<p><strong>Unseri H\u00e8lge vo dr Fasnacht 2019<\/strong><\/p>\n\n\n\n<ul class=\"wp-block-list\"><li><a href=\"https:\/\/raere-waggis.ch\/wordpress\/index.php\/vergangenes\/fasnacht-2019\/waagebau-2019\/\" data-type=\"page\" data-id=\"475\">Waagebau<\/a><\/li><li><a href=\"https:\/\/raere-waggis.ch\/wordpress\/index.php\/vergangenes\/fasnacht-2019\/dauffi-2019\/\" data-type=\"page\" data-id=\"609\">Dauffi<\/a><\/li><li><a href=\"https:\/\/raere-waggis.ch\/wordpress\/index.php\/vergangenes\/fasnacht-2019\/maentig-2019\/\" data-type=\"page\" data-id=\"478\">M\u00e4\u00e4ntig<\/a><\/li><li><a href=\"https:\/\/raere-waggis.ch\/wordpress\/index.php\/vergangenes\/fasnacht-2019\/binggis-2019\/\" data-type=\"page\" data-id=\"480\">Binggis<\/a><\/li><li><a href=\"https:\/\/raere-waggis.ch\/wordpress\/index.php\/vergangenes\/fasnacht-2019\/mittwuch-2019\/\" data-type=\"page\" data-id=\"482\">Mittwuch<\/a><\/li><li><a href=\"https:\/\/raere-waggis.ch\/wordpress\/index.php\/vergangenes\/fasnacht-2019\/bummel-2019\/\" data-type=\"page\" data-id=\"486\">Bummel<\/a><\/li><\/ul>\n<\/div><\/div>\n<\/div><\/div>\n\n\n\n<p><strong>Unser Sujet<\/strong><br>&#171;Mir spiile grad kai Sujet us, neitraal derbyy isch unsere Gnuss&#187; <\/p>\n\n\n\n<p><strong>Unser R\u00e4d\u00e4b\u00e4ng<\/strong><br>Jeede will e Mainig ha, doch uns goot das alles ganz und gar nyt aa,<br>denn mit blieterwysser Weschte, w\u00e4nn mir fir alli numme s Beschte.<br>Dy Aasicht, die isch uns egaal, denn mir sin jetz neitraal.<\/p>\n\n\n\n<p><strong>Comit\u00e9 Sujet<\/strong><br>&#171;bis zletscht&#187;<br><br><strong><strong>Dr Blaggedde V\u00e4rs vom Fasnachts-Comit\u00e9<\/strong><\/strong><br>Vier Sekunde f\u00e4\u00e4le numme.<br>Zwaiesiibzig Stund sinn umme.<br>S kunnt d\u00e4 \u00c4ndstraich immer schn\u00e4ller<br>und dy Stimmig keit in K\u00e4ller.<br>Halt, d Frau Fasnacht sait is hit:<br>Zerscht machsch du bis zletscht no mit,<br>denn es w\u00e4r e bitzli waich<br>\u00c4ndstraich vor em Morgestraich.<br><br>\u00c4ndstraich isch do au symboolisch,<br>wells dr muba nimme wool isch.<br>\u00c4ndstraich duet fir si bedyyte:<br>Jetz kaasch s Dootegleggli lyyte.<br>D Uur lauft no bis zletzsch ganz guet.<br>Kain me ziet dr Hermes-Huet.<br>Vor me d\u00e4\u00e4 an Naagel h\u00e4nggt,<br>hets em no zum Sujet gl\u00e4nggt.<br>Bi dr M\u00e4ss frogsch di ganz blaich:<br>Isch das jetz dr letschti Straich?<br><br>Kaaschs am Donnschtig \u00e4cht verstegge?<br>Du bisch zinftig uff de Wegge.<br>No bis zletscht steen alli yy<br>und e letschte Marsch mues syy.<br>Rund um d Lampe wird no pfiffe.<br>S Drummle deent nimm ganz so gschliffe.<br>Wottsch s letscht Lampev\u00e4rsli l\u00e4\u00e4se,<br>gseesch du pletzlig schon e B\u00e4\u00e4se.<br>D \u00c4ndstraich-Stimmig isch bitz doof.<br>Jetz bruuchsch du e gsunde Schloof.<br><br>No ganz wach und ganz e zw\u00e4\u00e4ge<br>isch dr M\u00fcller als bim Pr\u00e4\u00e4ge.<br>Und dr Tarek Moussalli lacht.<br>\u00c4r het n\u00e4mlig d Erfindig gmacht.<br>Mit Blaggedde, saag i alle,<br>wird dr \u00c4ndstraich lychter falle.<\/p>\n\n\n\n<p><\/p>\n","protected":false},"excerpt":{"rendered":"<p>Unseri H\u00e8lge vo dr Fasnacht 2019 Waagebau Dauffi M\u00e4\u00e4ntig Binggis Mittwuch Bummel Unser Sujet&#171;Mir spiile grad kai Sujet us, neitraal derbyy isch unsere Gnuss&#187; Unser R\u00e4d\u00e4b\u00e4ngJeede will e Mainig ha, doch uns goot das alles ganz und gar nyt aa,denn mit blieterwysser Weschte, w\u00e4nn mir fir alli numme s Beschte.Dy Aasicht, die isch uns egaal, &hellip; <\/p>\n<p class=\"link-more\"><a href=\"https:\/\/raere-waggis.ch\/wordpress\/index.php\/helge\/fasnacht-2019\/\" class=\"more-link\"><span class=\"screen-reader-text\">&#171;Fasnacht 2019&#187;<\/span> weiterlesen<\/a><\/p>\n","protected":false},"author":1,"featured_media":0,"parent":136,"menu_order":0,"comment_status":"closed","ping_status":"closed","template":"","meta":{"footnotes":""},"class_list":["post-212","page","type-page","status-publish","hentry"],"_links":{"self":[{"href":"https:\/\/raere-waggis.ch\/wordpress\/index.php\/wp-json\/wp\/v2\/pages\/212","targetHints":{"allow":["GET"]}}],"collection":[{"href":"https:\/\/raere-waggis.ch\/wordpress\/index.php\/wp-json\/wp\/v2\/pages"}],"about":[{"href":"https:\/\/raere-waggis.ch\/wordpress\/index.php\/wp-json\/wp\/v2\/types\/page"}],"author":[{"embeddable":true,"href":"https:\/\/raere-waggis.ch\/wordpress\/index.php\/wp-json\/wp\/v2\/users\/1"}],"replies":[{"embeddable":true,"href":"https:\/\/raere-waggis.ch\/wordpress\/index.php\/wp-json\/wp\/v2\/comments?post=212"}],"version-history":[{"count":22,"href":"https:\/\/raere-waggis.ch\/wordpress\/index.php\/wp-json\/wp\/v2\/pages\/212\/revisions"}],"predecessor-version":[{"id":4820,"href":"https:\/\/raere-waggis.ch\/wordpress\/index.php\/wp-json\/wp\/v2\/pages\/212\/revisions\/4820"}],"up":[{"embeddable":true,"href":"https:\/\/raere-waggis.ch\/wordpress\/index.php\/wp-json\/wp\/v2\/pages\/136"}],"wp:attachment":[{"href":"https:\/\/raere-waggis.ch\/wordpress\/index.php\/wp-json\/wp\/v2\/media?parent=212"}],"curies":[{"name":"wp","href":"https:\/\/api.w.org\/{rel}","templated":true}]}}

<div class="breadcrumbs align  wp-block-bcn-breadcrumb-trail has-text-color has-background" vocab="https://schema.org/" typeof="BreadcrumbList">
	<span></span>
	</div>



<p></p>



<div class="wp-block-group"><div class="wp-block-group__inner-container is-layout-flow wp-block-group-is-layout-flow">
<div class="wp-block-media-text alignwide is-stacked-on-mobile is-vertically-aligned-center" style="grid-template-columns:35% auto"><figure class="wp-block-media-text__media"><a href="https://raere-waggis.ch/wordpress/wp-content/uploads/2022/02/2019-raere-blaggedde-buergin.jpg"><img loading="lazy" decoding="async" width="863" height="1024" src="https://raere-waggis.ch/wordpress/wp-content/uploads/2022/02/2019-raere-blaggedde-buergin-863x1024.jpg" alt="" class="wp-image-4334 size-full" srcset="https://raere-waggis.ch/wordpress/wp-content/uploads/2022/02/2019-raere-blaggedde-buergin-863x1024.jpg 863w, https://raere-waggis.ch/wordpress/wp-content/uploads/2022/02/2019-raere-blaggedde-buergin-253x300.jpg 253w, https://raere-waggis.ch/wordpress/wp-content/uploads/2022/02/2019-raere-blaggedde-buergin-768x911.jpg 768w, https://raere-waggis.ch/wordpress/wp-content/uploads/2022/02/2019-raere-blaggedde-buergin-1295x1536.jpg 1295w, https://raere-waggis.ch/wordpress/wp-content/uploads/2022/02/2019-raere-blaggedde-buergin.jpg 1656w" sizes="auto, (max-width: 767px) 89vw, (max-width: 1000px) 54vw, (max-width: 1071px) 543px, 580px" /></a></figure><div class="wp-block-media-text__content">
<p><strong>Unseri Hèlge vo dr Fasnacht 2019</strong></p>



<ul class="wp-block-list"><li><a href="https://raere-waggis.ch/wordpress/index.php/vergangenes/fasnacht-2019/waagebau-2019/" data-type="page" data-id="475">Waagebau</a></li><li><a href="https://raere-waggis.ch/wordpress/index.php/vergangenes/fasnacht-2019/dauffi-2019/" data-type="page" data-id="609">Dauffi</a></li><li><a href="https://raere-waggis.ch/wordpress/index.php/vergangenes/fasnacht-2019/maentig-2019/" data-type="page" data-id="478">Määntig</a></li><li><a href="https://raere-waggis.ch/wordpress/index.php/vergangenes/fasnacht-2019/binggis-2019/" data-type="page" data-id="480">Binggis</a></li><li><a href="https://raere-waggis.ch/wordpress/index.php/vergangenes/fasnacht-2019/mittwuch-2019/" data-type="page" data-id="482">Mittwuch</a></li><li><a href="https://raere-waggis.ch/wordpress/index.php/vergangenes/fasnacht-2019/bummel-2019/" data-type="page" data-id="486">Bummel</a></li></ul>
</div></div>
</div></div>



<p><strong>Unser Sujet</strong><br>&#171;Mir spiile grad kai Sujet us, neitraal derbyy isch unsere Gnuss&#187; </p>



<p><strong>Unser Rädäbäng</strong><br>Jeede will e Mainig ha, doch uns goot das alles ganz und gar nyt aa,<br>denn mit blieterwysser Weschte, wänn mir fir alli numme s Beschte.<br>Dy Aasicht, die isch uns egaal, denn mir sin jetz neitraal.</p>



<p><strong>Comité Sujet</strong><br>&#171;bis zletscht&#187;<br><br><strong><strong>Dr Blaggedde Värs vom Fasnachts-Comité</strong></strong><br>Vier Sekunde fääle numme.<br>Zwaiesiibzig Stund sinn umme.<br>S kunnt dä Ändstraich immer schnäller<br>und dy Stimmig keit in Käller.<br>Halt, d Frau Fasnacht sait is hit:<br>Zerscht machsch du bis zletscht no mit,<br>denn es wär e bitzli waich<br>Ändstraich vor em Morgestraich.<br><br>Ändstraich isch do au symboolisch,<br>wells dr muba nimme wool isch.<br>Ändstraich duet fir si bedyyte:<br>Jetz kaasch s Dootegleggli lyyte.<br>D Uur lauft no bis zletzsch ganz guet.<br>Kain me ziet dr Hermes-Huet.<br>Vor me dää an Naagel hänggt,<br>hets em no zum Sujet glänggt.<br>Bi dr Mäss frogsch di ganz blaich:<br>Isch das jetz dr letschti Straich?<br><br>Kaaschs am Donnschtig ächt verstegge?<br>Du bisch zinftig uff de Wegge.<br>No bis zletscht steen alli yy<br>und e letschte Marsch mues syy.<br>Rund um d Lampe wird no pfiffe.<br>S Drummle deent nimm ganz so gschliffe.<br>Wottsch s letscht Lampevärsli lääse,<br>gseesch du pletzlig schon e Bääse.<br>D Ändstraich-Stimmig isch bitz doof.<br>Jetz bruuchsch du e gsunde Schloof.<br><br>No ganz wach und ganz e zwääge<br>isch dr Müller als bim Prääge.<br>Und dr Tarek Moussalli lacht.<br>Är het nämlig d Erfindig gmacht.<br>Mit Blaggedde, saag i alle,<br>wird dr Ändstraich lychter falle.</p>



<p></p>

<p>Unseri Hèlge vo dr Fasnacht 2019 Waagebau Dauffi Määntig Binggis Mittwuch Bummel Unser Sujet&#171;Mir spiile grad kai Sujet us, neitraal derbyy isch unsere Gnuss&#187; Unser RädäbängJeede will e Mainig ha, doch uns goot das alles ganz und gar nyt aa,denn mit blieterwysser Weschte, wänn mir fir alli numme s Beschte.Dy Aasicht, die isch uns egaal, &hellip; </p>
<p class="link-more"><a href="https://raere-waggis.ch/wordpress/index.php/helge/fasnacht-2019/" class="more-link"><span class="screen-reader-text">&#171;Fasnacht 2019&#187;</span> weiterlesen</a></p>
