{"id":243,"date":"2020-01-19T12:22:00","date_gmt":"2020-01-19T11:22:00","guid":{"rendered":"http:\/\/raere-waggis.ch\/wordpress\/?page_id=243"},"modified":"2022-02-24T18:55:06","modified_gmt":"2022-02-24T17:55:06","slug":"startsyte","status":"publish","type":"page","link":"https:\/\/raere-waggis.ch\/wordpress\/","title":{"rendered":"Mir stelle uns vor"},"content":{"rendered":"\n<hr class=\"wp-block-separator\"\/>\n\n\n\n<p>Es isch nit ganz klaar, ob mir us de Rhyhafe Strytzi  und\/oder de Rhy Ganove  entstande sin. Aber im 1967 h\u00e4n mir s erschte Mol als Raere Waggis am Cort\u00e8ge mitgmacht. <\/p>\n\n\n\n<figure class=\"wp-block-image size-large is-resized\"><img loading=\"lazy\" decoding=\"async\" src=\"https:\/\/raere-waggis.ch\/wordpress\/wp-content\/uploads\/2020\/01\/rhyganove.jpg\" alt=\"\" class=\"wp-image-337\" width=\"655\" height=\"448\" srcset=\"https:\/\/raere-waggis.ch\/wordpress\/wp-content\/uploads\/2020\/01\/rhyganove.jpg 393w, https:\/\/raere-waggis.ch\/wordpress\/wp-content\/uploads\/2020\/01\/rhyganove-300x205.jpg 300w\" sizes=\"auto, (max-width: 655px) 100vw, 655px\" \/><\/figure>\n\n\n\n<p>Am Aafang sin  mir mit eme  Raasemaaier und denn mit eme Eleggtroo-W\u00e4\u00e4geli d Route abgloffe. Ab em Joor 1977 h\u00e4n mir denn e Draktor mit eme richtige Fasnachts-Waage ka.<\/p>\n\n\n\n<p>Bedinggt durch Covid19\/Corona, sin mir im 2020, 2021 und sogar im 2022 (obwohl denn alli anderi h\u00e4n d\u00f6rfe Fasnacht mache) nach \u00f6ppe 45 joor wieder z&#8217;Fuess uf dr Route gsi!<br><br>Do kasch no mehr \u00fcber d <strong><a rel=\"noreferrer noopener\" href=\"https:\/\/raere-waggis.ch\/wordpress\/wp-content\/uploads\/2022\/02\/RAEREWAGGIS-GESCHICHTE-DILL-.pdf\" target=\"_blank\">Rhyhafe Strytzi<\/a><\/strong> und d <strong><a rel=\"noreferrer noopener\" href=\"https:\/\/raere-waggis.ch\/wordpress\/wp-content\/uploads\/2020\/01\/2017-03-05-orsini-50jahre-geschichte-raere.pdf\" target=\"_blank\">Rhy Ganove<\/a><\/strong> nochel\u00e4\u00e4se! Und um e kli p\u00e4dagogisch z&#8217;wiirgge, kasch no do \u00f6bis \u00fcber <a href=\"https:\/\/raere-waggis.ch\/wordpress\/index.php\/wissenswaerts\/ursprung-bidyttig\/\" data-type=\"page\" data-id=\"168\"><strong>dr<\/strong> <strong>Ursprung und d Bidyttig<\/strong><\/a> nochel\u00e4\u00e4se.<br><br>\u00dcbrigens: Schyynbaar h\u00e4n scho emol um 1925 (oder wenn au immer) e paar jungi Bursche mit ere Raere an dr Fasnacht welle mitmache! Das aber nit sehr erfolgryych, wie d\u00e4 H\u00e8lge vo unbekannter Quelle do unde belegt!<\/p>\n\n\n\n<figure class=\"wp-block-image is-resized\"><img loading=\"lazy\" decoding=\"async\" src=\"https:\/\/raere-waggis.ch\/wordpress\/wp-content\/uploads\/2020\/01\/ratschen_web1.jpg\" alt=\"\" class=\"wp-image-338\" width=\"639\" height=\"384\" srcset=\"https:\/\/raere-waggis.ch\/wordpress\/wp-content\/uploads\/2020\/01\/ratschen_web1.jpg 499w, https:\/\/raere-waggis.ch\/wordpress\/wp-content\/uploads\/2020\/01\/ratschen_web1-300x180.jpg 300w\" sizes=\"auto, (max-width: 639px) 100vw, 639px\" \/><\/figure>\n\n\n\n<p><br>Unser Sujet jedes Joor: <br><strong><em>Und die ganzi W\u00e4lt goht z&#8217;grund, <\/em><\/strong><br><strong><em>nur d Raere-Waggis bliiebe gsund!<\/em><\/strong><\/p>\n","protected":false},"excerpt":{"rendered":"<p>Es isch nit ganz klaar, ob mir us de Rhyhafe Strytzi und\/oder de Rhy Ganove entstande sin. Aber im 1967 h\u00e4n mir s erschte Mol als Raere Waggis am Cort\u00e8ge mitgmacht. Am Aafang sin mir mit eme Raasemaaier und denn mit eme Eleggtroo-W\u00e4\u00e4geli d Route abgloffe. Ab em Joor 1977 h\u00e4n mir denn e Draktor &hellip; <\/p>\n<p class=\"link-more\"><a href=\"https:\/\/raere-waggis.ch\/wordpress\/\" class=\"more-link\"><span class=\"screen-reader-text\">&#171;Mir stelle uns vor&#187;<\/span> weiterlesen<\/a><\/p>\n","protected":false},"author":1,"featured_media":0,"parent":0,"menu_order":0,"comment_status":"closed","ping_status":"closed","template":"","meta":{"footnotes":""},"class_list":["post-243","page","type-page","status-publish","hentry"],"_links":{"self":[{"href":"https:\/\/raere-waggis.ch\/wordpress\/index.php\/wp-json\/wp\/v2\/pages\/243","targetHints":{"allow":["GET"]}}],"collection":[{"href":"https:\/\/raere-waggis.ch\/wordpress\/index.php\/wp-json\/wp\/v2\/pages"}],"about":[{"href":"https:\/\/raere-waggis.ch\/wordpress\/index.php\/wp-json\/wp\/v2\/types\/page"}],"author":[{"embeddable":true,"href":"https:\/\/raere-waggis.ch\/wordpress\/index.php\/wp-json\/wp\/v2\/users\/1"}],"replies":[{"embeddable":true,"href":"https:\/\/raere-waggis.ch\/wordpress\/index.php\/wp-json\/wp\/v2\/comments?post=243"}],"version-history":[{"count":52,"href":"https:\/\/raere-waggis.ch\/wordpress\/index.php\/wp-json\/wp\/v2\/pages\/243\/revisions"}],"predecessor-version":[{"id":4742,"href":"https:\/\/raere-waggis.ch\/wordpress\/index.php\/wp-json\/wp\/v2\/pages\/243\/revisions\/4742"}],"wp:attachment":[{"href":"https:\/\/raere-waggis.ch\/wordpress\/index.php\/wp-json\/wp\/v2\/media?parent=243"}],"curies":[{"name":"wp","href":"https:\/\/api.w.org\/{rel}","templated":true}]}}

<hr class="wp-block-separator"/>



<p>Es isch nit ganz klaar, ob mir us de Rhyhafe Strytzi  und/oder de Rhy Ganove  entstande sin. Aber im 1967 hän mir s erschte Mol als Raere Waggis am Cortège mitgmacht. </p>



<figure class="wp-block-image size-large is-resized"><img loading="lazy" decoding="async" src="https://raere-waggis.ch/wordpress/wp-content/uploads/2020/01/rhyganove.jpg" alt="" class="wp-image-337" width="655" height="448" srcset="https://raere-waggis.ch/wordpress/wp-content/uploads/2020/01/rhyganove.jpg 393w, https://raere-waggis.ch/wordpress/wp-content/uploads/2020/01/rhyganove-300x205.jpg 300w" sizes="auto, (max-width: 655px) 100vw, 655px" /></figure>



<p>Am Aafang sin  mir mit eme  Raasemaaier und denn mit eme Eleggtroo-Wäägeli d Route abgloffe. Ab em Joor 1977 hän mir denn e Draktor mit eme richtige Fasnachts-Waage ka.</p>



<p>Bedinggt durch Covid19/Corona, sin mir im 2020, 2021 und sogar im 2022 (obwohl denn alli anderi hän dörfe Fasnacht mache) nach öppe 45 joor wieder z&#8217;Fuess uf dr Route gsi!<br><br>Do kasch no mehr über d <strong><a rel="noreferrer noopener" href="https://raere-waggis.ch/wordpress/wp-content/uploads/2022/02/RAEREWAGGIS-GESCHICHTE-DILL-.pdf" target="_blank">Rhyhafe Strytzi</a></strong> und d <strong><a rel="noreferrer noopener" href="https://raere-waggis.ch/wordpress/wp-content/uploads/2020/01/2017-03-05-orsini-50jahre-geschichte-raere.pdf" target="_blank">Rhy Ganove</a></strong> nochelääse! Und um e kli pädagogisch z&#8217;wiirgge, kasch no do öbis über <a href="https://raere-waggis.ch/wordpress/index.php/wissenswaerts/ursprung-bidyttig/" data-type="page" data-id="168"><strong>dr</strong> <strong>Ursprung und d Bidyttig</strong></a> nochelääse.<br><br>Übrigens: Schyynbaar hän scho emol um 1925 (oder wenn au immer) e paar jungi Bursche mit ere Raere an dr Fasnacht welle mitmache! Das aber nit sehr erfolgryych, wie dä Hèlge vo unbekannter Quelle do unde belegt!</p>



<figure class="wp-block-image is-resized"><img loading="lazy" decoding="async" src="https://raere-waggis.ch/wordpress/wp-content/uploads/2020/01/ratschen_web1.jpg" alt="" class="wp-image-338" width="639" height="384" srcset="https://raere-waggis.ch/wordpress/wp-content/uploads/2020/01/ratschen_web1.jpg 499w, https://raere-waggis.ch/wordpress/wp-content/uploads/2020/01/ratschen_web1-300x180.jpg 300w" sizes="auto, (max-width: 639px) 100vw, 639px" /></figure>



<p><br>Unser Sujet jedes Joor: <br><strong><em>Und die ganzi Wält goht z&#8217;grund, </em></strong><br><strong><em>nur d Raere-Waggis bliiebe gsund!</em></strong></p>

<p>Es isch nit ganz klaar, ob mir us de Rhyhafe Strytzi und/oder de Rhy Ganove entstande sin. Aber im 1967 hän mir s erschte Mol als Raere Waggis am Cortège mitgmacht. Am Aafang sin mir mit eme Raasemaaier und denn mit eme Eleggtroo-Wäägeli d Route abgloffe. Ab em Joor 1977 hän mir denn e Draktor &hellip; </p>
<p class="link-more"><a href="https://raere-waggis.ch/wordpress/" class="more-link"><span class="screen-reader-text">&#171;Mir stelle uns vor&#187;</span> weiterlesen</a></p>
