{"id":2987,"date":"2022-01-23T20:12:57","date_gmt":"2022-01-23T19:12:57","guid":{"rendered":"https:\/\/raere-waggis.ch\/wordpress\/?page_id=2987"},"modified":"2022-01-27T19:07:19","modified_gmt":"2022-01-27T18:07:19","slug":"film-vo-1967-bis-2007","status":"publish","type":"page","link":"https:\/\/raere-waggis.ch\/wordpress\/index.php\/gniggstaarloosche\/film-vo-1967-bis-2007\/","title":{"rendered":"Film vo 1967 bis 2007"},"content":{"rendered":"<div class=\"breadcrumbs align  wp-block-bcn-breadcrumb-trail has-text-color has-background\" vocab=\"https:\/\/schema.org\/\" typeof=\"BreadcrumbList\">\n\t<span><\/span>\n\t<\/div>\n\n\n\n<p><\/p>\n\n\n\n<h3 class=\"wp-block-heading\" id=\"s-beschte-vo-40-joor-e-foti-gallerie\"><strong>S Beschte vo 40 Joor &#8211; E Foti Gallerie<\/strong><\/h3>\n\n\n\n<figure class=\"wp-block-embed is-type-video is-provider-youtube wp-block-embed-youtube wp-embed-aspect-4-3 wp-has-aspect-ratio\"><div class=\"wp-block-embed__wrapper\">\n<iframe loading=\"lazy\" title=\"1967 best of film 40joor fotene\" width=\"525\" height=\"394\" src=\"https:\/\/www.youtube.com\/embed\/K8cYD7lO1mo?feature=oembed\" frameborder=\"0\" allow=\"accelerometer; autoplay; clipboard-write; encrypted-media; gyroscope; picture-in-picture; web-share\" referrerpolicy=\"strict-origin-when-cross-origin\" allowfullscreen><\/iframe>\n<\/div><\/figure>\n\n\n\n<h3 class=\"wp-block-heading\" id=\"10-meerz-1976-cortege-maantig\"><strong>10. Meerz 1976 &#8211; Cort\u00e8ge M\u00e4\u00e4ntig<\/strong><\/h3>\n\n\n\n<figure class=\"wp-block-embed is-type-video is-provider-youtube wp-block-embed-youtube wp-embed-aspect-4-3 wp-has-aspect-ratio\"><div class=\"wp-block-embed__wrapper\">\n<iframe loading=\"lazy\" title=\"1976 03 10 film cortege\" width=\"525\" height=\"394\" src=\"https:\/\/www.youtube.com\/embed\/c86TMd3IDR8?feature=oembed\" frameborder=\"0\" allow=\"accelerometer; autoplay; clipboard-write; encrypted-media; gyroscope; picture-in-picture; web-share\" referrerpolicy=\"strict-origin-when-cross-origin\" allowfullscreen><\/iframe>\n<\/div><\/figure>\n\n\n\n<h3 class=\"wp-block-heading\" id=\"7-meerz-2006-binggis-im-telebasel\"><strong>7. Meerz 2006 &#8211; Binggis im Telebasel<\/strong><\/h3>\n\n\n\n<figure class=\"wp-block-embed is-type-video is-provider-youtube wp-block-embed-youtube wp-embed-aspect-4-3 wp-has-aspect-ratio\"><div class=\"wp-block-embed__wrapper\">\n<iframe loading=\"lazy\" title=\"2006 03 07 film binggis telebasel\" width=\"525\" height=\"394\" src=\"https:\/\/www.youtube.com\/embed\/NOMOxPMSwmY?feature=oembed\" frameborder=\"0\" allow=\"accelerometer; autoplay; clipboard-write; encrypted-media; gyroscope; picture-in-picture; web-share\" referrerpolicy=\"strict-origin-when-cross-origin\" allowfullscreen><\/iframe>\n<\/div><\/figure>\n\n\n\n<h3 class=\"wp-block-heading\" id=\"8-meerz-2006-cortege-mittwuch-im-tele-nw1\"><strong>8. Meerz 2006 &#8211; Cort\u00e8ge Mittwuch im Tele NW1<\/strong><\/h3>\n\n\n\n<figure class=\"wp-block-embed is-type-video is-provider-youtube wp-block-embed-youtube wp-embed-aspect-4-3 wp-has-aspect-ratio\"><div class=\"wp-block-embed__wrapper\">\n<iframe loading=\"lazy\" title=\"2006 03 08 film cortege tele nw1\" width=\"525\" height=\"394\" src=\"https:\/\/www.youtube.com\/embed\/UGoyvUeo3aI?feature=oembed\" frameborder=\"0\" allow=\"accelerometer; autoplay; clipboard-write; encrypted-media; gyroscope; picture-in-picture; web-share\" referrerpolicy=\"strict-origin-when-cross-origin\" allowfullscreen><\/iframe>\n<\/div><\/figure>\n\n\n\n<h3 class=\"wp-block-heading\" id=\"2007-e-querschnitt-vo-de-3-fasnachts-daag\"><strong>2007 &#8211; E Querschnitt vo de 3 Fasnachts D\u00e4\u00e4g<\/strong><\/h3>\n\n\n\n<figure class=\"wp-block-embed is-type-video is-provider-youtube wp-block-embed-youtube wp-embed-aspect-4-3 wp-has-aspect-ratio\"><div class=\"wp-block-embed__wrapper\">\n<iframe loading=\"lazy\" title=\"2007 film MO DI MI\" width=\"525\" height=\"394\" src=\"https:\/\/www.youtube.com\/embed\/d0PCOlzxQ-s?feature=oembed\" frameborder=\"0\" allow=\"accelerometer; autoplay; clipboard-write; encrypted-media; gyroscope; picture-in-picture; web-share\" referrerpolicy=\"strict-origin-when-cross-origin\" allowfullscreen><\/iframe>\n<\/div><\/figure>\n","protected":false},"excerpt":{"rendered":"<p>S Beschte vo 40 Joor &#8211; E Foti Gallerie 10. Meerz 1976 &#8211; Cort\u00e8ge M\u00e4\u00e4ntig 7. Meerz 2006 &#8211; Binggis im Telebasel 8. Meerz 2006 &#8211; Cort\u00e8ge Mittwuch im Tele NW1 2007 &#8211; E Querschnitt vo de 3 Fasnachts D\u00e4\u00e4g<\/p>\n","protected":false},"author":1,"featured_media":0,"parent":3074,"menu_order":0,"comment_status":"closed","ping_status":"closed","template":"","meta":{"footnotes":""},"class_list":["post-2987","page","type-page","status-publish","hentry"],"_links":{"self":[{"href":"https:\/\/raere-waggis.ch\/wordpress\/index.php\/wp-json\/wp\/v2\/pages\/2987","targetHints":{"allow":["GET"]}}],"collection":[{"href":"https:\/\/raere-waggis.ch\/wordpress\/index.php\/wp-json\/wp\/v2\/pages"}],"about":[{"href":"https:\/\/raere-waggis.ch\/wordpress\/index.php\/wp-json\/wp\/v2\/types\/page"}],"author":[{"embeddable":true,"href":"https:\/\/raere-waggis.ch\/wordpress\/index.php\/wp-json\/wp\/v2\/users\/1"}],"replies":[{"embeddable":true,"href":"https:\/\/raere-waggis.ch\/wordpress\/index.php\/wp-json\/wp\/v2\/comments?post=2987"}],"version-history":[{"count":12,"href":"https:\/\/raere-waggis.ch\/wordpress\/index.php\/wp-json\/wp\/v2\/pages\/2987\/revisions"}],"predecessor-version":[{"id":3080,"href":"https:\/\/raere-waggis.ch\/wordpress\/index.php\/wp-json\/wp\/v2\/pages\/2987\/revisions\/3080"}],"up":[{"embeddable":true,"href":"https:\/\/raere-waggis.ch\/wordpress\/index.php\/wp-json\/wp\/v2\/pages\/3074"}],"wp:attachment":[{"href":"https:\/\/raere-waggis.ch\/wordpress\/index.php\/wp-json\/wp\/v2\/media?parent=2987"}],"curies":[{"name":"wp","href":"https:\/\/api.w.org\/{rel}","templated":true}]}}

<div class="breadcrumbs align  wp-block-bcn-breadcrumb-trail has-text-color has-background" vocab="https://schema.org/" typeof="BreadcrumbList">
	<span></span>
	</div>



<p></p>



<h3 class="wp-block-heading" id="s-beschte-vo-40-joor-e-foti-gallerie"><strong>S Beschte vo 40 Joor &#8211; E Foti Gallerie</strong></h3>



<figure class="wp-block-embed is-type-video is-provider-youtube wp-block-embed-youtube wp-embed-aspect-4-3 wp-has-aspect-ratio"><div class="wp-block-embed__wrapper">
<iframe loading="lazy" title="1967 best of film 40joor fotene" width="525" height="394" src="https://www.youtube.com/embed/K8cYD7lO1mo?feature=oembed" frameborder="0" allow="accelerometer; autoplay; clipboard-write; encrypted-media; gyroscope; picture-in-picture; web-share" referrerpolicy="strict-origin-when-cross-origin" allowfullscreen></iframe>
</div></figure>



<h3 class="wp-block-heading" id="10-meerz-1976-cortege-maantig"><strong>10. Meerz 1976 &#8211; Cortège Määntig</strong></h3>



<figure class="wp-block-embed is-type-video is-provider-youtube wp-block-embed-youtube wp-embed-aspect-4-3 wp-has-aspect-ratio"><div class="wp-block-embed__wrapper">
<iframe loading="lazy" title="1976 03 10 film cortege" width="525" height="394" src="https://www.youtube.com/embed/c86TMd3IDR8?feature=oembed" frameborder="0" allow="accelerometer; autoplay; clipboard-write; encrypted-media; gyroscope; picture-in-picture; web-share" referrerpolicy="strict-origin-when-cross-origin" allowfullscreen></iframe>
</div></figure>



<h3 class="wp-block-heading" id="7-meerz-2006-binggis-im-telebasel"><strong>7. Meerz 2006 &#8211; Binggis im Telebasel</strong></h3>



<figure class="wp-block-embed is-type-video is-provider-youtube wp-block-embed-youtube wp-embed-aspect-4-3 wp-has-aspect-ratio"><div class="wp-block-embed__wrapper">
<iframe loading="lazy" title="2006 03 07 film binggis telebasel" width="525" height="394" src="https://www.youtube.com/embed/NOMOxPMSwmY?feature=oembed" frameborder="0" allow="accelerometer; autoplay; clipboard-write; encrypted-media; gyroscope; picture-in-picture; web-share" referrerpolicy="strict-origin-when-cross-origin" allowfullscreen></iframe>
</div></figure>



<h3 class="wp-block-heading" id="8-meerz-2006-cortege-mittwuch-im-tele-nw1"><strong>8. Meerz 2006 &#8211; Cortège Mittwuch im Tele NW1</strong></h3>



<figure class="wp-block-embed is-type-video is-provider-youtube wp-block-embed-youtube wp-embed-aspect-4-3 wp-has-aspect-ratio"><div class="wp-block-embed__wrapper">
<iframe loading="lazy" title="2006 03 08 film cortege tele nw1" width="525" height="394" src="https://www.youtube.com/embed/UGoyvUeo3aI?feature=oembed" frameborder="0" allow="accelerometer; autoplay; clipboard-write; encrypted-media; gyroscope; picture-in-picture; web-share" referrerpolicy="strict-origin-when-cross-origin" allowfullscreen></iframe>
</div></figure>



<h3 class="wp-block-heading" id="2007-e-querschnitt-vo-de-3-fasnachts-daag"><strong>2007 &#8211; E Querschnitt vo de 3 Fasnachts Dääg</strong></h3>



<figure class="wp-block-embed is-type-video is-provider-youtube wp-block-embed-youtube wp-embed-aspect-4-3 wp-has-aspect-ratio"><div class="wp-block-embed__wrapper">
<iframe loading="lazy" title="2007 film MO DI MI" width="525" height="394" src="https://www.youtube.com/embed/d0PCOlzxQ-s?feature=oembed" frameborder="0" allow="accelerometer; autoplay; clipboard-write; encrypted-media; gyroscope; picture-in-picture; web-share" referrerpolicy="strict-origin-when-cross-origin" allowfullscreen></iframe>
</div></figure>

<p>S Beschte vo 40 Joor &#8211; E Foti Gallerie 10. Meerz 1976 &#8211; Cortège Määntig 7. Meerz 2006 &#8211; Binggis im Telebasel 8. Meerz 2006 &#8211; Cortège Mittwuch im Tele NW1 2007 &#8211; E Querschnitt vo de 3 Fasnachts Dääg</p>
