{"id":429,"date":"2020-03-14T19:19:41","date_gmt":"2020-03-14T18:19:41","guid":{"rendered":"http:\/\/raere-waggis.ch\/wordpress\/?page_id=429"},"modified":"2022-03-02T18:47:05","modified_gmt":"2022-03-02T17:47:05","slug":"fasnacht-2018","status":"publish","type":"page","link":"https:\/\/raere-waggis.ch\/wordpress\/index.php\/helge\/fasnacht-2018\/","title":{"rendered":"Fasnacht 2018"},"content":{"rendered":"<div class=\"breadcrumbs align  wp-block-bcn-breadcrumb-trail has-text-color has-background\" vocab=\"https:\/\/schema.org\/\" typeof=\"BreadcrumbList\">\n\t<span><\/span>\n\t<\/div>\n\n\n\n<p><\/p>\n\n\n\n<div class=\"wp-block-group\"><div class=\"wp-block-group__inner-container is-layout-flow wp-block-group-is-layout-flow\">\n<div class=\"wp-block-media-text alignwide is-stacked-on-mobile is-vertically-aligned-center\" style=\"grid-template-columns:44% auto\"><figure class=\"wp-block-media-text__media\"><a href=\"https:\/\/raere-waggis.ch\/wordpress\/wp-content\/uploads\/2022\/02\/2018-blaggedde-1.jpg\"><img loading=\"lazy\" decoding=\"async\" width=\"1024\" height=\"768\" src=\"https:\/\/raere-waggis.ch\/wordpress\/wp-content\/uploads\/2022\/02\/2018-blaggedde-1-1024x768.jpg\" alt=\"\" class=\"wp-image-4385 size-full\" srcset=\"https:\/\/raere-waggis.ch\/wordpress\/wp-content\/uploads\/2022\/02\/2018-blaggedde-1-1024x768.jpg 1024w, https:\/\/raere-waggis.ch\/wordpress\/wp-content\/uploads\/2022\/02\/2018-blaggedde-1-300x225.jpg 300w, https:\/\/raere-waggis.ch\/wordpress\/wp-content\/uploads\/2022\/02\/2018-blaggedde-1-768x576.jpg 768w, https:\/\/raere-waggis.ch\/wordpress\/wp-content\/uploads\/2022\/02\/2018-blaggedde-1-1536x1152.jpg 1536w, https:\/\/raere-waggis.ch\/wordpress\/wp-content\/uploads\/2022\/02\/2018-blaggedde-1.jpg 1788w\" sizes=\"auto, (max-width: 767px) 89vw, (max-width: 1000px) 54vw, (max-width: 1071px) 543px, 580px\" \/><\/a><\/figure><div class=\"wp-block-media-text__content\">\n<p><strong>Unseri H\u00e8lge vo dr Fasnacht 2018<\/strong><\/p>\n\n\n\n<ul class=\"wp-block-list\"><li><a href=\"https:\/\/raere-waggis.ch\/wordpress\/index.php\/vergangenes\/fasnacht-2018\/waagebau-2018\/\" data-type=\"page\" data-id=\"641\">Waagebau<\/a><\/li><li><a href=\"https:\/\/raere-waggis.ch\/wordpress\/index.php\/vergangenes\/fasnacht-2018\/dauffi-2018\/\" data-type=\"page\" data-id=\"638\">Dauffi<\/a><\/li><li><a href=\"https:\/\/raere-waggis.ch\/wordpress\/index.php\/vergangenes\/fasnacht-2018\/maentig-2018\/\" data-type=\"page\" data-id=\"639\">M\u00e4\u00e4ntig<\/a><\/li><li><a href=\"https:\/\/raere-waggis.ch\/wordpress\/index.php\/vergangenes\/fasnacht-2018\/binggis-2018\/\" data-type=\"page\" data-id=\"1037\">Binggis<\/a><\/li><li><a href=\"https:\/\/raere-waggis.ch\/wordpress\/index.php\/vergangenes\/fasnacht-2018\/mittwuch-2018\/\" data-type=\"page\" data-id=\"640\">Mittwuch<\/a><\/li><li><a href=\"https:\/\/raere-waggis.ch\/wordpress\/index.php\/vergangenes\/fasnacht-2018\/bummel-2018\/\" data-type=\"page\" data-id=\"637\">Bummel<\/a><\/li><\/ul>\n<\/div><\/div>\n<\/div><\/div>\n\n\n\n<p><\/p>\n\n\n\n<p><strong>Unser Sujet<\/strong><br>&#171;Mir gseen root!&#187;<br><br><strong>Unsere Sujet V\u00e4rs<\/strong><br>Eb dr Wessels richtig stoot, gseesch wenn s roote Liecht aagoot<br>Dr Hampe sait ze synere gliebte Frau,<br>Schatz, mir konschdruiere jetz e Stau<br>\u00c4r d\u00e4nggt, das isch famoos, d Auti steen jetz uff dr Strooss<br>Root, nit grieh, dass isch s Brogramm, jetzt iiberholt di au no s Dram<br>Mir gseen iiberall root, es isch e Fluech,<br>gli stoosch biraits in Sch\u00f6nebuech<br>Als Autifahrer, gib guet acht, dass kein in di yyne gracht<br>Ziigig faare, das isch Gschicht, faarsch bi root, denn kunnsch vor Gricht<br>Dr Verkeersclub Schwyz, d\u00e4 jubiliert,<br>z&#8217;Basel wirdsch im Auti scho kaschtriert<br>Und d Moraal vo d\u00e4m Raim, am allerbeschte blybsch dehaim<br>Und kunnt kai Auti, s isch verruggt, geen d L\u00e4\u00e4de in d\u00e4re Stadt kaputt<br><br><strong>Unsere Vordraab:<\/strong><br>S Dr\u00e4mli br\u00e4mst is us!<br><br><strong>Unsere Waage<\/strong><br>Auti, wo im Stau steen!<\/p>\n\n\n\n<p><strong>Comit\u00e9 Sujet<\/strong><br>&#171;D Boscht goot ab!&#187;<\/p>\n\n\n\n<p><strong>Dr Blaggedde V\u00e4rs vom Fasnachts-Comit\u00e9<\/strong><br>D Boscht goot ab saisch du ganz froo.<br>Isch das wirgglig no esoo?<br>Schiggsch e Briefli A-Boscht ab,<br>machts grad iber Nacht scho schlapp.<br>Druurig gseet das Briefli root<br>und kunnt bald als B-Boscht z spoot.<br>Oft duet hit das Gschichtli stimme.<br>Also bruuchsch au d Hauptboscht nimme.<br>S Motto vo dr Boscht isch knapp<br>hitte nur no: D Boscht baut ab.<br><br>Dert in Seoul lauft d Prozeduur.<br>Jetz isch d Fasnacht W\u00e4ltkultuur.<br>S SMS griegsch du in d Woonig,<br>denn per Boscht h\u00e4ttschs hitte noonig.<br><br>Und halt doch uf Schritt und Tritt<br>goot die Boscht no mit uns mit.<br>Klopft dy H\u00e4rz, no goot nyt schief,<br>wenn de schiggsch e Liebesbrief.<br>Wie kaasch du d\u00e4 Brief no toppe?<br>Mit dr Fasnachtsenveloppe.<br>Sch\u00e4ngg dym Schatz drum die adrette<br>wunderbare Boscht-Blaggedde,<br>woon en Ueli pfyffe duet.<br>Au e Bajass drummlet guet.<br>Und e Harlekin fillt d Lugge.<br>Daas Joor spilt do au e Gugge.<br>S Couvert isch e Fasnachtst\u00e4mpel<br>und s het no dr richtig St\u00e4mpel.<br>Kupfrig, silbrig kaaschs verschigge.<br>Gold und Bijou sinn die digge.<br><br>Ritze, gratze und au s\u00e4\u00e4ge.<br>Soo ka nur dr M\u00fcller pr\u00e4\u00e4ge.<br>S Kunschtw\u00e4rgg gmacht het d Clelia Zoller.<br>Isch \u00e4cht ai Blaggedde toller?<br>D Boscht goot ab, kaasch numme saage,<br>wenn de alli vier duesch draage.<br><br>Soo goot d Boscht ab und no mee<br>sait eich s Fasnachts-Comit\u00e9.<\/p>\n\n\n\n<p><\/p>\n","protected":false},"excerpt":{"rendered":"<p>Unseri H\u00e8lge vo dr Fasnacht 2018 Waagebau Dauffi M\u00e4\u00e4ntig Binggis Mittwuch Bummel Unser Sujet&#171;Mir gseen root!&#187; Unsere Sujet V\u00e4rsEb dr Wessels richtig stoot, gseesch wenn s roote Liecht aagootDr Hampe sait ze synere gliebte Frau,Schatz, mir konschdruiere jetz e Stau\u00c4r d\u00e4nggt, das isch famoos, d Auti steen jetz uff dr StroossRoot, nit grieh, dass isch &hellip; <\/p>\n<p class=\"link-more\"><a href=\"https:\/\/raere-waggis.ch\/wordpress\/index.php\/helge\/fasnacht-2018\/\" class=\"more-link\"><span class=\"screen-reader-text\">&#171;Fasnacht 2018&#187;<\/span> weiterlesen<\/a><\/p>\n","protected":false},"author":1,"featured_media":0,"parent":136,"menu_order":0,"comment_status":"closed","ping_status":"closed","template":"","meta":{"footnotes":""},"class_list":["post-429","page","type-page","status-publish","hentry"],"_links":{"self":[{"href":"https:\/\/raere-waggis.ch\/wordpress\/index.php\/wp-json\/wp\/v2\/pages\/429","targetHints":{"allow":["GET"]}}],"collection":[{"href":"https:\/\/raere-waggis.ch\/wordpress\/index.php\/wp-json\/wp\/v2\/pages"}],"about":[{"href":"https:\/\/raere-waggis.ch\/wordpress\/index.php\/wp-json\/wp\/v2\/types\/page"}],"author":[{"embeddable":true,"href":"https:\/\/raere-waggis.ch\/wordpress\/index.php\/wp-json\/wp\/v2\/users\/1"}],"replies":[{"embeddable":true,"href":"https:\/\/raere-waggis.ch\/wordpress\/index.php\/wp-json\/wp\/v2\/comments?post=429"}],"version-history":[{"count":17,"href":"https:\/\/raere-waggis.ch\/wordpress\/index.php\/wp-json\/wp\/v2\/pages\/429\/revisions"}],"predecessor-version":[{"id":4818,"href":"https:\/\/raere-waggis.ch\/wordpress\/index.php\/wp-json\/wp\/v2\/pages\/429\/revisions\/4818"}],"up":[{"embeddable":true,"href":"https:\/\/raere-waggis.ch\/wordpress\/index.php\/wp-json\/wp\/v2\/pages\/136"}],"wp:attachment":[{"href":"https:\/\/raere-waggis.ch\/wordpress\/index.php\/wp-json\/wp\/v2\/media?parent=429"}],"curies":[{"name":"wp","href":"https:\/\/api.w.org\/{rel}","templated":true}]}}

<div class="breadcrumbs align  wp-block-bcn-breadcrumb-trail has-text-color has-background" vocab="https://schema.org/" typeof="BreadcrumbList">
	<span></span>
	</div>



<p></p>



<div class="wp-block-group"><div class="wp-block-group__inner-container is-layout-flow wp-block-group-is-layout-flow">
<div class="wp-block-media-text alignwide is-stacked-on-mobile is-vertically-aligned-center" style="grid-template-columns:44% auto"><figure class="wp-block-media-text__media"><a href="https://raere-waggis.ch/wordpress/wp-content/uploads/2022/02/2018-blaggedde-1.jpg"><img loading="lazy" decoding="async" width="1024" height="768" src="https://raere-waggis.ch/wordpress/wp-content/uploads/2022/02/2018-blaggedde-1-1024x768.jpg" alt="" class="wp-image-4385 size-full" srcset="https://raere-waggis.ch/wordpress/wp-content/uploads/2022/02/2018-blaggedde-1-1024x768.jpg 1024w, https://raere-waggis.ch/wordpress/wp-content/uploads/2022/02/2018-blaggedde-1-300x225.jpg 300w, https://raere-waggis.ch/wordpress/wp-content/uploads/2022/02/2018-blaggedde-1-768x576.jpg 768w, https://raere-waggis.ch/wordpress/wp-content/uploads/2022/02/2018-blaggedde-1-1536x1152.jpg 1536w, https://raere-waggis.ch/wordpress/wp-content/uploads/2022/02/2018-blaggedde-1.jpg 1788w" sizes="auto, (max-width: 767px) 89vw, (max-width: 1000px) 54vw, (max-width: 1071px) 543px, 580px" /></a></figure><div class="wp-block-media-text__content">
<p><strong>Unseri Hèlge vo dr Fasnacht 2018</strong></p>



<ul class="wp-block-list"><li><a href="https://raere-waggis.ch/wordpress/index.php/vergangenes/fasnacht-2018/waagebau-2018/" data-type="page" data-id="641">Waagebau</a></li><li><a href="https://raere-waggis.ch/wordpress/index.php/vergangenes/fasnacht-2018/dauffi-2018/" data-type="page" data-id="638">Dauffi</a></li><li><a href="https://raere-waggis.ch/wordpress/index.php/vergangenes/fasnacht-2018/maentig-2018/" data-type="page" data-id="639">Määntig</a></li><li><a href="https://raere-waggis.ch/wordpress/index.php/vergangenes/fasnacht-2018/binggis-2018/" data-type="page" data-id="1037">Binggis</a></li><li><a href="https://raere-waggis.ch/wordpress/index.php/vergangenes/fasnacht-2018/mittwuch-2018/" data-type="page" data-id="640">Mittwuch</a></li><li><a href="https://raere-waggis.ch/wordpress/index.php/vergangenes/fasnacht-2018/bummel-2018/" data-type="page" data-id="637">Bummel</a></li></ul>
</div></div>
</div></div>



<p></p>



<p><strong>Unser Sujet</strong><br>&#171;Mir gseen root!&#187;<br><br><strong>Unsere Sujet Värs</strong><br>Eb dr Wessels richtig stoot, gseesch wenn s roote Liecht aagoot<br>Dr Hampe sait ze synere gliebte Frau,<br>Schatz, mir konschdruiere jetz e Stau<br>Är dänggt, das isch famoos, d Auti steen jetz uff dr Strooss<br>Root, nit grieh, dass isch s Brogramm, jetzt iiberholt di au no s Dram<br>Mir gseen iiberall root, es isch e Fluech,<br>gli stoosch biraits in Schönebuech<br>Als Autifahrer, gib guet acht, dass kein in di yyne gracht<br>Ziigig faare, das isch Gschicht, faarsch bi root, denn kunnsch vor Gricht<br>Dr Verkeersclub Schwyz, dä jubiliert,<br>z&#8217;Basel wirdsch im Auti scho kaschtriert<br>Und d Moraal vo däm Raim, am allerbeschte blybsch dehaim<br>Und kunnt kai Auti, s isch verruggt, geen d Lääde in däre Stadt kaputt<br><br><strong>Unsere Vordraab:</strong><br>S Drämli brämst is us!<br><br><strong>Unsere Waage</strong><br>Auti, wo im Stau steen!</p>



<p><strong>Comité Sujet</strong><br>&#171;D Boscht goot ab!&#187;</p>



<p><strong>Dr Blaggedde Värs vom Fasnachts-Comité</strong><br>D Boscht goot ab saisch du ganz froo.<br>Isch das wirgglig no esoo?<br>Schiggsch e Briefli A-Boscht ab,<br>machts grad iber Nacht scho schlapp.<br>Druurig gseet das Briefli root<br>und kunnt bald als B-Boscht z spoot.<br>Oft duet hit das Gschichtli stimme.<br>Also bruuchsch au d Hauptboscht nimme.<br>S Motto vo dr Boscht isch knapp<br>hitte nur no: D Boscht baut ab.<br><br>Dert in Seoul lauft d Prozeduur.<br>Jetz isch d Fasnacht Wältkultuur.<br>S SMS griegsch du in d Woonig,<br>denn per Boscht hättschs hitte noonig.<br><br>Und halt doch uf Schritt und Tritt<br>goot die Boscht no mit uns mit.<br>Klopft dy Härz, no goot nyt schief,<br>wenn de schiggsch e Liebesbrief.<br>Wie kaasch du dä Brief no toppe?<br>Mit dr Fasnachtsenveloppe.<br>Schängg dym Schatz drum die adrette<br>wunderbare Boscht-Blaggedde,<br>woon en Ueli pfyffe duet.<br>Au e Bajass drummlet guet.<br>Und e Harlekin fillt d Lugge.<br>Daas Joor spilt do au e Gugge.<br>S Couvert isch e Fasnachtstämpel<br>und s het no dr richtig Stämpel.<br>Kupfrig, silbrig kaaschs verschigge.<br>Gold und Bijou sinn die digge.<br><br>Ritze, gratze und au sääge.<br>Soo ka nur dr Müller prääge.<br>S Kunschtwärgg gmacht het d Clelia Zoller.<br>Isch ächt ai Blaggedde toller?<br>D Boscht goot ab, kaasch numme saage,<br>wenn de alli vier duesch draage.<br><br>Soo goot d Boscht ab und no mee<br>sait eich s Fasnachts-Comité.</p>



<p></p>

<p>Unseri Hèlge vo dr Fasnacht 2018 Waagebau Dauffi Määntig Binggis Mittwuch Bummel Unser Sujet&#171;Mir gseen root!&#187; Unsere Sujet VärsEb dr Wessels richtig stoot, gseesch wenn s roote Liecht aagootDr Hampe sait ze synere gliebte Frau,Schatz, mir konschdruiere jetz e StauÄr dänggt, das isch famoos, d Auti steen jetz uff dr StroossRoot, nit grieh, dass isch &hellip; </p>
<p class="link-more"><a href="https://raere-waggis.ch/wordpress/index.php/helge/fasnacht-2018/" class="more-link"><span class="screen-reader-text">&#171;Fasnacht 2018&#187;</span> weiterlesen</a></p>
