{"id":4317,"date":"2022-02-03T21:00:35","date_gmt":"2022-02-03T20:00:35","guid":{"rendered":"https:\/\/raere-waggis.ch\/wordpress\/?page_id=4317"},"modified":"2022-03-06T20:39:11","modified_gmt":"2022-03-06T19:39:11","slug":"fasnacht-2021","status":"publish","type":"page","link":"https:\/\/raere-waggis.ch\/wordpress\/index.php\/helge\/fasnacht-2021\/","title":{"rendered":"Fasnacht 2021"},"content":{"rendered":"<div class=\"breadcrumbs align  wp-block-bcn-breadcrumb-trail has-text-color has-background\" vocab=\"https:\/\/schema.org\/\" typeof=\"BreadcrumbList\">\n\t<span><\/span>\n\t<\/div>\n\n\n\n<p><\/p>\n\n\n\n<figure class=\"wp-block-image size-large is-resized\"><a href=\"https:\/\/raere-waggis.ch\/wordpress\/wp-content\/uploads\/2022\/02\/2021-blaggedde-1-scaled.jpg\"><img loading=\"lazy\" decoding=\"async\" src=\"https:\/\/raere-waggis.ch\/wordpress\/wp-content\/uploads\/2022\/02\/2021-blaggedde-1-737x1024.jpg\" alt=\"\" class=\"wp-image-4379\" width=\"277\" height=\"385\" srcset=\"https:\/\/raere-waggis.ch\/wordpress\/wp-content\/uploads\/2022\/02\/2021-blaggedde-1-737x1024.jpg 737w, https:\/\/raere-waggis.ch\/wordpress\/wp-content\/uploads\/2022\/02\/2021-blaggedde-1-216x300.jpg 216w, https:\/\/raere-waggis.ch\/wordpress\/wp-content\/uploads\/2022\/02\/2021-blaggedde-1-768x1067.jpg 768w, https:\/\/raere-waggis.ch\/wordpress\/wp-content\/uploads\/2022\/02\/2021-blaggedde-1-1106x1536.jpg 1106w, https:\/\/raere-waggis.ch\/wordpress\/wp-content\/uploads\/2022\/02\/2021-blaggedde-1-1475x2048.jpg 1475w, https:\/\/raere-waggis.ch\/wordpress\/wp-content\/uploads\/2022\/02\/2021-blaggedde-1-scaled.jpg 1843w\" sizes=\"auto, (max-width: 277px) 100vw, 277px\" \/><\/a><\/figure>\n\n\n\n<p><strong>Unser Sujet<\/strong><br>Es git im 2021 kei Fasnacht. <br>Dorum h\u00e4n mir kei Sujet und es git keini H\u00e8lge!<br><br><strong>Do aber no e V\u00e4rs vom<strong> Urheeber <\/strong>Gilbert H.:<br><\/strong>Es isch e truurigs Spiil<br>Doch mir Raere Waggis, n\u00e4mes mit Styyl<br>Ich weiss bald nym syt wen ich derbi bi, bi de Raere<br>Aber sicher bin i, as si bald syt drei Joor nit duet raere, unseri Raere<br>Mir f\u00e4\u00e4lt d&#8217;r Ramba Zamba uf em Wage uns d R\u00e4ppli umeschmeisse,<br>Und mit Euch durch d Gasse umezieh, es isch eifach schei&#8230;<br>s&#8216; Schnitzelbangg Comit\u00e9 fyrt si Jubil\u00e4um zum hunderschte Joor<br>Und das ohni Fasnacht, es isch halt leider truurig, aber woor.<br>Deshalb do e paar usgw\u00e4\u00e4lti Zeedel us dr Vergangeheit zum L\u00e4se<br>As De in Diine vier W\u00e4nd nit ganz duesch verj\u00e4sse<br>As Du und Diini Lyt k\u00f6nnet e bitz Lache und Sinniere<br>Und \u00fcber Ereignis us dr Vergangeheit Parliere<br>Unseri Raere Waggis Familie het e tolle Z\u00e4mehalt<br>Dorum bliebt d&#8217;r Brogle au bis zur n\u00e4gschte Fasnacht, aktiv halt<br>So jetzt w\u00fcnsch ich Euch Raere viel Geduld dehaime<br>Und loo Euch jetzt vo d&#8217;r n\u00e4gschte Fasnacht draime.<\/p>\n\n\n\n<p><strong>Comit\u00e9 Sujet<\/strong><br>\u00abAinew\u00e4g\u00bb<br><br><strong>Dr Blaggedde V\u00e4rs vom Fasnachts-Comit\u00e9<\/strong><br>D\u00e4\u00e4glig rysst me d Blettli ab.<br>M\u00e4nggmool w\u00e4rde d Rolle knapp.<br>Doodrvoor h\u00e4nn d Schwyzer gwiss<br>hitte no am maischte Schiss.<br>Ainew\u00e4g sottsch d Rolle eere,<br>well si jetz ans Revers gheere.<br>Duesch du uff em Haafe sitze,<br>dien d Gedangge dureblitze.<br>S Blettli ains macht dir e Gsch\u00e4ngg.<br>100 Joor heersch d Schnitzelb\u00e4ngg.<br>Jetz mit Masgge, s isch zum briele.<br>Due dr M\u00e4ntig aabespiele.<br>Mit Drumpeete trifft dr Gloon<br>uff em Blettli zwai dr Doon.<br>D Drummle wott er au no schr\u00e4ngge,<br>kaasch dr Zyschtig aabeschw\u00e4ngge.<br>Und die Alti Dante doo<br>bloost ganz fescht ins Piccoloo.<br>S Blettli ryssisch ab scho gly<br>und dr Mittwuch isch verby.<br>Nuur d Frau Fasnacht sait is trogge:<br>Uff em Droon blyb ych jetz hogge.<br>Pascal Kottmann, mit dr Rolle<br>schepfsch du wirgglig uus em Volle.<br>Uus Bapyr w\u00e4r die kai S\u00e4\u00e4ge,<br>drum duet si dr M\u00fcller pr\u00e4\u00e4ge.<br>Nit vyl goot in d\u00e4ne D\u00e4\u00e4g.<br>D Rolle kauft me ainaiw\u00e4g,<br>denn d Bapyrform wirds no g\u00e4\u00e4.<br>Die us Gold muesch jetze n\u00e4\u00e4.<\/p>\n\n\n\n<p><\/p>\n","protected":false},"excerpt":{"rendered":"<p>Unser SujetEs git im 2021 kei Fasnacht. Dorum h\u00e4n mir kei Sujet und es git keini H\u00e8lge! Do aber no e V\u00e4rs vom Urheeber Gilbert H.:Es isch e truurigs SpiilDoch mir Raere Waggis, n\u00e4mes mit StyylIch weiss bald nym syt wen ich derbi bi, bi de RaereAber sicher bin i, as si bald syt drei &hellip; <\/p>\n<p class=\"link-more\"><a href=\"https:\/\/raere-waggis.ch\/wordpress\/index.php\/helge\/fasnacht-2021\/\" class=\"more-link\"><span class=\"screen-reader-text\">&#171;Fasnacht 2021&#187;<\/span> weiterlesen<\/a><\/p>\n","protected":false},"author":1,"featured_media":0,"parent":136,"menu_order":0,"comment_status":"closed","ping_status":"closed","template":"","meta":{"footnotes":""},"class_list":["post-4317","page","type-page","status-publish","hentry"],"_links":{"self":[{"href":"https:\/\/raere-waggis.ch\/wordpress\/index.php\/wp-json\/wp\/v2\/pages\/4317","targetHints":{"allow":["GET"]}}],"collection":[{"href":"https:\/\/raere-waggis.ch\/wordpress\/index.php\/wp-json\/wp\/v2\/pages"}],"about":[{"href":"https:\/\/raere-waggis.ch\/wordpress\/index.php\/wp-json\/wp\/v2\/types\/page"}],"author":[{"embeddable":true,"href":"https:\/\/raere-waggis.ch\/wordpress\/index.php\/wp-json\/wp\/v2\/users\/1"}],"replies":[{"embeddable":true,"href":"https:\/\/raere-waggis.ch\/wordpress\/index.php\/wp-json\/wp\/v2\/comments?post=4317"}],"version-history":[{"count":21,"href":"https:\/\/raere-waggis.ch\/wordpress\/index.php\/wp-json\/wp\/v2\/pages\/4317\/revisions"}],"predecessor-version":[{"id":4870,"href":"https:\/\/raere-waggis.ch\/wordpress\/index.php\/wp-json\/wp\/v2\/pages\/4317\/revisions\/4870"}],"up":[{"embeddable":true,"href":"https:\/\/raere-waggis.ch\/wordpress\/index.php\/wp-json\/wp\/v2\/pages\/136"}],"wp:attachment":[{"href":"https:\/\/raere-waggis.ch\/wordpress\/index.php\/wp-json\/wp\/v2\/media?parent=4317"}],"curies":[{"name":"wp","href":"https:\/\/api.w.org\/{rel}","templated":true}]}}

<div class="breadcrumbs align  wp-block-bcn-breadcrumb-trail has-text-color has-background" vocab="https://schema.org/" typeof="BreadcrumbList">
	<span></span>
	</div>



<p></p>



<figure class="wp-block-image size-large is-resized"><a href="https://raere-waggis.ch/wordpress/wp-content/uploads/2022/02/2021-blaggedde-1-scaled.jpg"><img loading="lazy" decoding="async" src="https://raere-waggis.ch/wordpress/wp-content/uploads/2022/02/2021-blaggedde-1-737x1024.jpg" alt="" class="wp-image-4379" width="277" height="385" srcset="https://raere-waggis.ch/wordpress/wp-content/uploads/2022/02/2021-blaggedde-1-737x1024.jpg 737w, https://raere-waggis.ch/wordpress/wp-content/uploads/2022/02/2021-blaggedde-1-216x300.jpg 216w, https://raere-waggis.ch/wordpress/wp-content/uploads/2022/02/2021-blaggedde-1-768x1067.jpg 768w, https://raere-waggis.ch/wordpress/wp-content/uploads/2022/02/2021-blaggedde-1-1106x1536.jpg 1106w, https://raere-waggis.ch/wordpress/wp-content/uploads/2022/02/2021-blaggedde-1-1475x2048.jpg 1475w, https://raere-waggis.ch/wordpress/wp-content/uploads/2022/02/2021-blaggedde-1-scaled.jpg 1843w" sizes="auto, (max-width: 277px) 100vw, 277px" /></a></figure>



<p><strong>Unser Sujet</strong><br>Es git im 2021 kei Fasnacht. <br>Dorum hän mir kei Sujet und es git keini Hèlge!<br><br><strong>Do aber no e Värs vom<strong> Urheeber </strong>Gilbert H.:<br></strong>Es isch e truurigs Spiil<br>Doch mir Raere Waggis, nämes mit Styyl<br>Ich weiss bald nym syt wen ich derbi bi, bi de Raere<br>Aber sicher bin i, as si bald syt drei Joor nit duet raere, unseri Raere<br>Mir fäält d&#8217;r Ramba Zamba uf em Wage uns d Räppli umeschmeisse,<br>Und mit Euch durch d Gasse umezieh, es isch eifach schei&#8230;<br>s&#8216; Schnitzelbangg Comité fyrt si Jubiläum zum hunderschte Joor<br>Und das ohni Fasnacht, es isch halt leider truurig, aber woor.<br>Deshalb do e paar usgwäälti Zeedel us dr Vergangeheit zum Läse<br>As De in Diine vier Wänd nit ganz duesch verjässe<br>As Du und Diini Lyt könnet e bitz Lache und Sinniere<br>Und über Ereignis us dr Vergangeheit Parliere<br>Unseri Raere Waggis Familie het e tolle Zämehalt<br>Dorum bliebt d&#8217;r Brogle au bis zur nägschte Fasnacht, aktiv halt<br>So jetzt wünsch ich Euch Raere viel Geduld dehaime<br>Und loo Euch jetzt vo d&#8217;r nägschte Fasnacht draime.</p>



<p><strong>Comité Sujet</strong><br>«Ainewäg»<br><br><strong>Dr Blaggedde Värs vom Fasnachts-Comité</strong><br>Dääglig rysst me d Blettli ab.<br>Mänggmool wärde d Rolle knapp.<br>Doodrvoor hänn d Schwyzer gwiss<br>hitte no am maischte Schiss.<br>Ainewäg sottsch d Rolle eere,<br>well si jetz ans Revers gheere.<br>Duesch du uff em Haafe sitze,<br>dien d Gedangge dureblitze.<br>S Blettli ains macht dir e Gschängg.<br>100 Joor heersch d Schnitzelbängg.<br>Jetz mit Masgge, s isch zum briele.<br>Due dr Mäntig aabespiele.<br>Mit Drumpeete trifft dr Gloon<br>uff em Blettli zwai dr Doon.<br>D Drummle wott er au no schrängge,<br>kaasch dr Zyschtig aabeschwängge.<br>Und die Alti Dante doo<br>bloost ganz fescht ins Piccoloo.<br>S Blettli ryssisch ab scho gly<br>und dr Mittwuch isch verby.<br>Nuur d Frau Fasnacht sait is trogge:<br>Uff em Droon blyb ych jetz hogge.<br>Pascal Kottmann, mit dr Rolle<br>schepfsch du wirgglig uus em Volle.<br>Uus Bapyr wär die kai Sääge,<br>drum duet si dr Müller prääge.<br>Nit vyl goot in däne Dääg.<br>D Rolle kauft me ainaiwäg,<br>denn d Bapyrform wirds no gää.<br>Die us Gold muesch jetze nää.</p>



<p></p>

<p>Unser SujetEs git im 2021 kei Fasnacht. Dorum hän mir kei Sujet und es git keini Hèlge! Do aber no e Värs vom Urheeber Gilbert H.:Es isch e truurigs SpiilDoch mir Raere Waggis, nämes mit StyylIch weiss bald nym syt wen ich derbi bi, bi de RaereAber sicher bin i, as si bald syt drei &hellip; </p>
<p class="link-more"><a href="https://raere-waggis.ch/wordpress/index.php/helge/fasnacht-2021/" class="more-link"><span class="screen-reader-text">&#171;Fasnacht 2021&#187;</span> weiterlesen</a></p>
