{"id":4318,"date":"2022-02-03T21:00:44","date_gmt":"2022-02-03T20:00:44","guid":{"rendered":"https:\/\/raere-waggis.ch\/wordpress\/?page_id=4318"},"modified":"2022-03-06T20:23:02","modified_gmt":"2022-03-06T19:23:02","slug":"fasnacht-2022","status":"publish","type":"page","link":"https:\/\/raere-waggis.ch\/wordpress\/index.php\/helge\/fasnacht-2022\/","title":{"rendered":"Fasnacht 2022"},"content":{"rendered":"<div class=\"breadcrumbs align  wp-block-bcn-breadcrumb-trail has-text-color has-background\" vocab=\"https:\/\/schema.org\/\" typeof=\"BreadcrumbList\">\n\t<span><\/span>\n\t<\/div>\n\n\n\n<p><\/p>\n\n\n\n<figure class=\"wp-block-image size-large is-resized\"><a href=\"https:\/\/raere-waggis.ch\/wordpress\/wp-content\/uploads\/2022\/02\/2022-raere-blaggedde.jpg\"><img loading=\"lazy\" decoding=\"async\" src=\"https:\/\/raere-waggis.ch\/wordpress\/wp-content\/uploads\/2022\/02\/2022-raere-blaggedde-768x1024.jpg\" alt=\"\" class=\"wp-image-4351\" width=\"288\" height=\"383\" srcset=\"https:\/\/raere-waggis.ch\/wordpress\/wp-content\/uploads\/2022\/02\/2022-raere-blaggedde-768x1024.jpg 768w, https:\/\/raere-waggis.ch\/wordpress\/wp-content\/uploads\/2022\/02\/2022-raere-blaggedde-225x300.jpg 225w, https:\/\/raere-waggis.ch\/wordpress\/wp-content\/uploads\/2022\/02\/2022-raere-blaggedde-1152x1536.jpg 1152w, https:\/\/raere-waggis.ch\/wordpress\/wp-content\/uploads\/2022\/02\/2022-raere-blaggedde.jpg 1536w\" sizes=\"auto, (max-width: 288px) 100vw, 288px\" \/><\/a><\/figure>\n\n\n\n<p><strong>Unser Sujet \/ Infos zum Ablauf 2022<\/strong><br>Es git das Joor \u00e4ndlig e Fasnacht, aber nit f\u00fcr d W\u00e4\u00e4ge! <br>Dorum h\u00e4n mir kei Sujet und es git au keini H\u00e8lge!<br>Aber mir sin mit unsere Schwaissbrop\u00e4ller uf dr Route unterw\u00e4gs! <br><br>Mir tr\u00e4ffe uns am M\u00e4\u00e4ntig und Mittwuch am eins am Midaag bim Staartpunggt. Mir w\u00e4n e Halt mache, wo mir au mit em Waage e <a href=\"https:\/\/raere-waggis.ch\/wordpress\/index.php\/infos\/route\/\" data-type=\"page\" data-id=\"116\"><strong>Ph\u00e4useli mache<\/strong><\/a>. Do nit glaar isch, wievyyl in dr Stadt loos isch, sin diesmol die Agoobe sehr ungnau! Aber es wurd uns freue, wenn mir Euch neume wurde aadr\u00e4ffe! Am Zyschtig sin mir mit de Binggis ganz &#171;normal&#187; unterw\u00e4gs!<br><br>Um no d Froog do unde vom Comit\u00e9 scho z&#8217;beantworte, ob&#8217;s uns no basst? Naai, gar nit, do mir mit unserem Waage nit uf d Route deerfe!<\/p>\n\n\n\n<p><strong><strong><strong>Do aber no e V\u00e4rs vom <\/strong><\/strong>Urheeber Pirmin Muckenhirn:<\/strong><br>\u00abBassts no\u00bb s Sujet zwaiezwanzig<br>het mir nid richtig gfalle welle.<br>E Tambourmajor, zimmlig ranzig,<br>was will d\u00e4 uns verzelle?<br>Doch, je lenger ich due nooched\u00e4ngge,<br>iber s Sujet wird mir klar,<br>ich due d\u00e4m Thema Gfalle sch\u00e4ngge,<br>und finds pletzlig wunderbar.<br>Bassts no, ass mir Fasnacht mache?<br>Bassts no richtig freelig z syy?<br>Bassts no amel z\u00e4mme lache?<br>Oder isch das jetz verbyy?<br>Bassts no as me yystoh duet<br>wenn s jo gar kai Cortege git?<br>Wird das jeemools wider guet?<br>Amel glaub i s wirggligg nid.<br>Denn wemme d\u00e4nggt, und das isch wohr,<br>d\u00e4 Virus und Krieg dien stimme,<br>wird au in de n\u00e4ggschte Joor<br>nyt me basse, das isch s Schlimme.<br>S Goschddyym lehn mir zwor nit h\u00e4ngge<br>egal ebs uns no basse will.<br>Denn truurig mien mir do dra d\u00e4ngge<br>Unseri Raere blyybt au wider still<\/p>\n\n\n\n<p><strong>Comit\u00e9 Sujet<\/strong><br>\u00abBassts no?\u00bb<\/p>\n\n\n\n<p><strong>Dr Blaggedde V\u00e4rs vom Fasnachts-Comit\u00e9<\/strong><br>Wenn du duesch ins Goschdym stoo,<br>gseesch du gly, ob daas duet goo.<br>S basst no, doch du merggsch, s isch knabb,<br>doorum nimmsch drei Kilo ab.<br>Also bisch du bald sowyt<br>noo dr glaine Faschtezyt.<br>Griiblig wird i jetze gly.<br>Daas mues s Fasnachtsfieber sy.<br>Zwai Joor Pause sinn seer schaad.<br>S letscht Joor w\u00e4\u00e4r i scho baraad.<br>S Goschdym w\u00e4\u00e4r denn ab dr Stange<br>au no ooni abzn\u00e4\u00e4 gange.<br>Naie, fligge, mach di draa.<br>Leggsch dy Goschdym \u00e4ndlig aa?<br>Bassts no, isch bim Goschdym d Froog,<br>drum stoosch duu halt zerscht uf d Woog.<br>Gold und Bijou dien di w\u00e4\u00e4ge.<br>Nooh\u00e4r kaasch dy Goschdym pfl\u00e4\u00e4ge.<br>Wirsch du uff dr Woog ganz muff<br>und saisch: Ych stand nit deert druff.<br>No nimmsch d Kupfer, d Silber gly.<br>Hitte mues es buuchfrei sy.<br>Buuchfrei? \u2013 Loos, jetz d\u00e4ngg nit z vyl.<br>S basst am Revers allewyl.<br>S isch e Wurf vom guete Gstalter.<br>Aimool mee haisst \u00e4\u00e4r Kurt Walter.<br>Und dr M\u00fcller pr\u00e4ggt ganz gfrait<br>daas, wo iim dr Kinschtler sait.<br>Zur Blaggedde gits no z saage:<br>Die kaasch ooni abzn\u00e4\u00e4 draage.<\/p>\n\n\n\n<p><\/p>\n","protected":false},"excerpt":{"rendered":"<p>Unser Sujet \/ Infos zum Ablauf 2022Es git das Joor \u00e4ndlig e Fasnacht, aber nit f\u00fcr d W\u00e4\u00e4ge! Dorum h\u00e4n mir kei Sujet und es git au keini H\u00e8lge!Aber mir sin mit unsere Schwaissbrop\u00e4ller uf dr Route unterw\u00e4gs! Mir tr\u00e4ffe uns am M\u00e4\u00e4ntig und Mittwuch am eins am Midaag bim Staartpunggt. Mir w\u00e4n e Halt &hellip; <\/p>\n<p class=\"link-more\"><a href=\"https:\/\/raere-waggis.ch\/wordpress\/index.php\/helge\/fasnacht-2022\/\" class=\"more-link\"><span class=\"screen-reader-text\">&#171;Fasnacht 2022&#187;<\/span> weiterlesen<\/a><\/p>\n","protected":false},"author":1,"featured_media":0,"parent":136,"menu_order":0,"comment_status":"closed","ping_status":"closed","template":"","meta":{"footnotes":""},"class_list":["post-4318","page","type-page","status-publish","hentry"],"_links":{"self":[{"href":"https:\/\/raere-waggis.ch\/wordpress\/index.php\/wp-json\/wp\/v2\/pages\/4318","targetHints":{"allow":["GET"]}}],"collection":[{"href":"https:\/\/raere-waggis.ch\/wordpress\/index.php\/wp-json\/wp\/v2\/pages"}],"about":[{"href":"https:\/\/raere-waggis.ch\/wordpress\/index.php\/wp-json\/wp\/v2\/types\/page"}],"author":[{"embeddable":true,"href":"https:\/\/raere-waggis.ch\/wordpress\/index.php\/wp-json\/wp\/v2\/users\/1"}],"replies":[{"embeddable":true,"href":"https:\/\/raere-waggis.ch\/wordpress\/index.php\/wp-json\/wp\/v2\/comments?post=4318"}],"version-history":[{"count":54,"href":"https:\/\/raere-waggis.ch\/wordpress\/index.php\/wp-json\/wp\/v2\/pages\/4318\/revisions"}],"predecessor-version":[{"id":4867,"href":"https:\/\/raere-waggis.ch\/wordpress\/index.php\/wp-json\/wp\/v2\/pages\/4318\/revisions\/4867"}],"up":[{"embeddable":true,"href":"https:\/\/raere-waggis.ch\/wordpress\/index.php\/wp-json\/wp\/v2\/pages\/136"}],"wp:attachment":[{"href":"https:\/\/raere-waggis.ch\/wordpress\/index.php\/wp-json\/wp\/v2\/media?parent=4318"}],"curies":[{"name":"wp","href":"https:\/\/api.w.org\/{rel}","templated":true}]}}

<div class="breadcrumbs align  wp-block-bcn-breadcrumb-trail has-text-color has-background" vocab="https://schema.org/" typeof="BreadcrumbList">
	<span></span>
	</div>



<p></p>



<figure class="wp-block-image size-large is-resized"><a href="https://raere-waggis.ch/wordpress/wp-content/uploads/2022/02/2022-raere-blaggedde.jpg"><img loading="lazy" decoding="async" src="https://raere-waggis.ch/wordpress/wp-content/uploads/2022/02/2022-raere-blaggedde-768x1024.jpg" alt="" class="wp-image-4351" width="288" height="383" srcset="https://raere-waggis.ch/wordpress/wp-content/uploads/2022/02/2022-raere-blaggedde-768x1024.jpg 768w, https://raere-waggis.ch/wordpress/wp-content/uploads/2022/02/2022-raere-blaggedde-225x300.jpg 225w, https://raere-waggis.ch/wordpress/wp-content/uploads/2022/02/2022-raere-blaggedde-1152x1536.jpg 1152w, https://raere-waggis.ch/wordpress/wp-content/uploads/2022/02/2022-raere-blaggedde.jpg 1536w" sizes="auto, (max-width: 288px) 100vw, 288px" /></a></figure>



<p><strong>Unser Sujet / Infos zum Ablauf 2022</strong><br>Es git das Joor ändlig e Fasnacht, aber nit für d Wääge! <br>Dorum hän mir kei Sujet und es git au keini Hèlge!<br>Aber mir sin mit unsere Schwaissbropäller uf dr Route unterwägs! <br><br>Mir träffe uns am Määntig und Mittwuch am eins am Midaag bim Staartpunggt. Mir wän e Halt mache, wo mir au mit em Waage e <a href="https://raere-waggis.ch/wordpress/index.php/infos/route/" data-type="page" data-id="116"><strong>Phäuseli mache</strong></a>. Do nit glaar isch, wievyyl in dr Stadt loos isch, sin diesmol die Agoobe sehr ungnau! Aber es wurd uns freue, wenn mir Euch neume wurde aadräffe! Am Zyschtig sin mir mit de Binggis ganz &#171;normal&#187; unterwägs!<br><br>Um no d Froog do unde vom Comité scho z&#8217;beantworte, ob&#8217;s uns no basst? Naai, gar nit, do mir mit unserem Waage nit uf d Route deerfe!</p>



<p><strong><strong><strong>Do aber no e Värs vom </strong></strong>Urheeber Pirmin Muckenhirn:</strong><br>«Bassts no» s Sujet zwaiezwanzig<br>het mir nid richtig gfalle welle.<br>E Tambourmajor, zimmlig ranzig,<br>was will dä uns verzelle?<br>Doch, je lenger ich due noochedängge,<br>iber s Sujet wird mir klar,<br>ich due däm Thema Gfalle schängge,<br>und finds pletzlig wunderbar.<br>Bassts no, ass mir Fasnacht mache?<br>Bassts no richtig freelig z syy?<br>Bassts no amel zämme lache?<br>Oder isch das jetz verbyy?<br>Bassts no as me yystoh duet<br>wenn s jo gar kai Cortege git?<br>Wird das jeemools wider guet?<br>Amel glaub i s wirggligg nid.<br>Denn wemme dänggt, und das isch wohr,<br>dä Virus und Krieg dien stimme,<br>wird au in de näggschte Joor<br>nyt me basse, das isch s Schlimme.<br>S Goschddyym lehn mir zwor nit hängge<br>egal ebs uns no basse will.<br>Denn truurig mien mir do dra dängge<br>Unseri Raere blyybt au wider still</p>



<p><strong>Comité Sujet</strong><br>«Bassts no?»</p>



<p><strong>Dr Blaggedde Värs vom Fasnachts-Comité</strong><br>Wenn du duesch ins Goschdym stoo,<br>gseesch du gly, ob daas duet goo.<br>S basst no, doch du merggsch, s isch knabb,<br>doorum nimmsch drei Kilo ab.<br>Also bisch du bald sowyt<br>noo dr glaine Faschtezyt.<br>Griiblig wird i jetze gly.<br>Daas mues s Fasnachtsfieber sy.<br>Zwai Joor Pause sinn seer schaad.<br>S letscht Joor wäär i scho baraad.<br>S Goschdym wäär denn ab dr Stange<br>au no ooni abznää gange.<br>Naie, fligge, mach di draa.<br>Leggsch dy Goschdym ändlig aa?<br>Bassts no, isch bim Goschdym d Froog,<br>drum stoosch duu halt zerscht uf d Woog.<br>Gold und Bijou dien di wääge.<br>Noohär kaasch dy Goschdym pflääge.<br>Wirsch du uff dr Woog ganz muff<br>und saisch: Ych stand nit deert druff.<br>No nimmsch d Kupfer, d Silber gly.<br>Hitte mues es buuchfrei sy.<br>Buuchfrei? – Loos, jetz dängg nit z vyl.<br>S basst am Revers allewyl.<br>S isch e Wurf vom guete Gstalter.<br>Aimool mee haisst äär Kurt Walter.<br>Und dr Müller präggt ganz gfrait<br>daas, wo iim dr Kinschtler sait.<br>Zur Blaggedde gits no z saage:<br>Die kaasch ooni abznää draage.</p>



<p></p>

<p>Unser Sujet / Infos zum Ablauf 2022Es git das Joor ändlig e Fasnacht, aber nit für d Wääge! Dorum hän mir kei Sujet und es git au keini Hèlge!Aber mir sin mit unsere Schwaissbropäller uf dr Route unterwägs! Mir träffe uns am Määntig und Mittwuch am eins am Midaag bim Staartpunggt. Mir wän e Halt &hellip; </p>
<p class="link-more"><a href="https://raere-waggis.ch/wordpress/index.php/helge/fasnacht-2022/" class="more-link"><span class="screen-reader-text">&#171;Fasnacht 2022&#187;</span> weiterlesen</a></p>
