{"id":433,"date":"2020-03-14T19:23:04","date_gmt":"2020-03-14T18:23:04","guid":{"rendered":"http:\/\/raere-waggis.ch\/wordpress\/?page_id=433"},"modified":"2022-03-02T18:45:51","modified_gmt":"2022-03-02T17:45:51","slug":"fasnacht-2017","status":"publish","type":"page","link":"https:\/\/raere-waggis.ch\/wordpress\/index.php\/helge\/fasnacht-2017\/","title":{"rendered":"Fasnacht 2017"},"content":{"rendered":"<div class=\"breadcrumbs align  wp-block-bcn-breadcrumb-trail has-text-color has-background\" vocab=\"https:\/\/schema.org\/\" typeof=\"BreadcrumbList\">\n\t<span><\/span>\n\t<\/div>\n\n\n\n<p><\/p>\n\n\n\n<div class=\"wp-block-group\"><div class=\"wp-block-group__inner-container is-layout-flow wp-block-group-is-layout-flow\">\n<div class=\"wp-block-media-text alignwide is-stacked-on-mobile is-vertically-aligned-center\" style=\"grid-template-columns:39% auto\"><figure class=\"wp-block-media-text__media\"><a href=\"https:\/\/raere-waggis.ch\/wordpress\/wp-content\/uploads\/2022\/02\/2017-raere-blaggedde-buergin.jpg\"><img loading=\"lazy\" decoding=\"async\" width=\"1024\" height=\"852\" src=\"https:\/\/raere-waggis.ch\/wordpress\/wp-content\/uploads\/2022\/02\/2017-raere-blaggedde-buergin-1024x852.jpg\" alt=\"\" class=\"wp-image-4338 size-full\" srcset=\"https:\/\/raere-waggis.ch\/wordpress\/wp-content\/uploads\/2022\/02\/2017-raere-blaggedde-buergin-1024x852.jpg 1024w, https:\/\/raere-waggis.ch\/wordpress\/wp-content\/uploads\/2022\/02\/2017-raere-blaggedde-buergin-300x250.jpg 300w, https:\/\/raere-waggis.ch\/wordpress\/wp-content\/uploads\/2022\/02\/2017-raere-blaggedde-buergin-768x639.jpg 768w, https:\/\/raere-waggis.ch\/wordpress\/wp-content\/uploads\/2022\/02\/2017-raere-blaggedde-buergin-1536x1277.jpg 1536w, https:\/\/raere-waggis.ch\/wordpress\/wp-content\/uploads\/2022\/02\/2017-raere-blaggedde-buergin.jpg 1735w\" sizes=\"auto, (max-width: 767px) 89vw, (max-width: 1000px) 54vw, (max-width: 1071px) 543px, 580px\" \/><\/a><\/figure><div class=\"wp-block-media-text__content\">\n<p><strong>Unseri H\u00e8lge vo dr Fasnacht 2017<\/strong><\/p>\n\n\n\n<ul class=\"wp-block-list\"><li><a href=\"https:\/\/raere-waggis.ch\/wordpress\/index.php\/vergangenes\/fasnacht-2017\/waagebau-2017\/\" data-type=\"page\" data-id=\"652\">Waagebau<\/a><\/li><li><a href=\"https:\/\/raere-waggis.ch\/wordpress\/index.php\/vergangenes\/fasnacht-2017\/dauffi-2017\/\" data-type=\"page\" data-id=\"649\">Dauffi<\/a><\/li><li><a href=\"https:\/\/raere-waggis.ch\/wordpress\/index.php\/vergangenes\/fasnacht-2017\/maentig-2017\/\" data-type=\"page\" data-id=\"650\">M\u00e4\u00e4ntig<\/a><\/li><li><a href=\"https:\/\/raere-waggis.ch\/wordpress\/index.php\/vergangenes\/fasnacht-2017\/binggis-2017\/\" data-type=\"page\" data-id=\"1042\">Binggis<\/a><\/li><li><a href=\"https:\/\/raere-waggis.ch\/wordpress\/index.php\/vergangenes\/fasnacht-2017\/mittwuch-2017\/\" data-type=\"page\" data-id=\"651\">Mittwuch<\/a><\/li><li><a href=\"https:\/\/raere-waggis.ch\/wordpress\/index.php\/vergangenes\/fasnacht-2017\/bummel-2017\/\" data-type=\"page\" data-id=\"648\">Bummel<\/a><\/li><\/ul>\n\n\n\n<p><\/p>\n<\/div><\/div>\n<\/div><\/div>\n\n\n\n<p><strong>Unser Sujet<\/strong><br>&#171;Syt 50 Joor uff dr Gass&#187;<br><br><strong><strong>Unsere Sujet V\u00e4rs<\/strong><\/strong><br>Do hilft kai schn\u00e4\u00e4dere und kai k\u00e4\u00e4re,<br>Zer Stroosse-Fasnacht gheere d Raere!<br>Denn 50 Joor &#8211; das isch famoos,<br>Sin d Raere-Waggis uff dr Strooss!<br>Und m\u00e4ngge Junge maint &#8211; jetz phagg-ys,<br>Ych gang au zue de Raere Waggis!<br><br><em>&#171;Und die ganzi W\u00e4lt goht zugrund, nur d&#8216; Raere-Waggis bliiebe gsund!&#187;<\/em><br><br>Anno 65 isch vom Haafebeggi II<br>e Walter nit so ganz ellai,<br>woo ums Verworge will brobiere,<br>in dr Stadt unschiniert go z intrigiere:<br>Vier Waggis und quatre Alsaciennes<br>geen als Rhyhaafe-Strytzi denn!<br><br>E Joor speeter gseesch die Strytzi k\u00e4\u00e4re,<br>wie si an dr Fasnacht uff eme schw\u00e4\u00e4re<br>groosse Waggiswaage w\u00e4\u00e4re\u2026.<br>J\u00e4, und dr Mouton duet erkl\u00e4\u00e4re:<br>&#171;Mir kennten is doch uff d\u00e4m l\u00e4\u00e4re<br>Waage um e Riise-R\u00e4\u00e4re sch\u00e4\u00e4re!!&#187;<br>1967 spr\u00e4nge d Raere-Waggis scho dr Raame,<br>aaber numme ganz bedingt f\u00fcr Daame.<br>Fahre losse, s Ursi, joo das kaa me,<br>als Raere-Waggis aaber g\u00e4bt das Drame,<br>Fraue wuurden eh jo gschwind erlahme(n):<br>Drum uff e Waage numme M\u00e4nner &#8211; Amen!!<br><br>Jeedes Joor, soo kaa me wirgglig saage,<br>Isch aine mee uff em Raere-Waage\u2026<br>D Sujets haisse: &#171;Uffem Waage sinn s\u00e4chs,<br>s n\u00e4ggscht Joor sibe dangg Aigegw\u00e4chs,<br>1972 steen scho nyyn in d Raaie,<br>woo die mega R\u00e4\u00e4re draaie.<br><br>Aimool dien si L\u00e9gumes verkaufe,<br>en ander Mool sich gaischtig verschlaufe<br>als Rezessivi in e Dino-Sau-G\u00e4rtli<br>zem e Schn\u00e4psli, em\u00e4nd e Zib\u00e4rtli??<br>Vyyl mee git&#8217;s doo jetz nimm z erkl\u00e4\u00e4re,<br>d Hauptsach isch, si dien no immer r\u00e4\u00e4re!!!<\/p>\n\n\n\n<p><strong>Comit\u00e9 Sujet<\/strong><br>&#171;Mer spr\u00e4nge dr Raame!&#187;<\/p>\n\n\n\n<p><strong><strong>Dr Blaggedde V\u00e4rs vom Fasnachts-Comit\u00e9<\/strong><\/strong><br>S Kunschtmuseum darf sich zaige<br>und d Frau Fasnacht sich vernaige<br>mit me Helge und em Raame<br>macht d Blaggedde soo Regglaame<br><br>Wie soll au e Raame l\u00e4nge<br>denn d Frau Fasnacht duet en spr\u00e4nge<br>D Harlekin mit vyl z vyl Pfuus<br>laufen iber d Kupfer uus<br>D Gugge schr\u00e4nze mit vyl Gwicht<br>bis dr silbrig Raame bricht<br>D W\u00e4\u00e4geler h\u00e4nns in dr Hand<br>gspr\u00e4ngt wird au dr goldig Rand<br>S Bijou spr\u00e4ngts au grad e bitz<br>D Schnitzelb\u00e4nggler sinn so spitz<br>D Fasnacht blitzt do wirgglig duure<br>D Waggis h\u00e4nn e fr\u00e4chi Schnuure<br>Scharfi Pointe bruuchts no mee<br>oder schimpft denn s Comit<br>Nai, dasch l\u00e4tz, die schwarze Raabe<br>sinn jo au nit Waiseknaabe<br>Waisch, wiesoo du d Larve draisch<br>dass du alle alles saisch<br>Mach kai Booge me um Draame<br>Bebbi, spr\u00e4ng du soo dr Raame<br><br>Guet het das dr M\u00fcller gmacht<br>Die Blaggedde isch e Pracht<br>Alli vier sinn ganz verschiide<br>sait dr Guido Happle zfriide<br>Nimmsch du aini, heersch scho s Gschrei<br>Loos, dir f\u00e4\u00e4le jetz no drei<br>S Fasnachts-Comit\u00e9 sait salli<br>Kaufet bitti daas Joor alli<\/p>\n\n\n\n<p><\/p>\n","protected":false},"excerpt":{"rendered":"<p>Unseri H\u00e8lge vo dr Fasnacht 2017 Waagebau Dauffi M\u00e4\u00e4ntig Binggis Mittwuch Bummel Unser Sujet&#171;Syt 50 Joor uff dr Gass&#187; Unsere Sujet V\u00e4rsDo hilft kai schn\u00e4\u00e4dere und kai k\u00e4\u00e4re,Zer Stroosse-Fasnacht gheere d Raere!Denn 50 Joor &#8211; das isch famoos,Sin d Raere-Waggis uff dr Strooss!Und m\u00e4ngge Junge maint &#8211; jetz phagg-ys,Ych gang au zue de Raere Waggis! &hellip; <\/p>\n<p class=\"link-more\"><a href=\"https:\/\/raere-waggis.ch\/wordpress\/index.php\/helge\/fasnacht-2017\/\" class=\"more-link\"><span class=\"screen-reader-text\">&#171;Fasnacht 2017&#187;<\/span> weiterlesen<\/a><\/p>\n","protected":false},"author":1,"featured_media":0,"parent":136,"menu_order":0,"comment_status":"closed","ping_status":"closed","template":"","meta":{"footnotes":""},"class_list":["post-433","page","type-page","status-publish","hentry"],"_links":{"self":[{"href":"https:\/\/raere-waggis.ch\/wordpress\/index.php\/wp-json\/wp\/v2\/pages\/433","targetHints":{"allow":["GET"]}}],"collection":[{"href":"https:\/\/raere-waggis.ch\/wordpress\/index.php\/wp-json\/wp\/v2\/pages"}],"about":[{"href":"https:\/\/raere-waggis.ch\/wordpress\/index.php\/wp-json\/wp\/v2\/types\/page"}],"author":[{"embeddable":true,"href":"https:\/\/raere-waggis.ch\/wordpress\/index.php\/wp-json\/wp\/v2\/users\/1"}],"replies":[{"embeddable":true,"href":"https:\/\/raere-waggis.ch\/wordpress\/index.php\/wp-json\/wp\/v2\/comments?post=433"}],"version-history":[{"count":11,"href":"https:\/\/raere-waggis.ch\/wordpress\/index.php\/wp-json\/wp\/v2\/pages\/433\/revisions"}],"predecessor-version":[{"id":4815,"href":"https:\/\/raere-waggis.ch\/wordpress\/index.php\/wp-json\/wp\/v2\/pages\/433\/revisions\/4815"}],"up":[{"embeddable":true,"href":"https:\/\/raere-waggis.ch\/wordpress\/index.php\/wp-json\/wp\/v2\/pages\/136"}],"wp:attachment":[{"href":"https:\/\/raere-waggis.ch\/wordpress\/index.php\/wp-json\/wp\/v2\/media?parent=433"}],"curies":[{"name":"wp","href":"https:\/\/api.w.org\/{rel}","templated":true}]}}

<div class="breadcrumbs align  wp-block-bcn-breadcrumb-trail has-text-color has-background" vocab="https://schema.org/" typeof="BreadcrumbList">
	<span></span>
	</div>



<p></p>



<div class="wp-block-group"><div class="wp-block-group__inner-container is-layout-flow wp-block-group-is-layout-flow">
<div class="wp-block-media-text alignwide is-stacked-on-mobile is-vertically-aligned-center" style="grid-template-columns:39% auto"><figure class="wp-block-media-text__media"><a href="https://raere-waggis.ch/wordpress/wp-content/uploads/2022/02/2017-raere-blaggedde-buergin.jpg"><img loading="lazy" decoding="async" width="1024" height="852" src="https://raere-waggis.ch/wordpress/wp-content/uploads/2022/02/2017-raere-blaggedde-buergin-1024x852.jpg" alt="" class="wp-image-4338 size-full" srcset="https://raere-waggis.ch/wordpress/wp-content/uploads/2022/02/2017-raere-blaggedde-buergin-1024x852.jpg 1024w, https://raere-waggis.ch/wordpress/wp-content/uploads/2022/02/2017-raere-blaggedde-buergin-300x250.jpg 300w, https://raere-waggis.ch/wordpress/wp-content/uploads/2022/02/2017-raere-blaggedde-buergin-768x639.jpg 768w, https://raere-waggis.ch/wordpress/wp-content/uploads/2022/02/2017-raere-blaggedde-buergin-1536x1277.jpg 1536w, https://raere-waggis.ch/wordpress/wp-content/uploads/2022/02/2017-raere-blaggedde-buergin.jpg 1735w" sizes="auto, (max-width: 767px) 89vw, (max-width: 1000px) 54vw, (max-width: 1071px) 543px, 580px" /></a></figure><div class="wp-block-media-text__content">
<p><strong>Unseri Hèlge vo dr Fasnacht 2017</strong></p>



<ul class="wp-block-list"><li><a href="https://raere-waggis.ch/wordpress/index.php/vergangenes/fasnacht-2017/waagebau-2017/" data-type="page" data-id="652">Waagebau</a></li><li><a href="https://raere-waggis.ch/wordpress/index.php/vergangenes/fasnacht-2017/dauffi-2017/" data-type="page" data-id="649">Dauffi</a></li><li><a href="https://raere-waggis.ch/wordpress/index.php/vergangenes/fasnacht-2017/maentig-2017/" data-type="page" data-id="650">Määntig</a></li><li><a href="https://raere-waggis.ch/wordpress/index.php/vergangenes/fasnacht-2017/binggis-2017/" data-type="page" data-id="1042">Binggis</a></li><li><a href="https://raere-waggis.ch/wordpress/index.php/vergangenes/fasnacht-2017/mittwuch-2017/" data-type="page" data-id="651">Mittwuch</a></li><li><a href="https://raere-waggis.ch/wordpress/index.php/vergangenes/fasnacht-2017/bummel-2017/" data-type="page" data-id="648">Bummel</a></li></ul>



<p></p>
</div></div>
</div></div>



<p><strong>Unser Sujet</strong><br>&#171;Syt 50 Joor uff dr Gass&#187;<br><br><strong><strong>Unsere Sujet Värs</strong></strong><br>Do hilft kai schnäädere und kai kääre,<br>Zer Stroosse-Fasnacht gheere d Raere!<br>Denn 50 Joor &#8211; das isch famoos,<br>Sin d Raere-Waggis uff dr Strooss!<br>Und mängge Junge maint &#8211; jetz phagg-ys,<br>Ych gang au zue de Raere Waggis!<br><br><em>&#171;Und die ganzi Wält goht zugrund, nur d&#8216; Raere-Waggis bliiebe gsund!&#187;</em><br><br>Anno 65 isch vom Haafebeggi II<br>e Walter nit so ganz ellai,<br>woo ums Verworge will brobiere,<br>in dr Stadt unschiniert go z intrigiere:<br>Vier Waggis und quatre Alsaciennes<br>geen als Rhyhaafe-Strytzi denn!<br><br>E Joor speeter gseesch die Strytzi kääre,<br>wie si an dr Fasnacht uff eme schwääre<br>groosse Waggiswaage wääre….<br>Jä, und dr Mouton duet erklääre:<br>&#171;Mir kennten is doch uff däm lääre<br>Waage um e Riise-Rääre schääre!!&#187;<br>1967 spränge d Raere-Waggis scho dr Raame,<br>aaber numme ganz bedingt für Daame.<br>Fahre losse, s Ursi, joo das kaa me,<br>als Raere-Waggis aaber gäbt das Drame,<br>Fraue wuurden eh jo gschwind erlahme(n):<br>Drum uff e Waage numme Männer &#8211; Amen!!<br><br>Jeedes Joor, soo kaa me wirgglig saage,<br>Isch aine mee uff em Raere-Waage…<br>D Sujets haisse: &#171;Uffem Waage sinn sächs,<br>s näggscht Joor sibe dangg Aigegwächs,<br>1972 steen scho nyyn in d Raaie,<br>woo die mega Rääre draaie.<br><br>Aimool dien si Légumes verkaufe,<br>en ander Mool sich gaischtig verschlaufe<br>als Rezessivi in e Dino-Sau-Gärtli<br>zem e Schnäpsli, emänd e Zibärtli??<br>Vyyl mee git&#8217;s doo jetz nimm z erklääre,<br>d Hauptsach isch, si dien no immer rääre!!!</p>



<p><strong>Comité Sujet</strong><br>&#171;Mer spränge dr Raame!&#187;</p>



<p><strong><strong>Dr Blaggedde Värs vom Fasnachts-Comité</strong></strong><br>S Kunschtmuseum darf sich zaige<br>und d Frau Fasnacht sich vernaige<br>mit me Helge und em Raame<br>macht d Blaggedde soo Regglaame<br><br>Wie soll au e Raame länge<br>denn d Frau Fasnacht duet en spränge<br>D Harlekin mit vyl z vyl Pfuus<br>laufen iber d Kupfer uus<br>D Gugge schränze mit vyl Gwicht<br>bis dr silbrig Raame bricht<br>D Wäägeler hänns in dr Hand<br>gsprängt wird au dr goldig Rand<br>S Bijou sprängts au grad e bitz<br>D Schnitzelbänggler sinn so spitz<br>D Fasnacht blitzt do wirgglig duure<br>D Waggis hänn e frächi Schnuure<br>Scharfi Pointe bruuchts no mee<br>oder schimpft denn s Comit<br>Nai, dasch lätz, die schwarze Raabe<br>sinn jo au nit Waiseknaabe<br>Waisch, wiesoo du d Larve draisch<br>dass du alle alles saisch<br>Mach kai Booge me um Draame<br>Bebbi, spräng du soo dr Raame<br><br>Guet het das dr Müller gmacht<br>Die Blaggedde isch e Pracht<br>Alli vier sinn ganz verschiide<br>sait dr Guido Happle zfriide<br>Nimmsch du aini, heersch scho s Gschrei<br>Loos, dir fääle jetz no drei<br>S Fasnachts-Comité sait salli<br>Kaufet bitti daas Joor alli</p>



<p></p>

<p>Unseri Hèlge vo dr Fasnacht 2017 Waagebau Dauffi Määntig Binggis Mittwuch Bummel Unser Sujet&#171;Syt 50 Joor uff dr Gass&#187; Unsere Sujet VärsDo hilft kai schnäädere und kai kääre,Zer Stroosse-Fasnacht gheere d Raere!Denn 50 Joor &#8211; das isch famoos,Sin d Raere-Waggis uff dr Strooss!Und mängge Junge maint &#8211; jetz phagg-ys,Ych gang au zue de Raere Waggis! &hellip; </p>
<p class="link-more"><a href="https://raere-waggis.ch/wordpress/index.php/helge/fasnacht-2017/" class="more-link"><span class="screen-reader-text">&#171;Fasnacht 2017&#187;</span> weiterlesen</a></p>
