{"id":437,"date":"2020-03-14T19:25:18","date_gmt":"2020-03-14T18:25:18","guid":{"rendered":"http:\/\/raere-waggis.ch\/wordpress\/?page_id=437"},"modified":"2022-03-02T18:44:17","modified_gmt":"2022-03-02T17:44:17","slug":"fasnacht-2016","status":"publish","type":"page","link":"https:\/\/raere-waggis.ch\/wordpress\/index.php\/helge\/fasnacht-2016\/","title":{"rendered":"Fasnacht 2016"},"content":{"rendered":"<div class=\"breadcrumbs align  wp-block-bcn-breadcrumb-trail has-text-color has-background\" vocab=\"https:\/\/schema.org\/\" typeof=\"BreadcrumbList\">\n\t<span><\/span>\n\t<\/div>\n\n\n\n<p><\/p>\n\n\n\n<div class=\"wp-block-group\"><div class=\"wp-block-group__inner-container is-layout-flow wp-block-group-is-layout-flow\">\n<div class=\"wp-block-media-text alignwide is-stacked-on-mobile is-vertically-aligned-center\" style=\"grid-template-columns:26% auto\"><figure class=\"wp-block-media-text__media\"><a href=\"https:\/\/raere-waggis.ch\/wordpress\/wp-content\/uploads\/2022\/02\/2016-raere-blaggedde-buergin.jpg\"><img loading=\"lazy\" decoding=\"async\" width=\"745\" height=\"1024\" src=\"https:\/\/raere-waggis.ch\/wordpress\/wp-content\/uploads\/2022\/02\/2016-raere-blaggedde-buergin-745x1024.jpg\" alt=\"\" class=\"wp-image-4340 size-full\" srcset=\"https:\/\/raere-waggis.ch\/wordpress\/wp-content\/uploads\/2022\/02\/2016-raere-blaggedde-buergin-745x1024.jpg 745w, https:\/\/raere-waggis.ch\/wordpress\/wp-content\/uploads\/2022\/02\/2016-raere-blaggedde-buergin-218x300.jpg 218w, https:\/\/raere-waggis.ch\/wordpress\/wp-content\/uploads\/2022\/02\/2016-raere-blaggedde-buergin-768x1055.jpg 768w, https:\/\/raere-waggis.ch\/wordpress\/wp-content\/uploads\/2022\/02\/2016-raere-blaggedde-buergin-1118x1536.jpg 1118w, https:\/\/raere-waggis.ch\/wordpress\/wp-content\/uploads\/2022\/02\/2016-raere-blaggedde-buergin-1490x2048.jpg 1490w, https:\/\/raere-waggis.ch\/wordpress\/wp-content\/uploads\/2022\/02\/2016-raere-blaggedde-buergin.jpg 1580w\" sizes=\"auto, (max-width: 706px) 89vw, (max-width: 767px) 82vw, 740px\" \/><\/a><\/figure><div class=\"wp-block-media-text__content\">\n<p><strong>Unseri H\u00e8lge vo dr Fasnacht 2016<\/strong><\/p>\n\n\n\n<ul class=\"wp-block-list\"><li><a href=\"https:\/\/raere-waggis.ch\/wordpress\/index.php\/vergangenes\/fasnacht-2016\/waagebau-2016\/\" data-type=\"page\" data-id=\"664\">Waagebau<\/a><\/li><li><a href=\"https:\/\/raere-waggis.ch\/wordpress\/index.php\/vergangenes\/fasnacht-2016\/dauffi-2016\/\" data-type=\"page\" data-id=\"661\">Dauffi<\/a><\/li><li><a href=\"https:\/\/raere-waggis.ch\/wordpress\/index.php\/vergangenes\/fasnacht-2016\/maentig-2016\/\" data-type=\"page\" data-id=\"662\">M\u00e4\u00e4ntig<\/a><\/li><li><a href=\"https:\/\/raere-waggis.ch\/wordpress\/index.php\/vergangenes\/fasnacht-2016\/binggis-2016\/\" data-type=\"page\" data-id=\"1055\">Binggis<\/a><\/li><li><a href=\"https:\/\/raere-waggis.ch\/wordpress\/index.php\/vergangenes\/fasnacht-2016\/mittwuch-2016\/\" data-type=\"page\" data-id=\"663\">Mittwuch<\/a><\/li><li><a href=\"https:\/\/raere-waggis.ch\/wordpress\/index.php\/vergangenes\/fasnacht-2016\/bummel-2016\/\" data-type=\"page\" data-id=\"660\">Bummel<\/a><\/li><\/ul>\n<\/div><\/div>\n<\/div><\/div>\n\n\n\n<p><strong>Unser Sujet<\/strong><br>&#171;Dr B\u00e4rg rieft!&#187; <\/p>\n\n\n\n<p><strong>Comit\u00e9 Sujet<\/strong><br>\u00abMer mache dicht\u00bb<\/p>\n\n\n\n<p><strong><strong>Dr Blaggedde V\u00e4rs vom Fasnachts-Comit\u00e9<\/strong><\/strong><br>S Motto haisst, mer mache dicht.<br>Doodrzue basst grad die Gschicht.<br>Ich wott in e Laade goo.<br>Dert haissts, d\u00e4 isch nimme do.<br>Vor z\u00e4\u00e4 Daag duet d\u00e4 no w\u00e4\u00e4rbe.<br>Hit wirbt \u00e4r fir s Laadest\u00e4\u00e4rbe.<br>Noo d\u00e4m frogt mi aine glatt:<br>Goosch du z Basel no in d Stadt?<\/p>\n\n\n\n<p>M\u00e4ngge Laade isch nimm z redde.<br>Bildlig zaigt is daas d Balggedde.<br>Lueg, am Waggis loots kai Rueh.<br>\u00c4r macht jetz sy Laade zue.<br>Uff dr Kupfer nur e bitz.<br>D Silber zaigt, es isch kai Witz.<br>Vo dr Gold my letschte Bricht.<br>Jetz isch au d\u00e4 Laade sicht,<br>aber s Bijou het mi gfrait,<br>well en Alti Dante sait:<br>Waggis, syg jetz nit so muff,<br>noo drei Daag machsch wider uff.<\/p>\n\n\n\n<p>D Kupfer. D Silber, d Gold macht dicht.<br>Wiene Film lauft doo die Gschicht.<br>Und d\u00e4 Film kasch du elaige<br>jetz als Duumekino zaige.<br>Dass das goot, kaufsch fir dy Schatz<br>dass Mool grad e ganze Satz.<br>Dasch nit dyyr, drum machs ganz still,<br>vor dy Schatz en iPhone will.<\/p>\n\n\n\n<p>W\u00e4r vo Film e bitz verstoot,<br>frogt an w\u00e4r dr Oscar goot?<br>Zerscht gits aine fir d Regie.<br>S mues dr Giudo Happle sy.<br>Und als Produz\u00e4nt nimmt hit<br>au dr M\u00fcller no ain mit.<\/p>\n\n\n\n<p><em>So wird in dr Oscarnacht,<br>z Basel au d Blaggedde gmacht.<br><\/em>D \u201eFilmacademy\u201c juhee<br>isch jetz s Fasnachts-Comit\u00e9.<\/p>\n","protected":false},"excerpt":{"rendered":"<p>Unseri H\u00e8lge vo dr Fasnacht 2016 Waagebau Dauffi M\u00e4\u00e4ntig Binggis Mittwuch Bummel Unser Sujet&#171;Dr B\u00e4rg rieft!&#187; Comit\u00e9 Sujet\u00abMer mache dicht\u00bb Dr Blaggedde V\u00e4rs vom Fasnachts-Comit\u00e9S Motto haisst, mer mache dicht.Doodrzue basst grad die Gschicht.Ich wott in e Laade goo.Dert haissts, d\u00e4 isch nimme do.Vor z\u00e4\u00e4 Daag duet d\u00e4 no w\u00e4\u00e4rbe.Hit wirbt \u00e4r fir s Laadest\u00e4\u00e4rbe.Noo &hellip; <\/p>\n<p class=\"link-more\"><a href=\"https:\/\/raere-waggis.ch\/wordpress\/index.php\/helge\/fasnacht-2016\/\" class=\"more-link\"><span class=\"screen-reader-text\">&#171;Fasnacht 2016&#187;<\/span> weiterlesen<\/a><\/p>\n","protected":false},"author":1,"featured_media":0,"parent":136,"menu_order":0,"comment_status":"closed","ping_status":"closed","template":"","meta":{"footnotes":""},"class_list":["post-437","page","type-page","status-publish","hentry"],"_links":{"self":[{"href":"https:\/\/raere-waggis.ch\/wordpress\/index.php\/wp-json\/wp\/v2\/pages\/437","targetHints":{"allow":["GET"]}}],"collection":[{"href":"https:\/\/raere-waggis.ch\/wordpress\/index.php\/wp-json\/wp\/v2\/pages"}],"about":[{"href":"https:\/\/raere-waggis.ch\/wordpress\/index.php\/wp-json\/wp\/v2\/types\/page"}],"author":[{"embeddable":true,"href":"https:\/\/raere-waggis.ch\/wordpress\/index.php\/wp-json\/wp\/v2\/users\/1"}],"replies":[{"embeddable":true,"href":"https:\/\/raere-waggis.ch\/wordpress\/index.php\/wp-json\/wp\/v2\/comments?post=437"}],"version-history":[{"count":16,"href":"https:\/\/raere-waggis.ch\/wordpress\/index.php\/wp-json\/wp\/v2\/pages\/437\/revisions"}],"predecessor-version":[{"id":4813,"href":"https:\/\/raere-waggis.ch\/wordpress\/index.php\/wp-json\/wp\/v2\/pages\/437\/revisions\/4813"}],"up":[{"embeddable":true,"href":"https:\/\/raere-waggis.ch\/wordpress\/index.php\/wp-json\/wp\/v2\/pages\/136"}],"wp:attachment":[{"href":"https:\/\/raere-waggis.ch\/wordpress\/index.php\/wp-json\/wp\/v2\/media?parent=437"}],"curies":[{"name":"wp","href":"https:\/\/api.w.org\/{rel}","templated":true}]}}

<div class="breadcrumbs align  wp-block-bcn-breadcrumb-trail has-text-color has-background" vocab="https://schema.org/" typeof="BreadcrumbList">
	<span></span>
	</div>



<p></p>



<div class="wp-block-group"><div class="wp-block-group__inner-container is-layout-flow wp-block-group-is-layout-flow">
<div class="wp-block-media-text alignwide is-stacked-on-mobile is-vertically-aligned-center" style="grid-template-columns:26% auto"><figure class="wp-block-media-text__media"><a href="https://raere-waggis.ch/wordpress/wp-content/uploads/2022/02/2016-raere-blaggedde-buergin.jpg"><img loading="lazy" decoding="async" width="745" height="1024" src="https://raere-waggis.ch/wordpress/wp-content/uploads/2022/02/2016-raere-blaggedde-buergin-745x1024.jpg" alt="" class="wp-image-4340 size-full" srcset="https://raere-waggis.ch/wordpress/wp-content/uploads/2022/02/2016-raere-blaggedde-buergin-745x1024.jpg 745w, https://raere-waggis.ch/wordpress/wp-content/uploads/2022/02/2016-raere-blaggedde-buergin-218x300.jpg 218w, https://raere-waggis.ch/wordpress/wp-content/uploads/2022/02/2016-raere-blaggedde-buergin-768x1055.jpg 768w, https://raere-waggis.ch/wordpress/wp-content/uploads/2022/02/2016-raere-blaggedde-buergin-1118x1536.jpg 1118w, https://raere-waggis.ch/wordpress/wp-content/uploads/2022/02/2016-raere-blaggedde-buergin-1490x2048.jpg 1490w, https://raere-waggis.ch/wordpress/wp-content/uploads/2022/02/2016-raere-blaggedde-buergin.jpg 1580w" sizes="auto, (max-width: 706px) 89vw, (max-width: 767px) 82vw, 740px" /></a></figure><div class="wp-block-media-text__content">
<p><strong>Unseri Hèlge vo dr Fasnacht 2016</strong></p>



<ul class="wp-block-list"><li><a href="https://raere-waggis.ch/wordpress/index.php/vergangenes/fasnacht-2016/waagebau-2016/" data-type="page" data-id="664">Waagebau</a></li><li><a href="https://raere-waggis.ch/wordpress/index.php/vergangenes/fasnacht-2016/dauffi-2016/" data-type="page" data-id="661">Dauffi</a></li><li><a href="https://raere-waggis.ch/wordpress/index.php/vergangenes/fasnacht-2016/maentig-2016/" data-type="page" data-id="662">Määntig</a></li><li><a href="https://raere-waggis.ch/wordpress/index.php/vergangenes/fasnacht-2016/binggis-2016/" data-type="page" data-id="1055">Binggis</a></li><li><a href="https://raere-waggis.ch/wordpress/index.php/vergangenes/fasnacht-2016/mittwuch-2016/" data-type="page" data-id="663">Mittwuch</a></li><li><a href="https://raere-waggis.ch/wordpress/index.php/vergangenes/fasnacht-2016/bummel-2016/" data-type="page" data-id="660">Bummel</a></li></ul>
</div></div>
</div></div>



<p><strong>Unser Sujet</strong><br>&#171;Dr Bärg rieft!&#187; </p>



<p><strong>Comité Sujet</strong><br>«Mer mache dicht»</p>



<p><strong><strong>Dr Blaggedde Värs vom Fasnachts-Comité</strong></strong><br>S Motto haisst, mer mache dicht.<br>Doodrzue basst grad die Gschicht.<br>Ich wott in e Laade goo.<br>Dert haissts, dä isch nimme do.<br>Vor zää Daag duet dä no wäärbe.<br>Hit wirbt är fir s Laadestäärbe.<br>Noo däm frogt mi aine glatt:<br>Goosch du z Basel no in d Stadt?</p>



<p>Mängge Laade isch nimm z redde.<br>Bildlig zaigt is daas d Balggedde.<br>Lueg, am Waggis loots kai Rueh.<br>Är macht jetz sy Laade zue.<br>Uff dr Kupfer nur e bitz.<br>D Silber zaigt, es isch kai Witz.<br>Vo dr Gold my letschte Bricht.<br>Jetz isch au dä Laade sicht,<br>aber s Bijou het mi gfrait,<br>well en Alti Dante sait:<br>Waggis, syg jetz nit so muff,<br>noo drei Daag machsch wider uff.</p>



<p>D Kupfer. D Silber, d Gold macht dicht.<br>Wiene Film lauft doo die Gschicht.<br>Und dä Film kasch du elaige<br>jetz als Duumekino zaige.<br>Dass das goot, kaufsch fir dy Schatz<br>dass Mool grad e ganze Satz.<br>Dasch nit dyyr, drum machs ganz still,<br>vor dy Schatz en iPhone will.</p>



<p>Wär vo Film e bitz verstoot,<br>frogt an wär dr Oscar goot?<br>Zerscht gits aine fir d Regie.<br>S mues dr Giudo Happle sy.<br>Und als Produzänt nimmt hit<br>au dr Müller no ain mit.</p>



<p><em>So wird in dr Oscarnacht,<br>z Basel au d Blaggedde gmacht.<br></em>D „Filmacademy“ juhee<br>isch jetz s Fasnachts-Comité.</p>

<p>Unseri Hèlge vo dr Fasnacht 2016 Waagebau Dauffi Määntig Binggis Mittwuch Bummel Unser Sujet&#171;Dr Bärg rieft!&#187; Comité Sujet«Mer mache dicht» Dr Blaggedde Värs vom Fasnachts-ComitéS Motto haisst, mer mache dicht.Doodrzue basst grad die Gschicht.Ich wott in e Laade goo.Dert haissts, dä isch nimme do.Vor zää Daag duet dä no wäärbe.Hit wirbt är fir s Laadestäärbe.Noo &hellip; </p>
<p class="link-more"><a href="https://raere-waggis.ch/wordpress/index.php/helge/fasnacht-2016/" class="more-link"><span class="screen-reader-text">&#171;Fasnacht 2016&#187;</span> weiterlesen</a></p>
