{"id":454,"date":"2020-03-15T18:56:40","date_gmt":"2020-03-15T17:56:40","guid":{"rendered":"http:\/\/raere-waggis.ch\/wordpress\/?page_id=454"},"modified":"2022-03-02T18:44:58","modified_gmt":"2022-03-02T17:44:58","slug":"fasnacht-2015-2","status":"publish","type":"page","link":"https:\/\/raere-waggis.ch\/wordpress\/index.php\/helge\/fasnacht-2015-2\/","title":{"rendered":"Fasnacht 2015"},"content":{"rendered":"<div class=\"breadcrumbs align  wp-block-bcn-breadcrumb-trail has-text-color has-background\" vocab=\"https:\/\/schema.org\/\" typeof=\"BreadcrumbList\">\n\t<span><\/span>\n\t<\/div>\n\n\n\n<p><\/p>\n\n\n\n<div class=\"wp-block-group\"><div class=\"wp-block-group__inner-container is-layout-flow wp-block-group-is-layout-flow\">\n<div class=\"wp-block-media-text alignwide is-stacked-on-mobile is-vertically-aligned-center\" style=\"grid-template-columns:25% auto\"><figure class=\"wp-block-media-text__media\"><a href=\"https:\/\/raere-waggis.ch\/wordpress\/wp-content\/uploads\/2022\/02\/2015-raere-blaggedde-buergin.jpg\"><img loading=\"lazy\" decoding=\"async\" width=\"669\" height=\"1024\" src=\"https:\/\/raere-waggis.ch\/wordpress\/wp-content\/uploads\/2022\/02\/2015-raere-blaggedde-buergin-669x1024.jpg\" alt=\"\" class=\"wp-image-4342 size-full\" srcset=\"https:\/\/raere-waggis.ch\/wordpress\/wp-content\/uploads\/2022\/02\/2015-raere-blaggedde-buergin-669x1024.jpg 669w, https:\/\/raere-waggis.ch\/wordpress\/wp-content\/uploads\/2022\/02\/2015-raere-blaggedde-buergin-196x300.jpg 196w, https:\/\/raere-waggis.ch\/wordpress\/wp-content\/uploads\/2022\/02\/2015-raere-blaggedde-buergin-768x1175.jpg 768w, https:\/\/raere-waggis.ch\/wordpress\/wp-content\/uploads\/2022\/02\/2015-raere-blaggedde-buergin-1004x1536.jpg 1004w, https:\/\/raere-waggis.ch\/wordpress\/wp-content\/uploads\/2022\/02\/2015-raere-blaggedde-buergin-1338x2048.jpg 1338w, https:\/\/raere-waggis.ch\/wordpress\/wp-content\/uploads\/2022\/02\/2015-raere-blaggedde-buergin.jpg 1531w\" sizes=\"auto, (max-width: 669px) 100vw, 669px\" \/><\/a><\/figure><div class=\"wp-block-media-text__content\">\n<p><strong>Unseri H\u00e8lge vo dr Fasnacht 2015<\/strong><\/p>\n\n\n\n<ul class=\"wp-block-list\"><li><a href=\"https:\/\/raere-waggis.ch\/wordpress\/index.php\/vergangenes\/fasnacht-2015-2\/waagebau-2015\/\" data-type=\"page\" data-id=\"684\">Waagebau<\/a><\/li><li><a href=\"https:\/\/raere-waggis.ch\/wordpress\/index.php\/vergangenes\/fasnacht-2015-2\/dauffi-2015\/\" data-type=\"page\" data-id=\"681\">Dauffi<\/a><\/li><li><a href=\"https:\/\/raere-waggis.ch\/wordpress\/index.php\/vergangenes\/fasnacht-2015-2\/maentig-2015\/\" data-type=\"page\" data-id=\"682\">M\u00e4\u00e4ntig<\/a><\/li><li><a href=\"https:\/\/raere-waggis.ch\/wordpress\/index.php\/vergangenes\/fasnacht-2015-2\/binggis-2015\/\" data-type=\"page\" data-id=\"1054\">Binggis<\/a><\/li><li><a href=\"https:\/\/raere-waggis.ch\/wordpress\/index.php\/vergangenes\/fasnacht-2015-2\/mittwuch-2015\/\" data-type=\"page\" data-id=\"683\">Mittwuch<\/a><\/li><li><a href=\"https:\/\/raere-waggis.ch\/wordpress\/index.php\/vergangenes\/fasnacht-2015-2\/bummel-2015\/\" data-type=\"page\" data-id=\"680\">Bummel<\/a><\/li><\/ul>\n<\/div><\/div>\n<\/div><\/div>\n\n\n\n<p><strong>Unser Sujet<\/strong><br>&#171;Gits Hochbetriib uff em Ryy &#8211; isch s mit em Baggerschiff verbyy!&#187; <\/p>\n\n\n\n<p><strong>Unsere Waage<\/strong><br>Unsere Schlappe sufft jetz ab<br>und dr Bagger d\u00e4 gheit drab<\/p>\n\n\n\n<p><strong>Comit\u00e9 Sujet<\/strong><br>&#171;Mr basse in kai Schublaade&#187;<\/p>\n\n\n\n<p><strong><strong>Dr Blaggedde V\u00e4rs vom Fasnachts-Comit\u00e9<\/strong><\/strong><br>\u00c4ndlig haissts jetz r\u00e4d\u00e4b\u00e4ng<br>Die Schubl\u00e4\u00e4de sin vyl z \u00e4ng.<br>Uuse sait die Alti Dante.<br>Spiilet joo nit die Scharmante.<br>Ueli, Waggis, g\u00e4nnd ain druff,<br>machet eiri Schnure uff!<\/p>\n\n\n\n<p>Schrybet Zeedel fr\u00e4ch und spitz,<br>Schnitzelb\u00e4ngg mit Gaischt und Witz.<br>Lisischs, kasch nyt anders mache,<br>als au uff em WC z lache.<\/p>\n\n\n\n<p>Was dur s Joor so schieff als goot,<br>saisch au em Regierigsroot<br>S het dr Wessels drum verzellt,<br>\u00e4r haig Oorest\u00f6psel bstellt.<\/p>\n\n\n\n<p>Glygge, Gugge, B\u00e4nggler, W\u00e4\u00e4ge,<br>alli dien die Fasnacht pr\u00e4\u00e4ge,<br>dorum zaigt is die Blaggedde,<br>d Fasnacht het so vyl Facette.<br>Mainsch si basst no in d Schublaade,<br>noo bisch gaischtig arg verlaade.<\/p>\n\n\n\n<p>Das Schublaadem\u00f6bel doo<br>Duet am Rhy als Rochedurm stoo.<br>S dunggt is, ooni doo z benoote,<br>s isch d Blaggedde besser groote.<\/p>\n\n\n\n<p>Kischtler isch dr Tarek Moussalli,<br>wo sich sait, i hoff, dass sie eich gfalli.<br>Die Schublaade gseesch perf\u00e4ggt,<br>denn dr M\u00fcller het si pr\u00e4ggt.<br>Bim Verkauf, i sags eich hit,<br>giltet aber s Motto nit.<br>Jetz muesch in d Schublaade basse:<br>Gang gschwind go d Blaggedde fasse!<\/p>\n\n\n\n<p><\/p>\n","protected":false},"excerpt":{"rendered":"<p>Unseri H\u00e8lge vo dr Fasnacht 2015 Waagebau Dauffi M\u00e4\u00e4ntig Binggis Mittwuch Bummel Unser Sujet&#171;Gits Hochbetriib uff em Ryy &#8211; isch s mit em Baggerschiff verbyy!&#187; Unsere WaageUnsere Schlappe sufft jetz abund dr Bagger d\u00e4 gheit drab Comit\u00e9 Sujet&#171;Mr basse in kai Schublaade&#187; Dr Blaggedde V\u00e4rs vom Fasnachts-Comit\u00e9\u00c4ndlig haissts jetz r\u00e4d\u00e4b\u00e4ngDie Schubl\u00e4\u00e4de sin vyl z \u00e4ng.Uuse &hellip; <\/p>\n<p class=\"link-more\"><a href=\"https:\/\/raere-waggis.ch\/wordpress\/index.php\/helge\/fasnacht-2015-2\/\" class=\"more-link\"><span class=\"screen-reader-text\">&#171;Fasnacht 2015&#187;<\/span> weiterlesen<\/a><\/p>\n","protected":false},"author":1,"featured_media":0,"parent":136,"menu_order":0,"comment_status":"closed","ping_status":"closed","template":"","meta":{"footnotes":""},"class_list":["post-454","page","type-page","status-publish","hentry"],"_links":{"self":[{"href":"https:\/\/raere-waggis.ch\/wordpress\/index.php\/wp-json\/wp\/v2\/pages\/454","targetHints":{"allow":["GET"]}}],"collection":[{"href":"https:\/\/raere-waggis.ch\/wordpress\/index.php\/wp-json\/wp\/v2\/pages"}],"about":[{"href":"https:\/\/raere-waggis.ch\/wordpress\/index.php\/wp-json\/wp\/v2\/types\/page"}],"author":[{"embeddable":true,"href":"https:\/\/raere-waggis.ch\/wordpress\/index.php\/wp-json\/wp\/v2\/users\/1"}],"replies":[{"embeddable":true,"href":"https:\/\/raere-waggis.ch\/wordpress\/index.php\/wp-json\/wp\/v2\/comments?post=454"}],"version-history":[{"count":13,"href":"https:\/\/raere-waggis.ch\/wordpress\/index.php\/wp-json\/wp\/v2\/pages\/454\/revisions"}],"predecessor-version":[{"id":4814,"href":"https:\/\/raere-waggis.ch\/wordpress\/index.php\/wp-json\/wp\/v2\/pages\/454\/revisions\/4814"}],"up":[{"embeddable":true,"href":"https:\/\/raere-waggis.ch\/wordpress\/index.php\/wp-json\/wp\/v2\/pages\/136"}],"wp:attachment":[{"href":"https:\/\/raere-waggis.ch\/wordpress\/index.php\/wp-json\/wp\/v2\/media?parent=454"}],"curies":[{"name":"wp","href":"https:\/\/api.w.org\/{rel}","templated":true}]}}

<div class="breadcrumbs align  wp-block-bcn-breadcrumb-trail has-text-color has-background" vocab="https://schema.org/" typeof="BreadcrumbList">
	<span></span>
	</div>



<p></p>



<div class="wp-block-group"><div class="wp-block-group__inner-container is-layout-flow wp-block-group-is-layout-flow">
<div class="wp-block-media-text alignwide is-stacked-on-mobile is-vertically-aligned-center" style="grid-template-columns:25% auto"><figure class="wp-block-media-text__media"><a href="https://raere-waggis.ch/wordpress/wp-content/uploads/2022/02/2015-raere-blaggedde-buergin.jpg"><img loading="lazy" decoding="async" width="669" height="1024" src="https://raere-waggis.ch/wordpress/wp-content/uploads/2022/02/2015-raere-blaggedde-buergin-669x1024.jpg" alt="" class="wp-image-4342 size-full" srcset="https://raere-waggis.ch/wordpress/wp-content/uploads/2022/02/2015-raere-blaggedde-buergin-669x1024.jpg 669w, https://raere-waggis.ch/wordpress/wp-content/uploads/2022/02/2015-raere-blaggedde-buergin-196x300.jpg 196w, https://raere-waggis.ch/wordpress/wp-content/uploads/2022/02/2015-raere-blaggedde-buergin-768x1175.jpg 768w, https://raere-waggis.ch/wordpress/wp-content/uploads/2022/02/2015-raere-blaggedde-buergin-1004x1536.jpg 1004w, https://raere-waggis.ch/wordpress/wp-content/uploads/2022/02/2015-raere-blaggedde-buergin-1338x2048.jpg 1338w, https://raere-waggis.ch/wordpress/wp-content/uploads/2022/02/2015-raere-blaggedde-buergin.jpg 1531w" sizes="auto, (max-width: 669px) 100vw, 669px" /></a></figure><div class="wp-block-media-text__content">
<p><strong>Unseri Hèlge vo dr Fasnacht 2015</strong></p>



<ul class="wp-block-list"><li><a href="https://raere-waggis.ch/wordpress/index.php/vergangenes/fasnacht-2015-2/waagebau-2015/" data-type="page" data-id="684">Waagebau</a></li><li><a href="https://raere-waggis.ch/wordpress/index.php/vergangenes/fasnacht-2015-2/dauffi-2015/" data-type="page" data-id="681">Dauffi</a></li><li><a href="https://raere-waggis.ch/wordpress/index.php/vergangenes/fasnacht-2015-2/maentig-2015/" data-type="page" data-id="682">Määntig</a></li><li><a href="https://raere-waggis.ch/wordpress/index.php/vergangenes/fasnacht-2015-2/binggis-2015/" data-type="page" data-id="1054">Binggis</a></li><li><a href="https://raere-waggis.ch/wordpress/index.php/vergangenes/fasnacht-2015-2/mittwuch-2015/" data-type="page" data-id="683">Mittwuch</a></li><li><a href="https://raere-waggis.ch/wordpress/index.php/vergangenes/fasnacht-2015-2/bummel-2015/" data-type="page" data-id="680">Bummel</a></li></ul>
</div></div>
</div></div>



<p><strong>Unser Sujet</strong><br>&#171;Gits Hochbetriib uff em Ryy &#8211; isch s mit em Baggerschiff verbyy!&#187; </p>



<p><strong>Unsere Waage</strong><br>Unsere Schlappe sufft jetz ab<br>und dr Bagger dä gheit drab</p>



<p><strong>Comité Sujet</strong><br>&#171;Mr basse in kai Schublaade&#187;</p>



<p><strong><strong>Dr Blaggedde Värs vom Fasnachts-Comité</strong></strong><br>Ändlig haissts jetz rädäbäng<br>Die Schublääde sin vyl z äng.<br>Uuse sait die Alti Dante.<br>Spiilet joo nit die Scharmante.<br>Ueli, Waggis, gännd ain druff,<br>machet eiri Schnure uff!</p>



<p>Schrybet Zeedel fräch und spitz,<br>Schnitzelbängg mit Gaischt und Witz.<br>Lisischs, kasch nyt anders mache,<br>als au uff em WC z lache.</p>



<p>Was dur s Joor so schieff als goot,<br>saisch au em Regierigsroot<br>S het dr Wessels drum verzellt,<br>är haig Oorestöpsel bstellt.</p>



<p>Glygge, Gugge, Bänggler, Wääge,<br>alli dien die Fasnacht prääge,<br>dorum zaigt is die Blaggedde,<br>d Fasnacht het so vyl Facette.<br>Mainsch si basst no in d Schublaade,<br>noo bisch gaischtig arg verlaade.</p>



<p>Das Schublaademöbel doo<br>Duet am Rhy als Rochedurm stoo.<br>S dunggt is, ooni doo z benoote,<br>s isch d Blaggedde besser groote.</p>



<p>Kischtler isch dr Tarek Moussalli,<br>wo sich sait, i hoff, dass sie eich gfalli.<br>Die Schublaade gseesch perfäggt,<br>denn dr Müller het si präggt.<br>Bim Verkauf, i sags eich hit,<br>giltet aber s Motto nit.<br>Jetz muesch in d Schublaade basse:<br>Gang gschwind go d Blaggedde fasse!</p>



<p></p>

<p>Unseri Hèlge vo dr Fasnacht 2015 Waagebau Dauffi Määntig Binggis Mittwuch Bummel Unser Sujet&#171;Gits Hochbetriib uff em Ryy &#8211; isch s mit em Baggerschiff verbyy!&#187; Unsere WaageUnsere Schlappe sufft jetz abund dr Bagger dä gheit drab Comité Sujet&#171;Mr basse in kai Schublaade&#187; Dr Blaggedde Värs vom Fasnachts-ComitéÄndlig haissts jetz rädäbängDie Schublääde sin vyl z äng.Uuse &hellip; </p>
<p class="link-more"><a href="https://raere-waggis.ch/wordpress/index.php/helge/fasnacht-2015-2/" class="more-link"><span class="screen-reader-text">&#171;Fasnacht 2015&#187;</span> weiterlesen</a></p>
