{"id":576,"date":"2021-12-02T14:33:41","date_gmt":"2021-12-02T13:33:41","guid":{"rendered":"https:\/\/raere-waggis.ch\/wordpress\/?page_id=576"},"modified":"2022-03-02T19:30:55","modified_gmt":"2022-03-02T18:30:55","slug":"fasnacht-2012","status":"publish","type":"page","link":"https:\/\/raere-waggis.ch\/wordpress\/index.php\/helge\/fasnacht-2012\/","title":{"rendered":"Fasnacht 2012"},"content":{"rendered":"<div class=\"breadcrumbs align  wp-block-bcn-breadcrumb-trail has-text-color has-background\" vocab=\"https:\/\/schema.org\/\" typeof=\"BreadcrumbList\">\n\t<span><\/span>\n\t<\/div>\n\n\n\n<p><\/p>\n\n\n\n<div class=\"wp-block-group\"><div class=\"wp-block-group__inner-container is-layout-flow wp-block-group-is-layout-flow\">\n<div class=\"wp-block-media-text alignwide is-stacked-on-mobile is-vertically-aligned-center\" style=\"grid-template-columns:36% auto\"><figure class=\"wp-block-media-text__media\"><a href=\"https:\/\/raere-waggis.ch\/wordpress\/wp-content\/uploads\/2022\/02\/2012-raere-blaggedde-buergin.jpg\"><img loading=\"lazy\" decoding=\"async\" width=\"1024\" height=\"976\" src=\"https:\/\/raere-waggis.ch\/wordpress\/wp-content\/uploads\/2022\/02\/2012-raere-blaggedde-buergin-1024x976.jpg\" alt=\"\" class=\"wp-image-4346 size-full\" srcset=\"https:\/\/raere-waggis.ch\/wordpress\/wp-content\/uploads\/2022\/02\/2012-raere-blaggedde-buergin-1024x976.jpg 1024w, https:\/\/raere-waggis.ch\/wordpress\/wp-content\/uploads\/2022\/02\/2012-raere-blaggedde-buergin-300x286.jpg 300w, https:\/\/raere-waggis.ch\/wordpress\/wp-content\/uploads\/2022\/02\/2012-raere-blaggedde-buergin-768x732.jpg 768w, https:\/\/raere-waggis.ch\/wordpress\/wp-content\/uploads\/2022\/02\/2012-raere-blaggedde-buergin-1536x1464.jpg 1536w, https:\/\/raere-waggis.ch\/wordpress\/wp-content\/uploads\/2022\/02\/2012-raere-blaggedde-buergin.jpg 1680w\" sizes=\"auto, (max-width: 767px) 89vw, (max-width: 1000px) 54vw, (max-width: 1071px) 543px, 580px\" \/><\/a><\/figure><div class=\"wp-block-media-text__content\">\n<p><strong>Unseri H\u00e8lge vo dr Fasnacht 2012<\/strong><\/p>\n\n\n\n<ul class=\"wp-block-list\"><li><a href=\"https:\/\/raere-waggis.ch\/wordpress\/index.php\/vergangenes\/fasnacht-2012\/waagebau-2012\/\" data-type=\"page\" data-id=\"708\">Waagebau<\/a><\/li><li><a href=\"https:\/\/raere-waggis.ch\/wordpress\/index.php\/vergangenes\/fasnacht-2012\/dauffi-2012\/\" data-type=\"page\" data-id=\"705\">Dauffi<\/a><\/li><li><a href=\"https:\/\/raere-waggis.ch\/wordpress\/index.php\/vergangenes\/fasnacht-2012\/maentig-2012\/\" data-type=\"page\" data-id=\"706\">M\u00e4\u00e4ntig<\/a><\/li><li><a href=\"https:\/\/raere-waggis.ch\/wordpress\/index.php\/vergangenes\/fasnacht-2012\/binggis-2012\/\" data-type=\"page\" data-id=\"1051\">Binggis<\/a><\/li><li><a href=\"https:\/\/raere-waggis.ch\/wordpress\/index.php\/vergangenes\/fasnacht-2012\/mittwuch-2012\/\" data-type=\"page\" data-id=\"707\">Mittwuch<\/a><\/li><li><a href=\"https:\/\/raere-waggis.ch\/wordpress\/index.php\/vergangenes\/fasnacht-2012\/bummel-2012\/\" data-type=\"page\" data-id=\"704\">Bummel<\/a><\/li><\/ul>\n<\/div><\/div>\n<\/div><\/div>\n\n\n\n<p><strong>Unser Sujet<\/strong><br>&#171;Drotz Sujet h\u00e4n mir das Joor kaini R\u00f6gg,<br>e Raere Castle, wie allewyyl nur mit B\u00f6gg&#187;<br><br><strong>Unsere Sujet V\u00e4rs<\/strong><br>E Lugge w\u00e4nn si in d Kas\u00e4\u00e4rne schloo,<br>dermit me dir\u00e4ggt zem Ryy ka goo<br>Fir s Tattoo isch s kai gueti Sach,<br>d\u00e4 Duurgang dir\u00e4ggt zem Bach<br>Dr Schott spiilt bald s letscht Lied uff dr Zinne,<br>und d\u00e4nggt &#171;Well, yes, die Baseler spinne&#187;<\/p>\n\n\n\n<p><strong>Comit\u00e9 Sujet<\/strong><br>&#171;S glemmt!&#187;<br><br><strong><strong>Dr Blaggedde V\u00e4rs vom Fasnachts-Comit\u00e9<\/strong><\/strong><br>S glemmt, dr Euro isch so tief,<br>in dr Wirtschaft goot z viil schief.<br>S glemmt bi d\u00e4ne Waale z B\u00e4rn<br>und in Basel saits kain g\u00e4rn:<br>S het am Cort\u00e8ge zimlig glemmt,<br>drum isch s Comit\u00e9 bitz ghemmt.<br>S zaigt d\u00e4 Riissverschluss symboolisch, <br>dass das Motto gar nit hool isch.<\/p>\n\n\n\n<p>Glemmt er nit, dr Riissverschluss, <br>denn lauft d Fasnacht uus aim Guss. <br>D Guggemuusig f\u00e4\u00e4dlet ii,<br>s pfiifft und drummlet vis-\u00e0-vis. <br>Naime faart e Sch\u00e4\u00e4se duure.<br>D Waggis h\u00e4nn e groossi Schnuure.<\/p>\n\n\n\n<p>Grad d Frau Fasnacht sait is au:<br>Ich kumm nimme, gits nur Stau.<br>S Junteressli gnaggt die Nuss<br>und ziet gschwind am Riissverschluss. <br>Lueg, hets Junteressli gsait,<br>Stau, das isch Vergangehait!<\/p>\n\n\n\n<p>Kupfer, Silber, stegg si aa,<br>und de wirsch e Bijou haa.<br>Wottsch no mee, nimmsch d Goldblaggedde <br>mit dr Stadt als Silhouedde.<\/p>\n\n\n\n<p>Ai, d\u00e4 Kinschtler, saisch bim Gnaisse. <br>\u00c4r duet Roger Sigrist haisse.<br>Sii Entwurf h\u00e4nn mir scho gnosse <br>und dr M\u00fcller het en gosse.<\/p>\n\n\n\n<p>Duets zwor dusse m\u00e4nggmool glemme, <br>sott di jetze niit me hemme.<br>Ab uf d Gass, verkauf ab hit.<br>Bim Verkauf haissts: Doo glemmts nit!<\/p>\n\n\n\n<p><strong>D Asprooch vo unserer Waage-Gotte<\/strong><br>Erscht e Joor bini do drbi<br>E passiv Raere &#8211; das muesch sy<br><br>E steili Karriere hani k\u00f6nne mache<br>Dr Sch\u00e4mpis d\u00f6rfi h\u00fct lo krache<br><br>Mim Cousin hani das z verdanke<br>Dr Scheck nimi nochh\u00e4r &#8211; in schwyzer Franke<br><br>Als erscht het \u00e4r wieder d Schnurr ufgrisse<br>&#171;I kenn do eini&#8230;.&#187; &#8211; es isch zum sch&#8230;. schreie<br><br>&#171;Die macht das sicher, ganz easy locker&#187;<br>wie letscht Mittwuch dr Vale Stocker<br><br>Doch zugg zu d\u00e4mm wo-n-ich wett saage<br>S goht nit um mi &#8211; s goht um d\u00e4 Waage<br><br>S Tattoo isch gf\u00f6rdet &#8211; i kas kum glaube<br>Das isch als wenn me euch die R\u00e4r w\u00fcrd raube<br><br>E Loch zmittst dure w\u00e4nn sie bohre<br>S Tattoo w\u00e4r dodrmit verlore<br><br>Verschlugge w\u00fcrd dr Bach die T\u00f6n<br>S w\u00e4r nimmi s glych- s w\u00e4r nimmi sch\u00f6n<br><br>E Zeiche setzt d\u00e4 Waage do<br>Mir w\u00e4nn das nit &#8211; scho gar nit so!<br><br>Die Kl\u00e4ng vo Drummle willi h\u00f6re<br>E komisch Kauz wo das duet st\u00f6re<br><br>D\u00e4 Schock mien mir no zerscht verdaue<br>Drum wird am Bummel nach Schottland abghaue<br>E tolli Reis w\u00fcnsch ich und Spass<br>Und suffed Whisky vo dr Extraklass<br><br>F\u00fcr d Fasnacht liebi R\u00e4re-B\u00f6gg<br>Dient wild und lut &#8211; halt ohni R\u00f6gg<br><br>Verteilet R\u00e4ppli, D\u00e4\u00e4fi und Mimose<br>Das leider alles in schwarze Hose<br><br>H\u00e4t scho g\u00e4rn chli W\u00e4dli gseh<br>Und&#8230;&#8230;was isch drunter &#8211; w\u00fcrd jedi wunder neh!<br><br>Viel Arbet, H\u00e4rzbluet und au Schweiss<br>H\u00e4n dir do dri gsteckt &#8211; e jede weiss<br><br>Uf sim Rugge duet \u00e4r euch trage<br>D\u00e4 sch\u00f6ni stolzi Raere &#8211; Waage<br><br>Und nur e Bogg d\u00f6rf obe stoh<br>Kei wiiblig W\u00e4se isch zuegloh<br><br>Doch ohni d Ursi &#8211; ihr h\u00e4ttet Mieh<br>Miesste dir d\u00e4 Charre zieh<br><br>Und eimol meh &#8211; w\u00e4r h\u00e4ttis d\u00e4nkt<br>Ischs e Frau wo alles l\u00e4nkt<br><br>So gnueg lang gredet, gschwaflet, dichtet<br>Jetzt isch dr Bligg uf d Fasnacht grichtet<br><br>Drei scheeni D\u00e4\u00e4g w\u00fcnsch ich als Gotti<br>Am Cort\u00e8ge standi &#8211; e Bliemli wotti<br><br>No 17 Stund denn gohts scho los<br>Dr Puls stiegt a und d Freud isch gross<br><br>Uf d Fasnacht 12 wirsch du jetzt dauft<br>Dass alles wie am Schnierli lauft<\/p>\n\n\n\n<p><\/p>\n","protected":false},"excerpt":{"rendered":"<p>Unseri H\u00e8lge vo dr Fasnacht 2012 Waagebau Dauffi M\u00e4\u00e4ntig Binggis Mittwuch Bummel Unser Sujet&#171;Drotz Sujet h\u00e4n mir das Joor kaini R\u00f6gg,e Raere Castle, wie allewyyl nur mit B\u00f6gg&#187; Unsere Sujet V\u00e4rsE Lugge w\u00e4nn si in d Kas\u00e4\u00e4rne schloo,dermit me dir\u00e4ggt zem Ryy ka gooFir s Tattoo isch s kai gueti Sach,d\u00e4 Duurgang dir\u00e4ggt zem BachDr &hellip; <\/p>\n<p class=\"link-more\"><a href=\"https:\/\/raere-waggis.ch\/wordpress\/index.php\/helge\/fasnacht-2012\/\" class=\"more-link\"><span class=\"screen-reader-text\">&#171;Fasnacht 2012&#187;<\/span> weiterlesen<\/a><\/p>\n","protected":false},"author":1,"featured_media":0,"parent":136,"menu_order":0,"comment_status":"closed","ping_status":"closed","template":"","meta":{"footnotes":""},"class_list":["post-576","page","type-page","status-publish","hentry"],"_links":{"self":[{"href":"https:\/\/raere-waggis.ch\/wordpress\/index.php\/wp-json\/wp\/v2\/pages\/576","targetHints":{"allow":["GET"]}}],"collection":[{"href":"https:\/\/raere-waggis.ch\/wordpress\/index.php\/wp-json\/wp\/v2\/pages"}],"about":[{"href":"https:\/\/raere-waggis.ch\/wordpress\/index.php\/wp-json\/wp\/v2\/types\/page"}],"author":[{"embeddable":true,"href":"https:\/\/raere-waggis.ch\/wordpress\/index.php\/wp-json\/wp\/v2\/users\/1"}],"replies":[{"embeddable":true,"href":"https:\/\/raere-waggis.ch\/wordpress\/index.php\/wp-json\/wp\/v2\/comments?post=576"}],"version-history":[{"count":10,"href":"https:\/\/raere-waggis.ch\/wordpress\/index.php\/wp-json\/wp\/v2\/pages\/576\/revisions"}],"predecessor-version":[{"id":4836,"href":"https:\/\/raere-waggis.ch\/wordpress\/index.php\/wp-json\/wp\/v2\/pages\/576\/revisions\/4836"}],"up":[{"embeddable":true,"href":"https:\/\/raere-waggis.ch\/wordpress\/index.php\/wp-json\/wp\/v2\/pages\/136"}],"wp:attachment":[{"href":"https:\/\/raere-waggis.ch\/wordpress\/index.php\/wp-json\/wp\/v2\/media?parent=576"}],"curies":[{"name":"wp","href":"https:\/\/api.w.org\/{rel}","templated":true}]}}

<div class="breadcrumbs align  wp-block-bcn-breadcrumb-trail has-text-color has-background" vocab="https://schema.org/" typeof="BreadcrumbList">
	<span></span>
	</div>



<p></p>



<div class="wp-block-group"><div class="wp-block-group__inner-container is-layout-flow wp-block-group-is-layout-flow">
<div class="wp-block-media-text alignwide is-stacked-on-mobile is-vertically-aligned-center" style="grid-template-columns:36% auto"><figure class="wp-block-media-text__media"><a href="https://raere-waggis.ch/wordpress/wp-content/uploads/2022/02/2012-raere-blaggedde-buergin.jpg"><img loading="lazy" decoding="async" width="1024" height="976" src="https://raere-waggis.ch/wordpress/wp-content/uploads/2022/02/2012-raere-blaggedde-buergin-1024x976.jpg" alt="" class="wp-image-4346 size-full" srcset="https://raere-waggis.ch/wordpress/wp-content/uploads/2022/02/2012-raere-blaggedde-buergin-1024x976.jpg 1024w, https://raere-waggis.ch/wordpress/wp-content/uploads/2022/02/2012-raere-blaggedde-buergin-300x286.jpg 300w, https://raere-waggis.ch/wordpress/wp-content/uploads/2022/02/2012-raere-blaggedde-buergin-768x732.jpg 768w, https://raere-waggis.ch/wordpress/wp-content/uploads/2022/02/2012-raere-blaggedde-buergin-1536x1464.jpg 1536w, https://raere-waggis.ch/wordpress/wp-content/uploads/2022/02/2012-raere-blaggedde-buergin.jpg 1680w" sizes="auto, (max-width: 767px) 89vw, (max-width: 1000px) 54vw, (max-width: 1071px) 543px, 580px" /></a></figure><div class="wp-block-media-text__content">
<p><strong>Unseri Hèlge vo dr Fasnacht 2012</strong></p>



<ul class="wp-block-list"><li><a href="https://raere-waggis.ch/wordpress/index.php/vergangenes/fasnacht-2012/waagebau-2012/" data-type="page" data-id="708">Waagebau</a></li><li><a href="https://raere-waggis.ch/wordpress/index.php/vergangenes/fasnacht-2012/dauffi-2012/" data-type="page" data-id="705">Dauffi</a></li><li><a href="https://raere-waggis.ch/wordpress/index.php/vergangenes/fasnacht-2012/maentig-2012/" data-type="page" data-id="706">Määntig</a></li><li><a href="https://raere-waggis.ch/wordpress/index.php/vergangenes/fasnacht-2012/binggis-2012/" data-type="page" data-id="1051">Binggis</a></li><li><a href="https://raere-waggis.ch/wordpress/index.php/vergangenes/fasnacht-2012/mittwuch-2012/" data-type="page" data-id="707">Mittwuch</a></li><li><a href="https://raere-waggis.ch/wordpress/index.php/vergangenes/fasnacht-2012/bummel-2012/" data-type="page" data-id="704">Bummel</a></li></ul>
</div></div>
</div></div>



<p><strong>Unser Sujet</strong><br>&#171;Drotz Sujet hän mir das Joor kaini Rögg,<br>e Raere Castle, wie allewyyl nur mit Bögg&#187;<br><br><strong>Unsere Sujet Värs</strong><br>E Lugge wänn si in d Kasäärne schloo,<br>dermit me diräggt zem Ryy ka goo<br>Fir s Tattoo isch s kai gueti Sach,<br>dä Duurgang diräggt zem Bach<br>Dr Schott spiilt bald s letscht Lied uff dr Zinne,<br>und dänggt &#171;Well, yes, die Baseler spinne&#187;</p>



<p><strong>Comité Sujet</strong><br>&#171;S glemmt!&#187;<br><br><strong><strong>Dr Blaggedde Värs vom Fasnachts-Comité</strong></strong><br>S glemmt, dr Euro isch so tief,<br>in dr Wirtschaft goot z viil schief.<br>S glemmt bi däne Waale z Bärn<br>und in Basel saits kain gärn:<br>S het am Cortège zimlig glemmt,<br>drum isch s Comité bitz ghemmt.<br>S zaigt dä Riissverschluss symboolisch, <br>dass das Motto gar nit hool isch.</p>



<p>Glemmt er nit, dr Riissverschluss, <br>denn lauft d Fasnacht uus aim Guss. <br>D Guggemuusig fäädlet ii,<br>s pfiifft und drummlet vis-à-vis. <br>Naime faart e Schääse duure.<br>D Waggis hänn e groossi Schnuure.</p>



<p>Grad d Frau Fasnacht sait is au:<br>Ich kumm nimme, gits nur Stau.<br>S Junteressli gnaggt die Nuss<br>und ziet gschwind am Riissverschluss. <br>Lueg, hets Junteressli gsait,<br>Stau, das isch Vergangehait!</p>



<p>Kupfer, Silber, stegg si aa,<br>und de wirsch e Bijou haa.<br>Wottsch no mee, nimmsch d Goldblaggedde <br>mit dr Stadt als Silhouedde.</p>



<p>Ai, dä Kinschtler, saisch bim Gnaisse. <br>Är duet Roger Sigrist haisse.<br>Sii Entwurf hänn mir scho gnosse <br>und dr Müller het en gosse.</p>



<p>Duets zwor dusse mänggmool glemme, <br>sott di jetze niit me hemme.<br>Ab uf d Gass, verkauf ab hit.<br>Bim Verkauf haissts: Doo glemmts nit!</p>



<p><strong>D Asprooch vo unserer Waage-Gotte</strong><br>Erscht e Joor bini do drbi<br>E passiv Raere &#8211; das muesch sy<br><br>E steili Karriere hani könne mache<br>Dr Schämpis dörfi hüt lo krache<br><br>Mim Cousin hani das z verdanke<br>Dr Scheck nimi nochhär &#8211; in schwyzer Franke<br><br>Als erscht het är wieder d Schnurr ufgrisse<br>&#171;I kenn do eini&#8230;.&#187; &#8211; es isch zum sch&#8230;. schreie<br><br>&#171;Die macht das sicher, ganz easy locker&#187;<br>wie letscht Mittwuch dr Vale Stocker<br><br>Doch zugg zu dämm wo-n-ich wett saage<br>S goht nit um mi &#8211; s goht um dä Waage<br><br>S Tattoo isch gfördet &#8211; i kas kum glaube<br>Das isch als wenn me euch die Rär würd raube<br><br>E Loch zmittst dure wänn sie bohre<br>S Tattoo wär dodrmit verlore<br><br>Verschlugge würd dr Bach die Tön<br>S wär nimmi s glych- s wär nimmi schön<br><br>E Zeiche setzt dä Waage do<br>Mir wänn das nit &#8211; scho gar nit so!<br><br>Die Kläng vo Drummle willi höre<br>E komisch Kauz wo das duet störe<br><br>Dä Schock mien mir no zerscht verdaue<br>Drum wird am Bummel nach Schottland abghaue<br>E tolli Reis wünsch ich und Spass<br>Und suffed Whisky vo dr Extraklass<br><br>Für d Fasnacht liebi Räre-Bögg<br>Dient wild und lut &#8211; halt ohni Rögg<br><br>Verteilet Räppli, Dääfi und Mimose<br>Das leider alles in schwarze Hose<br><br>Hät scho gärn chli Wädli gseh<br>Und&#8230;&#8230;was isch drunter &#8211; würd jedi wunder neh!<br><br>Viel Arbet, Härzbluet und au Schweiss<br>Hän dir do dri gsteckt &#8211; e jede weiss<br><br>Uf sim Rugge duet är euch trage<br>Dä schöni stolzi Raere &#8211; Waage<br><br>Und nur e Bogg dörf obe stoh<br>Kei wiiblig Wäse isch zuegloh<br><br>Doch ohni d Ursi &#8211; ihr hättet Mieh<br>Miesste dir dä Charre zieh<br><br>Und eimol meh &#8211; wär hättis dänkt<br>Ischs e Frau wo alles länkt<br><br>So gnueg lang gredet, gschwaflet, dichtet<br>Jetzt isch dr Bligg uf d Fasnacht grichtet<br><br>Drei scheeni Dääg wünsch ich als Gotti<br>Am Cortège standi &#8211; e Bliemli wotti<br><br>No 17 Stund denn gohts scho los<br>Dr Puls stiegt a und d Freud isch gross<br><br>Uf d Fasnacht 12 wirsch du jetzt dauft<br>Dass alles wie am Schnierli lauft</p>



<p></p>

<p>Unseri Hèlge vo dr Fasnacht 2012 Waagebau Dauffi Määntig Binggis Mittwuch Bummel Unser Sujet&#171;Drotz Sujet hän mir das Joor kaini Rögg,e Raere Castle, wie allewyyl nur mit Bögg&#187; Unsere Sujet VärsE Lugge wänn si in d Kasäärne schloo,dermit me diräggt zem Ryy ka gooFir s Tattoo isch s kai gueti Sach,dä Duurgang diräggt zem BachDr &hellip; </p>
<p class="link-more"><a href="https://raere-waggis.ch/wordpress/index.php/helge/fasnacht-2012/" class="more-link"><span class="screen-reader-text">&#171;Fasnacht 2012&#187;</span> weiterlesen</a></p>
