{"id":581,"date":"2021-12-02T14:38:00","date_gmt":"2021-12-02T13:38:00","guid":{"rendered":"https:\/\/raere-waggis.ch\/wordpress\/?page_id=581"},"modified":"2022-03-02T18:56:59","modified_gmt":"2022-03-02T17:56:59","slug":"fasnacht-2011","status":"publish","type":"page","link":"https:\/\/raere-waggis.ch\/wordpress\/index.php\/helge\/fasnacht-2011\/","title":{"rendered":"Fasnacht 2011"},"content":{"rendered":"<div class=\"breadcrumbs align  wp-block-bcn-breadcrumb-trail has-text-color has-background\" vocab=\"https:\/\/schema.org\/\" typeof=\"BreadcrumbList\">\n\t<span><\/span>\n\t<\/div>\n\n\n\n<p><\/p>\n\n\n\n<div class=\"wp-block-group\"><div class=\"wp-block-group__inner-container is-layout-flow wp-block-group-is-layout-flow\">\n<div class=\"wp-block-media-text alignwide is-stacked-on-mobile is-vertically-aligned-center\" style=\"grid-template-columns:40% auto\"><figure class=\"wp-block-media-text__media\"><a href=\"https:\/\/raere-waggis.ch\/wordpress\/wp-content\/uploads\/2022\/02\/2011-blaggedde-2.jpg\"><img loading=\"lazy\" decoding=\"async\" width=\"1024\" height=\"599\" src=\"https:\/\/raere-waggis.ch\/wordpress\/wp-content\/uploads\/2022\/02\/2011-blaggedde-2-1024x599.jpg\" alt=\"\" class=\"wp-image-4389 size-full\" srcset=\"https:\/\/raere-waggis.ch\/wordpress\/wp-content\/uploads\/2022\/02\/2011-blaggedde-2-1024x599.jpg 1024w, https:\/\/raere-waggis.ch\/wordpress\/wp-content\/uploads\/2022\/02\/2011-blaggedde-2-300x175.jpg 300w, https:\/\/raere-waggis.ch\/wordpress\/wp-content\/uploads\/2022\/02\/2011-blaggedde-2-768x449.jpg 768w, https:\/\/raere-waggis.ch\/wordpress\/wp-content\/uploads\/2022\/02\/2011-blaggedde-2-1536x898.jpg 1536w, https:\/\/raere-waggis.ch\/wordpress\/wp-content\/uploads\/2022\/02\/2011-blaggedde-2.jpg 1751w\" sizes=\"auto, (max-width: 767px) 89vw, (max-width: 1000px) 54vw, (max-width: 1071px) 543px, 580px\" \/><\/a><\/figure><div class=\"wp-block-media-text__content\">\n<p><strong>Unseri H\u00e8lge vo dr Fasnacht 2011<\/strong><\/p>\n\n\n\n<ul class=\"wp-block-list\"><li><a href=\"https:\/\/raere-waggis.ch\/wordpress\/index.php\/vergangenes\/fasnacht-2011\/waagebau-2011\/\" data-type=\"page\" data-id=\"702\">Waagebau<\/a><\/li><li><a href=\"https:\/\/raere-waggis.ch\/wordpress\/index.php\/vergangenes\/fasnacht-2011\/dauffi-2011\/\" data-type=\"page\" data-id=\"699\">Dauffi<\/a><\/li><li><a href=\"https:\/\/raere-waggis.ch\/wordpress\/index.php\/vergangenes\/fasnacht-2011\/maentig-2011\/\" data-type=\"page\" data-id=\"700\">M\u00e4\u00e4ntig<\/a><\/li><li><a href=\"https:\/\/raere-waggis.ch\/wordpress\/index.php\/vergangenes\/fasnacht-2011\/binggis-2011\/\" data-type=\"page\" data-id=\"1050\">Binggis<\/a><\/li><li><a href=\"https:\/\/raere-waggis.ch\/wordpress\/index.php\/vergangenes\/fasnacht-2011\/mittwuch-2011\/\" data-type=\"page\" data-id=\"701\">Mittwuch<\/a><\/li><li><a href=\"https:\/\/raere-waggis.ch\/wordpress\/index.php\/vergangenes\/fasnacht-2011\/bummel-2011\/\" data-type=\"page\" data-id=\"698\">Bummel<\/a><\/li><\/ul>\n\n\n\n<p><\/p>\n<\/div><\/div>\n<\/div><\/div>\n\n\n\n<p><strong>Unser Sujet<\/strong><br>&#171;Drotz dr Wiirtschaft, no immer schyyter; <br>goot s uf Pump, aber mit Prunk so wyter!&#187;<\/p>\n\n\n\n<p><strong>Comit\u00e9 Sujet<\/strong><br>&#171;Z\u00e4mme f\u00e4gts!&#187;<\/p>\n\n\n\n<p><strong><strong>Dr Blaggedde V\u00e4rs vom Fasnachts-Comit\u00e9<\/strong><\/strong><br>S pfyfft und drummlet, d Gugge schr\u00e4nze.<br>D B\u00e4ngg dien mit de Pointe gl\u00e4nze.<br>D Fasnacht isch doch ebbis ganz perf\u00e4gts<br>noonem Motto \u201ez\u00e4mme f\u00e4gts\u201c!<br>Im letschte Summer duet bi R\u00e4\u00e4ge<br>ain gaischtig scho d Blaggedde pr\u00e4\u00e4ge.<br>D Kinder sinn e bitz drgeege,<br>denn si wette Puzzle leege.<br>Dr Domo L\u00f6w sait sich, s isch digg,<br>d Blaggedde isch e Puzzle-Stigg!<br>S het e Tambour uf dr Kupfer,<br>silbrig setzt dr Waggis Tupfer.<br>D Gold-Blaggedde het kai Lugge.<br>Dert findsch d B\u00e4nggler mit de Gugge.<br>Die alti Dante bringt is eedel<br>uf em Bijou no dr Zeedel.<br>Das Joor kasch, de merggsches jetze,<br>die ganzi Fasnacht z\u00e4mmesetze.<br>Dr D\u00e4ni M\u00fcller het si pr\u00e4gt,<br>so guet, dass es z\u00e4mme f\u00e4gt!<br>Jedi anderscht, s isch e Ding,<br>das haisst hitte Marketing!<br>Lyt, wo jedes Sujet wette,<br>kaufe also vier Blaggedde.<br>Vier, dasch vyl. Ob Frau, ob Maa,<br>sott me sicher aini haa!<br>Z\u00e4mme f\u00e4gts so umso mee,<br>danggscheen sait eich s Comit\u00e9.<\/p>\n\n\n\n<p><\/p>\n","protected":false},"excerpt":{"rendered":"<p>Unseri H\u00e8lge vo dr Fasnacht 2011 Waagebau Dauffi M\u00e4\u00e4ntig Binggis Mittwuch Bummel Unser Sujet&#171;Drotz dr Wiirtschaft, no immer schyyter; goot s uf Pump, aber mit Prunk so wyter!&#187; Comit\u00e9 Sujet&#171;Z\u00e4mme f\u00e4gts!&#187; Dr Blaggedde V\u00e4rs vom Fasnachts-Comit\u00e9S pfyfft und drummlet, d Gugge schr\u00e4nze.D B\u00e4ngg dien mit de Pointe gl\u00e4nze.D Fasnacht isch doch ebbis ganz perf\u00e4gtsnoonem Motto &hellip; <\/p>\n<p class=\"link-more\"><a href=\"https:\/\/raere-waggis.ch\/wordpress\/index.php\/helge\/fasnacht-2011\/\" class=\"more-link\"><span class=\"screen-reader-text\">&#171;Fasnacht 2011&#187;<\/span> weiterlesen<\/a><\/p>\n","protected":false},"author":1,"featured_media":0,"parent":136,"menu_order":0,"comment_status":"closed","ping_status":"closed","template":"","meta":{"footnotes":""},"class_list":["post-581","page","type-page","status-publish","hentry"],"_links":{"self":[{"href":"https:\/\/raere-waggis.ch\/wordpress\/index.php\/wp-json\/wp\/v2\/pages\/581","targetHints":{"allow":["GET"]}}],"collection":[{"href":"https:\/\/raere-waggis.ch\/wordpress\/index.php\/wp-json\/wp\/v2\/pages"}],"about":[{"href":"https:\/\/raere-waggis.ch\/wordpress\/index.php\/wp-json\/wp\/v2\/types\/page"}],"author":[{"embeddable":true,"href":"https:\/\/raere-waggis.ch\/wordpress\/index.php\/wp-json\/wp\/v2\/users\/1"}],"replies":[{"embeddable":true,"href":"https:\/\/raere-waggis.ch\/wordpress\/index.php\/wp-json\/wp\/v2\/comments?post=581"}],"version-history":[{"count":13,"href":"https:\/\/raere-waggis.ch\/wordpress\/index.php\/wp-json\/wp\/v2\/pages\/581\/revisions"}],"predecessor-version":[{"id":4823,"href":"https:\/\/raere-waggis.ch\/wordpress\/index.php\/wp-json\/wp\/v2\/pages\/581\/revisions\/4823"}],"up":[{"embeddable":true,"href":"https:\/\/raere-waggis.ch\/wordpress\/index.php\/wp-json\/wp\/v2\/pages\/136"}],"wp:attachment":[{"href":"https:\/\/raere-waggis.ch\/wordpress\/index.php\/wp-json\/wp\/v2\/media?parent=581"}],"curies":[{"name":"wp","href":"https:\/\/api.w.org\/{rel}","templated":true}]}}

<div class="breadcrumbs align  wp-block-bcn-breadcrumb-trail has-text-color has-background" vocab="https://schema.org/" typeof="BreadcrumbList">
	<span></span>
	</div>



<p></p>



<div class="wp-block-group"><div class="wp-block-group__inner-container is-layout-flow wp-block-group-is-layout-flow">
<div class="wp-block-media-text alignwide is-stacked-on-mobile is-vertically-aligned-center" style="grid-template-columns:40% auto"><figure class="wp-block-media-text__media"><a href="https://raere-waggis.ch/wordpress/wp-content/uploads/2022/02/2011-blaggedde-2.jpg"><img loading="lazy" decoding="async" width="1024" height="599" src="https://raere-waggis.ch/wordpress/wp-content/uploads/2022/02/2011-blaggedde-2-1024x599.jpg" alt="" class="wp-image-4389 size-full" srcset="https://raere-waggis.ch/wordpress/wp-content/uploads/2022/02/2011-blaggedde-2-1024x599.jpg 1024w, https://raere-waggis.ch/wordpress/wp-content/uploads/2022/02/2011-blaggedde-2-300x175.jpg 300w, https://raere-waggis.ch/wordpress/wp-content/uploads/2022/02/2011-blaggedde-2-768x449.jpg 768w, https://raere-waggis.ch/wordpress/wp-content/uploads/2022/02/2011-blaggedde-2-1536x898.jpg 1536w, https://raere-waggis.ch/wordpress/wp-content/uploads/2022/02/2011-blaggedde-2.jpg 1751w" sizes="auto, (max-width: 767px) 89vw, (max-width: 1000px) 54vw, (max-width: 1071px) 543px, 580px" /></a></figure><div class="wp-block-media-text__content">
<p><strong>Unseri Hèlge vo dr Fasnacht 2011</strong></p>



<ul class="wp-block-list"><li><a href="https://raere-waggis.ch/wordpress/index.php/vergangenes/fasnacht-2011/waagebau-2011/" data-type="page" data-id="702">Waagebau</a></li><li><a href="https://raere-waggis.ch/wordpress/index.php/vergangenes/fasnacht-2011/dauffi-2011/" data-type="page" data-id="699">Dauffi</a></li><li><a href="https://raere-waggis.ch/wordpress/index.php/vergangenes/fasnacht-2011/maentig-2011/" data-type="page" data-id="700">Määntig</a></li><li><a href="https://raere-waggis.ch/wordpress/index.php/vergangenes/fasnacht-2011/binggis-2011/" data-type="page" data-id="1050">Binggis</a></li><li><a href="https://raere-waggis.ch/wordpress/index.php/vergangenes/fasnacht-2011/mittwuch-2011/" data-type="page" data-id="701">Mittwuch</a></li><li><a href="https://raere-waggis.ch/wordpress/index.php/vergangenes/fasnacht-2011/bummel-2011/" data-type="page" data-id="698">Bummel</a></li></ul>



<p></p>
</div></div>
</div></div>



<p><strong>Unser Sujet</strong><br>&#171;Drotz dr Wiirtschaft, no immer schyyter; <br>goot s uf Pump, aber mit Prunk so wyter!&#187;</p>



<p><strong>Comité Sujet</strong><br>&#171;Zämme fägts!&#187;</p>



<p><strong><strong>Dr Blaggedde Värs vom Fasnachts-Comité</strong></strong><br>S pfyfft und drummlet, d Gugge schränze.<br>D Bängg dien mit de Pointe glänze.<br>D Fasnacht isch doch ebbis ganz perfägts<br>noonem Motto „zämme fägts“!<br>Im letschte Summer duet bi Rääge<br>ain gaischtig scho d Blaggedde prääge.<br>D Kinder sinn e bitz drgeege,<br>denn si wette Puzzle leege.<br>Dr Domo Löw sait sich, s isch digg,<br>d Blaggedde isch e Puzzle-Stigg!<br>S het e Tambour uf dr Kupfer,<br>silbrig setzt dr Waggis Tupfer.<br>D Gold-Blaggedde het kai Lugge.<br>Dert findsch d Bänggler mit de Gugge.<br>Die alti Dante bringt is eedel<br>uf em Bijou no dr Zeedel.<br>Das Joor kasch, de merggsches jetze,<br>die ganzi Fasnacht zämmesetze.<br>Dr Däni Müller het si prägt,<br>so guet, dass es zämme fägt!<br>Jedi anderscht, s isch e Ding,<br>das haisst hitte Marketing!<br>Lyt, wo jedes Sujet wette,<br>kaufe also vier Blaggedde.<br>Vier, dasch vyl. Ob Frau, ob Maa,<br>sott me sicher aini haa!<br>Zämme fägts so umso mee,<br>danggscheen sait eich s Comité.</p>



<p></p>

<p>Unseri Hèlge vo dr Fasnacht 2011 Waagebau Dauffi Määntig Binggis Mittwuch Bummel Unser Sujet&#171;Drotz dr Wiirtschaft, no immer schyyter; goot s uf Pump, aber mit Prunk so wyter!&#187; Comité Sujet&#171;Zämme fägts!&#187; Dr Blaggedde Värs vom Fasnachts-ComitéS pfyfft und drummlet, d Gugge schränze.D Bängg dien mit de Pointe glänze.D Fasnacht isch doch ebbis ganz perfägtsnoonem Motto &hellip; </p>
<p class="link-more"><a href="https://raere-waggis.ch/wordpress/index.php/helge/fasnacht-2011/" class="more-link"><span class="screen-reader-text">&#171;Fasnacht 2011&#187;</span> weiterlesen</a></p>
