{"id":5842,"date":"2026-01-25T19:02:14","date_gmt":"2026-01-25T18:02:14","guid":{"rendered":"https:\/\/raere-waggis.ch\/wordpress\/?page_id=5842"},"modified":"2026-03-09T20:57:46","modified_gmt":"2026-03-09T19:57:46","slug":"fasnacht-2026","status":"publish","type":"page","link":"https:\/\/raere-waggis.ch\/wordpress\/index.php\/helge\/fasnacht-2026\/","title":{"rendered":"Fasnacht 2026"},"content":{"rendered":"<div class=\"breadcrumbs align  wp-block-bcn-breadcrumb-trail has-text-color has-background\" vocab=\"https:\/\/schema.org\/\" typeof=\"BreadcrumbList\">\n\t<span><\/span>\n\t<\/div>\n\n\n\n<p><\/p>\n\n\n\n<div class=\"wp-block-columns alignwide are-vertically-aligned-center is-layout-flex wp-container-core-columns-is-layout-9d6595d7 wp-block-columns-is-layout-flex\">\n<div class=\"wp-block-column is-layout-flow wp-block-column-is-layout-flow\" style=\"flex-basis:35%\">\n<figure data-wp-context=\"{&quot;imageId&quot;:&quot;6a96724e2df35&quot;}\" data-wp-interactive=\"core\/image\" data-wp-key=\"6a96724e2df35\" class=\"wp-block-image size-large wp-lightbox-container\"><img loading=\"lazy\" decoding=\"async\" width=\"725\" height=\"1024\" data-wp-class--hide=\"state.isContentHidden\" data-wp-class--show=\"state.isContentVisible\" data-wp-init=\"callbacks.setButtonStyles\" data-wp-on--click=\"actions.showLightbox\" data-wp-on--load=\"callbacks.setButtonStyles\" data-wp-on-window--resize=\"callbacks.setButtonStyles\" src=\"https:\/\/raere-waggis.ch\/wordpress\/wp-content\/uploads\/2026\/02\/WhatsApp-Image-2026-02-12-at-15.08.52-Photoroom-725x1024.png\" alt=\"\" class=\"wp-image-5932\" srcset=\"https:\/\/raere-waggis.ch\/wordpress\/wp-content\/uploads\/2026\/02\/WhatsApp-Image-2026-02-12-at-15.08.52-Photoroom-725x1024.png 725w, https:\/\/raere-waggis.ch\/wordpress\/wp-content\/uploads\/2026\/02\/WhatsApp-Image-2026-02-12-at-15.08.52-Photoroom-212x300.png 212w, https:\/\/raere-waggis.ch\/wordpress\/wp-content\/uploads\/2026\/02\/WhatsApp-Image-2026-02-12-at-15.08.52-Photoroom-768x1085.png 768w, https:\/\/raere-waggis.ch\/wordpress\/wp-content\/uploads\/2026\/02\/WhatsApp-Image-2026-02-12-at-15.08.52-Photoroom.png 906w\" sizes=\"auto, (max-width: 725px) 100vw, 725px\" \/><button\n\t\t\tclass=\"lightbox-trigger\"\n\t\t\ttype=\"button\"\n\t\t\taria-haspopup=\"dialog\"\n\t\t\taria-label=\"Vergr\u00f6ssern\"\n\t\t\tdata-wp-init=\"callbacks.initTriggerButton\"\n\t\t\tdata-wp-on--click=\"actions.showLightbox\"\n\t\t\tdata-wp-style--right=\"state.imageButtonRight\"\n\t\t\tdata-wp-style--top=\"state.imageButtonTop\"\n\t\t>\n\t\t\t<svg xmlns=\"http:\/\/www.w3.org\/2000\/svg\" width=\"12\" height=\"12\" fill=\"none\" viewBox=\"0 0 12 12\">\n\t\t\t\t<path fill=\"#fff\" d=\"M2 0a2 2 0 0 0-2 2v2h1.5V2a.5.5 0 0 1 .5-.5h2V0H2Zm2 10.5H2a.5.5 0 0 1-.5-.5V8H0v2a2 2 0 0 0 2 2h2v-1.5ZM8 12v-1.5h2a.5.5 0 0 0 .5-.5V8H12v2a2 2 0 0 1-2 2H8Zm2-12a2 2 0 0 1 2 2v2h-1.5V2a.5.5 0 0 0-.5-.5H8V0h2Z\" \/>\n\t\t\t<\/svg>\n\t\t<\/button><\/figure>\n<\/div>\n\n\n\n<div class=\"wp-block-column is-layout-flow wp-block-column-is-layout-flow\" style=\"flex-basis:65%\">\n<p><strong>Unseri H\u00e8lge vo dr Fasnacht 2026<\/strong><\/p>\n\n\n\n<ul class=\"wp-block-list\">\n<li><a href=\"https:\/\/raere-waggis.ch\/wordpress\/index.php\/helge\/fasnacht-2026\/waagebau-2026\/\" data-type=\"page\" data-id=\"5840\">Waagebau<\/a><\/li>\n\n\n\n<li><a href=\"https:\/\/raere-waggis.ch\/wordpress\/index.php\/helge\/fasnacht-2026\/dauffi-2026\/\" data-type=\"page\" data-id=\"5858\">Dauffi<\/a><\/li>\n\n\n\n<li><a href=\"https:\/\/raere-waggis.ch\/wordpress\/index.php\/helge\/fasnacht-2026\/maeaentig-2026\/\" data-type=\"page\" data-id=\"5849\">M\u00e4\u00e4ntig<\/a><\/li>\n\n\n\n<li><a href=\"https:\/\/raere-waggis.ch\/wordpress\/index.php\/helge\/fasnacht-2026\/binggis-2026\/\" data-type=\"page\" data-id=\"5850\">Binggis<\/a><\/li>\n\n\n\n<li><a href=\"https:\/\/raere-waggis.ch\/wordpress\/index.php\/helge\/fasnacht-2026\/mittwuch-2026\/\" data-type=\"page\" data-id=\"5862\">Mittwuch<\/a><\/li>\n\n\n\n<li><a href=\"https:\/\/raere-waggis.ch\/wordpress\/index.php\/helge\/fasnacht-2026\/bummel-2026\/\" data-type=\"page\" data-id=\"5845\">Bummel<\/a><\/li>\n<\/ul>\n<\/div>\n<\/div>\n\n\n\n<p><strong>Unser Sujet<\/strong><br>&#171;Kasch baue was de wotsch \u2026 Es git nid meh vom Comit\u00e9!&#187;<br><br><strong>Unser R\u00e4d\u00e4b\u00e4ng<\/strong> (syt 2026 nur no im &#171;Basel City Guide&#187; App) <br>Waagebau und Arbedsgraft, zem groosse Batze, h\u00e4mmers nie gschafft<br>Subvenzioone mischteriees, es isch eso, mir sinn nit bees<br>Konschtruiere in Zersteerig, kai Neiuffbau, das gfallt is gheerig<br>Vorschlaghammer, Farb verschmiire, statt Gl\u00e4\u00e4be, Moole, kaschiere<br>Abriss h\u00e4mmer zelebriert, kai Neiuffbau iniziiert<br>Subvenzioone sinn wichtig, leend is Fasnacht fyyre richtig<br>W\u00e4rde wyter intrigiere, die Liebi losst sich nit negiere<br>Mit Gligg wird s Comit\u00e9 das gsee, w\u00e4r waiss, velicht git s jo mee<br><br><strong>Im App die Erkl\u00e4rung (au no) auf Deutsch:<\/strong><br>Trotz mehr oder weniger Aufwand bzw. Investition bei Bau\/Gestaltung<br>des Wagens, bleibt die H\u00f6he der Subventionen plus\/minus jedes Jahr <br>dieselbe. Dies soll mittels einer &#171;Bauruine&#187; dargelegt werden.<br><br><strong>Unser V\u00e4\u00e4rs<\/strong><br>D\u2019Raere, voller Freud in d\u2019Saison gschtartet.<br>Doch alsbald isch\u2019s gwiss e Weneli ussgartet.<br>Uff Subventione gwartet mit Zueversicht fyr e ordentlige Batze.<br>Doch nach em Erhalt, h\u00e4n mir nur no zooge e langi Fratze.<br>Verganges Johr, e Kirche \u2013 mit Turm &#8211; uff d\u2019Route gnoh.<br>Mit em Ziel, de Bsuecher fliessig Ihri S\u00fcnde z\u2019erloh.<br>D\u00e4m Kirchebau, Arbeitskraft, m\u00e4ngi Stunde gsch\u00e4nggt.<br>Doch fyr de grossi Batze vom Comit\u00e9 het\u2019s nid gl\u00e4ngt.<br>Trotz Uffwand fyr das Seeleheil, de git&#8217;s zem Schluss.<br>Noch Erhalt vor Comit\u00e9 Boscht denn nur Verdruss.<br><strong><em>Hauptgschicht \u2013 Dr Abbau<\/em><\/strong><br>Dr Waagebau, viel Schweiss, Bluet und Arbedsgraft<br>Doch zum grosse Batze, h\u00e4n mir\u2019s bis h\u00fct nie gschafft.<br>D\u2019Subventione, gheimisvoll und mischteri\u00f6\u00f6s. <br>Es isch eso,mir sin nid b\u00f6\u00f6s. <br>Mir konschtruiere in\u2019d Zersteerig.<br>Kai Neuuffbau, das gfallt uns g\u2019heerig.<br>Syteschnyyder, Vorschlaghammer, W\u00e4nd zerlege, Farb verschmiere<br>Statt Kl\u00e4be, Moole, sch\u00f6n kaschiere.E Bauruine h\u00e4n mir gschaffe.<br>Jetzt st\u00f6hn mir do, mir bl\u00f6de Affe.<br>Dr Abryss h\u00e4n mir zelebriert, Kai Neuuffbau initiiert.<br>Doch Subventione sin uns wichtig. L\u00f6hnd uns Fasnacht fyyre richtig.<br>Mir w\u00e4rde wyter intrigiere. Die Liebi loht sich nid negiere.<br>Mit kly Glygg, wird s\u2019Comit\u00e9 das gseh.<br>Und w\u00e4r weiss, eventuell gits im 2026 meh.<br>Und, sin mir au e Tr\u00fcmmerhuffe, Im Fasnachtstraum mir w\u00e4nd versuffe.<br><br><strong>D Asprooch vo dr Waage-Gotte Michelle an dr Dauffi<\/strong><br>Ich s\u00e4g Merci \u2013 es isch mir e Ehr, das Johr euri Waage Gotte z\u2019si. <br>Mer gseht: s\u2019Budget isch eher knapp \u2013 es het grad no f\u00fcr e Aargauerin l\u00e4ngt, statt f\u00fcr e waschechti Baslerin. S\u2019Gr\u00fccht uf dr Gass schiint z\u2019stimme: d\u2019Subventione si letschts Johr wohl chli mager usgfalle. Und das Johr? Es l\u00e4ngt fasch n\u00fcmme: kei r\u00e4chts Koscht\u00fcm, vo de Brocki, def\u00fcr d\u2019Larve vom Hans, e abgratzte Waage \u2013 aber Hauptsach es Pissoir. Das het mir s\u2019Fasnachtsherz schwer gmacht, drum hani e Spendeaktion gstartet. S\u2019Comit\u00e9 weiss au drvo \u2013 und drum si zwei Vertreterinne do, zum ganz offiziell d\u2019Spende in euri H\u00e4nd z\u2019\u00fcberg\u00e4h. E sch\u00f6ni Fasnacht z\u00e4mme!<br><\/p>\n\n\n\n<p><strong>Comit\u00e9 Sujet<\/strong><br>\u00abBlyyb verspiilt\u00bb<\/p>\n\n\n\n<p><strong>Dr Blaggedde V\u00e4rs vom Fasnachts-Comit\u00e9<\/strong><br>Botzdonner, hoppla, also guet<br>Do het jetz \u00f6bber aber Muet<br>Eso aini &#8211; herrjeeminee<br>Het Basel glaub no gar nie gsee<br>Schlicht und klar wies aim grad dunggt<br>Bringt si dr K\u00e4rn grad uff dr Punggt<br>Es goot um d Zuekunft \u2013 um die Glaine<br>J\u00e4 s Comit\u00e9 mecht dorum maine<br>Me soll jetz mol die Junge eere<br>Und d Blaggedde soll iine gheere<br>Mit iine sinn au die verbunde<br>Wo j\u00e4\u00e4rlig als zig-dausig Stunde<br>Sich fir dr Noowuggs fescht yysetze<br>Me ka das gar nit gnueg hoch schetze.<\/p>\n\n\n\n<p>D\u00e4 Binggis doo symbolisiert<br>Dr Noowuggs und transportiert<br>Die Lyychtigkait und au die Fraid<br>Dr Witz und schliesslig d Haiterkait<br>Wies nur bi Kinder so ka g\u00e4\u00e4<br>Mir kenne si als Vorbild n\u00e4\u00e4.<\/p>\n\n\n\n<p>Bim Kinschtler, wo sich Orlando nennt<br>Isch s innre Kind au duurebrennt<br>Won \u00e4r d Blaggedde het kreiert<br>Und mit d\u00e4m Binggis raffiniert<br>Dr Uffruef an ys alli macht<br>G\u00e4nnt Vollgas, und zwor dass es gracht<br>Dient lache, spiilen, ummerenne<br>Wies aigentlig nur Kinder kenne<br>Hauets uff d Gass und l\u00f6\u00f6nt ain uuse<br>Kasch s Joor duure no gnueg lang pfuuse<br>S het numme d Fasnacht die Magie<br>Drum l\u00f6\u00f6nt ys alli Kinder sy<br>Blyyb verspiilt als glaine Gnopf<br>Das drifft dr Nagel uff dr Kopf.<\/p>\n\n\n\n<p>Vyyl Spass iir Kinder, juhui juhee<br>Winscht sFasnachts-Comit\u00e9<\/p>\n\n\n\n<p><\/p>\n","protected":false},"excerpt":{"rendered":"<p>Unseri H\u00e8lge vo dr Fasnacht 2026 Unser Sujet&#171;Kasch baue was de wotsch \u2026 Es git nid meh vom Comit\u00e9!&#187; Unser R\u00e4d\u00e4b\u00e4ng (syt 2026 nur no im &#171;Basel City Guide&#187; App) Waagebau und Arbedsgraft, zem groosse Batze, h\u00e4mmers nie gschafftSubvenzioone mischteriees, es isch eso, mir sinn nit beesKonschtruiere in Zersteerig, kai Neiuffbau, das gfallt is gheerigVorschlaghammer, &hellip; <\/p>\n<p class=\"link-more\"><a href=\"https:\/\/raere-waggis.ch\/wordpress\/index.php\/helge\/fasnacht-2026\/\" class=\"more-link\"><span class=\"screen-reader-text\">&#171;Fasnacht 2026&#187;<\/span> weiterlesen<\/a><\/p>\n","protected":false},"author":3,"featured_media":0,"parent":136,"menu_order":0,"comment_status":"closed","ping_status":"closed","template":"","meta":{"footnotes":""},"class_list":["post-5842","page","type-page","status-publish","hentry"],"_links":{"self":[{"href":"https:\/\/raere-waggis.ch\/wordpress\/index.php\/wp-json\/wp\/v2\/pages\/5842","targetHints":{"allow":["GET"]}}],"collection":[{"href":"https:\/\/raere-waggis.ch\/wordpress\/index.php\/wp-json\/wp\/v2\/pages"}],"about":[{"href":"https:\/\/raere-waggis.ch\/wordpress\/index.php\/wp-json\/wp\/v2\/types\/page"}],"author":[{"embeddable":true,"href":"https:\/\/raere-waggis.ch\/wordpress\/index.php\/wp-json\/wp\/v2\/users\/3"}],"replies":[{"embeddable":true,"href":"https:\/\/raere-waggis.ch\/wordpress\/index.php\/wp-json\/wp\/v2\/comments?post=5842"}],"version-history":[{"count":49,"href":"https:\/\/raere-waggis.ch\/wordpress\/index.php\/wp-json\/wp\/v2\/pages\/5842\/revisions"}],"predecessor-version":[{"id":5940,"href":"https:\/\/raere-waggis.ch\/wordpress\/index.php\/wp-json\/wp\/v2\/pages\/5842\/revisions\/5940"}],"up":[{"embeddable":true,"href":"https:\/\/raere-waggis.ch\/wordpress\/index.php\/wp-json\/wp\/v2\/pages\/136"}],"wp:attachment":[{"href":"https:\/\/raere-waggis.ch\/wordpress\/index.php\/wp-json\/wp\/v2\/media?parent=5842"}],"curies":[{"name":"wp","href":"https:\/\/api.w.org\/{rel}","templated":true}]}}

<div class="breadcrumbs align  wp-block-bcn-breadcrumb-trail has-text-color has-background" vocab="https://schema.org/" typeof="BreadcrumbList">
	<span></span>
	</div>



<p></p>



<div class="wp-block-columns alignwide are-vertically-aligned-center is-layout-flex wp-container-core-columns-is-layout-9d6595d7 wp-block-columns-is-layout-flex">
<div class="wp-block-column is-layout-flow wp-block-column-is-layout-flow" style="flex-basis:35%">
<figure data-wp-context="{&quot;imageId&quot;:&quot;6a96724e2df35&quot;}" data-wp-interactive="core/image" data-wp-key="6a96724e2df35" class="wp-block-image size-large wp-lightbox-container"><img loading="lazy" decoding="async" width="725" height="1024" data-wp-class--hide="state.isContentHidden" data-wp-class--show="state.isContentVisible" data-wp-init="callbacks.setButtonStyles" data-wp-on--click="actions.showLightbox" data-wp-on--load="callbacks.setButtonStyles" data-wp-on-window--resize="callbacks.setButtonStyles" src="https://raere-waggis.ch/wordpress/wp-content/uploads/2026/02/WhatsApp-Image-2026-02-12-at-15.08.52-Photoroom-725x1024.png" alt="" class="wp-image-5932" srcset="https://raere-waggis.ch/wordpress/wp-content/uploads/2026/02/WhatsApp-Image-2026-02-12-at-15.08.52-Photoroom-725x1024.png 725w, https://raere-waggis.ch/wordpress/wp-content/uploads/2026/02/WhatsApp-Image-2026-02-12-at-15.08.52-Photoroom-212x300.png 212w, https://raere-waggis.ch/wordpress/wp-content/uploads/2026/02/WhatsApp-Image-2026-02-12-at-15.08.52-Photoroom-768x1085.png 768w, https://raere-waggis.ch/wordpress/wp-content/uploads/2026/02/WhatsApp-Image-2026-02-12-at-15.08.52-Photoroom.png 906w" sizes="auto, (max-width: 725px) 100vw, 725px" /><button
			class="lightbox-trigger"
			type="button"
			aria-haspopup="dialog"
			aria-label="Vergrössern"
			data-wp-init="callbacks.initTriggerButton"
			data-wp-on--click="actions.showLightbox"
			data-wp-style--right="state.imageButtonRight"
			data-wp-style--top="state.imageButtonTop"
		>
			<svg xmlns="http://www.w3.org/2000/svg" width="12" height="12" fill="none" viewBox="0 0 12 12">
				<path fill="#fff" d="M2 0a2 2 0 0 0-2 2v2h1.5V2a.5.5 0 0 1 .5-.5h2V0H2Zm2 10.5H2a.5.5 0 0 1-.5-.5V8H0v2a2 2 0 0 0 2 2h2v-1.5ZM8 12v-1.5h2a.5.5 0 0 0 .5-.5V8H12v2a2 2 0 0 1-2 2H8Zm2-12a2 2 0 0 1 2 2v2h-1.5V2a.5.5 0 0 0-.5-.5H8V0h2Z" />
			</svg>
		</button></figure>
</div>



<div class="wp-block-column is-layout-flow wp-block-column-is-layout-flow" style="flex-basis:65%">
<p><strong>Unseri Hèlge vo dr Fasnacht 2026</strong></p>



<ul class="wp-block-list">
<li><a href="https://raere-waggis.ch/wordpress/index.php/helge/fasnacht-2026/waagebau-2026/" data-type="page" data-id="5840">Waagebau</a></li>



<li><a href="https://raere-waggis.ch/wordpress/index.php/helge/fasnacht-2026/dauffi-2026/" data-type="page" data-id="5858">Dauffi</a></li>



<li><a href="https://raere-waggis.ch/wordpress/index.php/helge/fasnacht-2026/maeaentig-2026/" data-type="page" data-id="5849">Määntig</a></li>



<li><a href="https://raere-waggis.ch/wordpress/index.php/helge/fasnacht-2026/binggis-2026/" data-type="page" data-id="5850">Binggis</a></li>



<li><a href="https://raere-waggis.ch/wordpress/index.php/helge/fasnacht-2026/mittwuch-2026/" data-type="page" data-id="5862">Mittwuch</a></li>



<li><a href="https://raere-waggis.ch/wordpress/index.php/helge/fasnacht-2026/bummel-2026/" data-type="page" data-id="5845">Bummel</a></li>
</ul>
</div>
</div>



<p><strong>Unser Sujet</strong><br>&#171;Kasch baue was de wotsch … Es git nid meh vom Comité!&#187;<br><br><strong>Unser Rädäbäng</strong> (syt 2026 nur no im &#171;Basel City Guide&#187; App) <br>Waagebau und Arbedsgraft, zem groosse Batze, hämmers nie gschafft<br>Subvenzioone mischteriees, es isch eso, mir sinn nit bees<br>Konschtruiere in Zersteerig, kai Neiuffbau, das gfallt is gheerig<br>Vorschlaghammer, Farb verschmiire, statt Glääbe, Moole, kaschiere<br>Abriss hämmer zelebriert, kai Neiuffbau iniziiert<br>Subvenzioone sinn wichtig, leend is Fasnacht fyyre richtig<br>Wärde wyter intrigiere, die Liebi losst sich nit negiere<br>Mit Gligg wird s Comité das gsee, wär waiss, velicht git s jo mee<br><br><strong>Im App die Erklärung (au no) auf Deutsch:</strong><br>Trotz mehr oder weniger Aufwand bzw. Investition bei Bau/Gestaltung<br>des Wagens, bleibt die Höhe der Subventionen plus/minus jedes Jahr <br>dieselbe. Dies soll mittels einer &#171;Bauruine&#187; dargelegt werden.<br><br><strong>Unser Väärs</strong><br>D’Raere, voller Freud in d’Saison gschtartet.<br>Doch alsbald isch’s gwiss e Weneli ussgartet.<br>Uff Subventione gwartet mit Zueversicht fyr e ordentlige Batze.<br>Doch nach em Erhalt, hän mir nur no zooge e langi Fratze.<br>Verganges Johr, e Kirche – mit Turm &#8211; uff d’Route gnoh.<br>Mit em Ziel, de Bsuecher fliessig Ihri Sünde z’erloh.<br>Däm Kirchebau, Arbeitskraft, mängi Stunde gschänggt.<br>Doch fyr de grossi Batze vom Comité het’s nid glängt.<br>Trotz Uffwand fyr das Seeleheil, de git&#8217;s zem Schluss.<br>Noch Erhalt vor Comité Boscht denn nur Verdruss.<br><strong><em>Hauptgschicht – Dr Abbau</em></strong><br>Dr Waagebau, viel Schweiss, Bluet und Arbedsgraft<br>Doch zum grosse Batze, hän mir’s bis hüt nie gschafft.<br>D’Subventione, gheimisvoll und mischteriöös. <br>Es isch eso,mir sin nid böös. <br>Mir konschtruiere in’d Zersteerig.<br>Kai Neuuffbau, das gfallt uns g’heerig.<br>Syteschnyyder, Vorschlaghammer, Wänd zerlege, Farb verschmiere<br>Statt Kläbe, Moole, schön kaschiere.E Bauruine hän mir gschaffe.<br>Jetzt stöhn mir do, mir blöde Affe.<br>Dr Abryss hän mir zelebriert, Kai Neuuffbau initiiert.<br>Doch Subventione sin uns wichtig. Löhnd uns Fasnacht fyyre richtig.<br>Mir wärde wyter intrigiere. Die Liebi loht sich nid negiere.<br>Mit kly Glygg, wird s’Comité das gseh.<br>Und wär weiss, eventuell gits im 2026 meh.<br>Und, sin mir au e Trümmerhuffe, Im Fasnachtstraum mir wänd versuffe.<br><br><strong>D Asprooch vo dr Waage-Gotte Michelle an dr Dauffi</strong><br>Ich säg Merci – es isch mir e Ehr, das Johr euri Waage Gotte z’si. <br>Mer gseht: s’Budget isch eher knapp – es het grad no für e Aargauerin längt, statt für e waschechti Baslerin. S’Grücht uf dr Gass schiint z’stimme: d’Subventione si letschts Johr wohl chli mager usgfalle. Und das Johr? Es längt fasch nümme: kei rächts Koschtüm, vo de Brocki, defür d’Larve vom Hans, e abgratzte Waage – aber Hauptsach es Pissoir. Das het mir s’Fasnachtsherz schwer gmacht, drum hani e Spendeaktion gstartet. S’Comité weiss au drvo – und drum si zwei Vertreterinne do, zum ganz offiziell d’Spende in euri Händ z’übergäh. E schöni Fasnacht zämme!<br></p>



<p><strong>Comité Sujet</strong><br>«Blyyb verspiilt»</p>



<p><strong>Dr Blaggedde Värs vom Fasnachts-Comité</strong><br>Botzdonner, hoppla, also guet<br>Do het jetz öbber aber Muet<br>Eso aini &#8211; herrjeeminee<br>Het Basel glaub no gar nie gsee<br>Schlicht und klar wies aim grad dunggt<br>Bringt si dr Kärn grad uff dr Punggt<br>Es goot um d Zuekunft – um die Glaine<br>Jä s Comité mecht dorum maine<br>Me soll jetz mol die Junge eere<br>Und d Blaggedde soll iine gheere<br>Mit iine sinn au die verbunde<br>Wo jäärlig als zig-dausig Stunde<br>Sich fir dr Noowuggs fescht yysetze<br>Me ka das gar nit gnueg hoch schetze.</p>



<p>Dä Binggis doo symbolisiert<br>Dr Noowuggs und transportiert<br>Die Lyychtigkait und au die Fraid<br>Dr Witz und schliesslig d Haiterkait<br>Wies nur bi Kinder so ka gää<br>Mir kenne si als Vorbild nää.</p>



<p>Bim Kinschtler, wo sich Orlando nennt<br>Isch s innre Kind au duurebrennt<br>Won är d Blaggedde het kreiert<br>Und mit däm Binggis raffiniert<br>Dr Uffruef an ys alli macht<br>Gännt Vollgas, und zwor dass es gracht<br>Dient lache, spiilen, ummerenne<br>Wies aigentlig nur Kinder kenne<br>Hauets uff d Gass und löönt ain uuse<br>Kasch s Joor duure no gnueg lang pfuuse<br>S het numme d Fasnacht die Magie<br>Drum löönt ys alli Kinder sy<br>Blyyb verspiilt als glaine Gnopf<br>Das drifft dr Nagel uff dr Kopf.</p>



<p>Vyyl Spass iir Kinder, juhui juhee<br>Winscht sFasnachts-Comité</p>



<p></p>

<p>Unseri Hèlge vo dr Fasnacht 2026 Unser Sujet&#171;Kasch baue was de wotsch … Es git nid meh vom Comité!&#187; Unser Rädäbäng (syt 2026 nur no im &#171;Basel City Guide&#187; App) Waagebau und Arbedsgraft, zem groosse Batze, hämmers nie gschafftSubvenzioone mischteriees, es isch eso, mir sinn nit beesKonschtruiere in Zersteerig, kai Neiuffbau, das gfallt is gheerigVorschlaghammer, &hellip; </p>
<p class="link-more"><a href="https://raere-waggis.ch/wordpress/index.php/helge/fasnacht-2026/" class="more-link"><span class="screen-reader-text">&#171;Fasnacht 2026&#187;</span> weiterlesen</a></p>
