{"id":588,"date":"2021-12-02T14:46:36","date_gmt":"2021-12-02T13:46:36","guid":{"rendered":"https:\/\/raere-waggis.ch\/wordpress\/?page_id=588"},"modified":"2022-03-02T19:37:19","modified_gmt":"2022-03-02T18:37:19","slug":"fasnacht-2009","status":"publish","type":"page","link":"https:\/\/raere-waggis.ch\/wordpress\/index.php\/helge\/fasnacht-2009\/","title":{"rendered":"Fasnacht 2009"},"content":{"rendered":"<div class=\"breadcrumbs align  wp-block-bcn-breadcrumb-trail has-text-color has-background\" vocab=\"https:\/\/schema.org\/\" typeof=\"BreadcrumbList\">\n\t<span><\/span>\n\t<\/div>\n\n\n\n<p><\/p>\n\n\n\n<div class=\"wp-block-group\"><div class=\"wp-block-group__inner-container is-layout-flow wp-block-group-is-layout-flow\">\n<div class=\"wp-block-media-text alignwide is-stacked-on-mobile is-vertically-aligned-center\" style=\"grid-template-columns:38% auto\"><figure class=\"wp-block-media-text__media\"><a href=\"https:\/\/raere-waggis.ch\/wordpress\/wp-content\/uploads\/2022\/02\/2009-blaggedde-1.jpg\"><img loading=\"lazy\" decoding=\"async\" width=\"1024\" height=\"913\" src=\"https:\/\/raere-waggis.ch\/wordpress\/wp-content\/uploads\/2022\/02\/2009-blaggedde-1-1024x913.jpg\" alt=\"\" class=\"wp-image-4392 size-full\" srcset=\"https:\/\/raere-waggis.ch\/wordpress\/wp-content\/uploads\/2022\/02\/2009-blaggedde-1-1024x913.jpg 1024w, https:\/\/raere-waggis.ch\/wordpress\/wp-content\/uploads\/2022\/02\/2009-blaggedde-1-300x268.jpg 300w, https:\/\/raere-waggis.ch\/wordpress\/wp-content\/uploads\/2022\/02\/2009-blaggedde-1-768x685.jpg 768w, https:\/\/raere-waggis.ch\/wordpress\/wp-content\/uploads\/2022\/02\/2009-blaggedde-1-1536x1370.jpg 1536w, https:\/\/raere-waggis.ch\/wordpress\/wp-content\/uploads\/2022\/02\/2009-blaggedde-1.jpg 1944w\" sizes=\"auto, (max-width: 767px) 89vw, (max-width: 1000px) 54vw, (max-width: 1071px) 543px, 580px\" \/><\/a><\/figure><div class=\"wp-block-media-text__content\">\n<p><strong>Unseri H\u00e8lge vo dr Fasnacht 2009<\/strong><\/p>\n\n\n\n<ul class=\"wp-block-list\"><li><a href=\"https:\/\/raere-waggis.ch\/wordpress\/index.php\/vergangenes\/fasnacht-2009\/waagebau-2009\/\" data-type=\"page\" data-id=\"744\">Waagebau<\/a><\/li><li><a href=\"https:\/\/raere-waggis.ch\/wordpress\/index.php\/vergangenes\/fasnacht-2009\/dauffi-2009\/\" data-type=\"page\" data-id=\"741\">Dauffi<\/a><\/li><li><a href=\"https:\/\/raere-waggis.ch\/wordpress\/index.php\/vergangenes\/fasnacht-2009\/maentig-2009\/\" data-type=\"page\" data-id=\"742\">M\u00e4\u00e4ntig<\/a><\/li><li><a href=\"https:\/\/raere-waggis.ch\/wordpress\/index.php\/vergangenes\/fasnacht-2009\/binggis-2009\/\" data-type=\"page\" data-id=\"1048\">Binggis<\/a><\/li><li><a href=\"https:\/\/raere-waggis.ch\/wordpress\/index.php\/vergangenes\/fasnacht-2009\/mittwuch-2009\/\" data-type=\"page\" data-id=\"743\">Mittwuch<\/a><\/li><li><a href=\"https:\/\/raere-waggis.ch\/wordpress\/index.php\/vergangenes\/fasnacht-2009\/bummel-2009\/\" data-type=\"page\" data-id=\"740\">Bummel<\/a><\/li><\/ul>\n\n\n\n<p><\/p>\n<\/div><\/div>\n<\/div><\/div>\n\n\n\n<p><strong>Unser Sujet<\/strong><br>&#171;Dytschi integriere und intrigiere!&#187;<\/p>\n\n\n\n<p><strong>Unsere Sujet V\u00e4rs<\/strong><br>Mir saage Hoi, Bonjour und Ciao<br>Aber au Sali, Griezi und Hellau<br>All die frintlige und n\u00e4tte Schwoobe<br>Dien unseri scheeni Stadt so loobe<br>Denn in d Schwyz koo schaffe und woone<br>Tuet sich fir sie finanziell sehr loone<br>Mir saage das jetz wiirgglig ooni Unterton<br>Haisse willkumme, jede ainzelne Teuton<br>Unseri zwai L\u00e4nder mit Haupstedt vonenander so f\u00e4\u00e4rn<br>E B\u00e4\u00e4r als Gmeinsamkeit, verbindet au Berlin mit B\u00e4\u00e4rn<br>Nume die laidi Styyrhinterziehig<br>Steert e weeneli die dytsch-schwyzer Beziehig<br>Doch sie kemme als Tourischte und Biezer in Str\u00f6\u00f6me<br>Und dien in ihrem Flyss und Beschaideheit nit kl\u00f6\u00f6ne<br>Mir dien denn die langsame, gmietlige Schwyzer useh\u00e4ngge<br>Ruck Zuck Zack Zack, w\u00e4rde Dytschi uns Vertraue sch\u00e4ngge<br>Doorum unser Sujet vo d\u00e4m Joor: Dytschi integriere<br>Und dooderfiir uf unserem Waage mit ihne intrigiere!<br>D Schwyz, international, bald 17. Bundesland?<br>E Eidgenosseschaft bald in Schwoobe-Hand?<br>Denn es w\u00e4\u00e4rde jetz Detlef, Horst und R\u00fcdiger geboore<br>Heiri&#8217;s Kalb, Ueli, Peterli, als N\u00e4mme geen verloore<br>In Zuekunft griegsch denn kai Nuggi meh im Kinderspidaal<br>Derfiir e Schnuller vo dr Schwester Waltraud, kalt und schal<br>Und au Hochdytsch im Kindergaarte<br>Losst jo n\u00fcm l\u00e4nger uf sich waarte<br>Dytschi Weerter lerne mir jetzt mit dr Buechstaabe-Suppe<br>Sie fange n\u00e4mlig au scho a in dr Vorschuel-Gruppe<br>In dr Hauptschuel git&#8217;s den Zensure, und keini Note<br>In dr grosse Pause kei Znyyni, sondern Butterbrote<br>Als Junge het d Lehr mitlerwyyle usdiehnt<br>Nei wird als Azubi s G\u00e4ld verdient<br>Milit\u00e4r isch verg\u00e4sse, nei gosch in d &#171;Schweizer Bundeswehr&#187;<br>Und denn als Manager verdient me in dr Schwyz jo viel mehr<br><br>Neiy N\u00e4mme im kulinarische<br>W\u00e4rde bald sehr zum tragische<br>Fondue Chinoise, Riebli und Nisslisalaat no ufem Tisch<br>Nei lernsch, was Feuertopf, Karotten und Feldsalat isch<br>Mit em Noochwuggs e B\u00e4cher im Bruune Mutz go dringge<br>Muesch nei fir e Pils im Brauhaus de dytsche K\u00e4llner wingge<br>Es w\u00e4rde jetz Curry-Wurst, Berliner und Hamburger g\u00e4sse<br>Faschtewaaie und L\u00e4ggerli sin scho fascht ganz verg\u00e4sse<br>Am Minschterb\u00e4\u00e4rg zem Neijoor no e Hyppograss<br>Glyy um d\u00e4 Dreizaggbrunne e Polon\u00e4se mit Biermass<br>Jetz kauft me in dr Migros, Coop und Denner no in Schaare<br>In Zuekunft fahrsch in Aldi, Karstadt und Lidl mit em Kaare<br>Denn: Au mir Baasler meege us em grosse Kanton die Dytsche<br>Fahre bald mit em Dr\u00e4mmli in Marktkauf und luege uf&#8217;s Budget<br><br>Mir Baasler dien die Stadt no momentan regiere<br>Und uf Baaseldytsch richtig fiirn\u00e4m kommuniziere<br>Doch bald w\u00e4rde e baar Sache nei und umbennent<br>Wo me momentan nur vom Heere, us em Dytsche kennt<br>Denn bald h\u00e4nn mir uf jedere Fl\u00e4sche e Pfanddepot<br>Derfiir muesch di denn nimm mit Bebbi Segg umeschloo<br>Nach 500 Joor wird uns kai M\u00e4ss-Gschmagg mee verfiehre<br>Nei duet Vatertag, Oktoberfest und Kirmes z&#8217;Baasel regiere<br>Momentan liist me d Baz, 20 Minute und dr Blick am Morge<br>Aber bald muesch d &#171;Baseler Morgenpost&#187; und &#171;Bild&#187; bsorge<br>Unseri Swiss ghert jo scho zur Lufthansa<br>Und s Joggeli wird nei zur Mercedes-Arena<br>Novartis und Roche wird vo Bayer Kemyy kauft<br>Und au sofort in d\u00e4\u00e4 Freistaat Namme umtauft<br>Und bi dr Umbenennig vo Ciba in B.A.S.F.<br>Hesch bald im Gsch\u00e4ft e Schwoob als Chef<br>Dr Deutsche-Telekom-Tower, voorh\u00e4\u00e4r dr hoochi M\u00e4sseturm<br>Vo Rimmelinsblatz in Rummelplatz, laufe Baasler aber sturm<br>Nei haisst&#8217;s uf dr Mittlere Brugg &#171;Jochen&#8217;s K\u00e4ppchen&#187;<br>UBS und CS git&#8217;s fir die Dytschi Bangg zum Schn\u00e4ppchen<br>Und im Rootliechtmilieu, s isch nume no e Froog vo dr Zyt<br>Nei uf d Glaibaasler Repperbahn z&#8217;go, hesch nimmi wyt<br>Aber fir Aromat und Stewi, e schwyzer Erfindig<br>Macht me nit graad e dytschi Bezaichnig usfindig<br>Mir fyyre jetz dritt Oggdoober und erscht Auguscht<br>Friehner nur Helvetia und dr Tell mit Armbruscht<br>Im F\u00e4\u00e4rnsee d Azaal Schwyzer S\u00e4nder isch klai und beschaide<br>Aber die riisigi Uuswaal an dytsche Kan\u00e4l tuet schn\u00e4ll verlaide<br>Denn friehner Cabaret Rotstift, L\u00e4ppli und Ruedi Walter<br>Kei F\u00e4\u00e4rnbedienig, nur am Bildschirm vorne ai Schalter<br>Hitte mit Mittermayer, Stefan Raab und Atze Schr\u00f6der<br>Wird&#8217;s im F\u00e4\u00e4rnsee trotz riesiger Uuswaal immer \u00f6der<br>Doch d Schwyzer kopiere au S\u00e4ndige us Dytschland<br>Bauer-sucht-Frau und Musicstar, Niveau mit weenig Verstand<br>Und au die hit bekannti BVB, erscht vor 60 Joor umbennent<br>Het me no friehner als &#171;Basler Strassenbahnen&#187; kennt<br>Joe Ackermaa, Bobo und Lilo Pulver dien Dytschland erfreue<br>Hitzf\u00e4ld und Oeri, dien dr Kontaggt zu Baasel au nit scheue<br><br>Au d Faasnacht wird wohl nit verschoont<br>Wie die nei Route, am Aafang ungwoont<br>Mir w\u00e4nn no &#171;Moorgestraich-Vorw\u00e4rts-Maarsch&#187; heere<br>&#171;Wolle mer se reilasse?&#187; wurd Baasler doch e weeneli steere<br>Und R\u00e4ppli kennt nur no dr Waggis ufem Faasnachts-Waage<br>Doch bald w\u00e4\u00e4rde au mir Stimmungsflocken miesse saage<br>Raere Waggis h\u00e4nn mir no bis zer Faasnacht 2008 ghaisse<br>E Umbenennig in &#171;Ratschen-Jungs&#187; tuet z\u00e4meschwaisse<br>D Faasnacht, mir w\u00e4n sie zwaimool im Joor in dr Zuekunft<br>Aimool s Comit\u00e9, s andere Mol am 11.11. vo ere Narrenzunft<br>Doch Fasching, Karneval, Bonbon und Apfelsine<br>Bezaichnige wo uns doch sehr fremd erschyyne<br>Vyyl Material wo mir wurde zwaimool useschmaisse<br>Wo aber no immer D\u00e4\u00e4feli und Orangsche wurde haisse<br>Trotzd\u00e4m steen mir mit de Schwoobe zwaimmol y<br>Denn daile dien mir uns jo scho lang dr Bappe Rhy<\/p>\n\n\n\n<p><strong>Comit\u00e9 Sujet<\/strong><br>Jetz simmer laggiert!<br><br><strong>Dr Blaggedde V\u00e4rs vom Fasnachts-Comit\u00e9<br><\/strong>Fir d Blagette, wo jetz am Graage<br>e jeedi und jeede sott draage,<br>het dr Kinschtler seer vyl iberleggt.<br>Er haisst Roger Sigrist, e Junge.<br>Sy Kunschtw\u00e4rgg isch mee als nuur glunge: <br>Doo h\u00e4mmer e Gliggsfall entdeggt. <br>Zeerscht gseet men uff d\u00e4\u00e4re Blagette<br>die Laarve, wo gmoolt w\u00e4\u00e4rde wette<br>und drunder dr Mooler, wo moolt.<br>Mit B\u00e4msle und Gratze und Gl\u00e4\u00e4be <br>bikemme die Gsichter jetz L\u00e4\u00e4be,<br>und glyy w\u00e4\u00e4rden alli scho ghoolt.<br>Fir dass aber nyt duet verheie,<br>im Fall s kunnt scho schiffe und schneie<br>und s Gsicht nit d Visage verliert<br>duet men alles no guet impregniere<br>bis d Laarve denn froo jubiliere:<br>S isch guet soo: JETZ SIMMER LAGGIERT! <br>Laggiert simmer alli, muesch wisse. <br>Laggiert haisst drum au: Mer sinn bschisse, <br>und daas h\u00e4mmer s letscht Joor jo gspyyrt. W<br>as d Bangge und d Wirtschaft is bsch\u00e4\u00e4rt h\u00e4nn, <br>d Babyyr, wo kai Santym me w\u00e4\u00e4rt h\u00e4nn, <br>und kain me, wo ebbis verstyyrt.<br>Doch daas, wo dr W\u00e4\u00e4rt no ka bhalte,<br>und s Portefeuille no poositiv gstalte,<br>isch s faasn\u00e4chtlig Eedelmetall:<br>D Blagette muesch kaufe und sammle, <br>denn die wird uff kai Fall vergammle.<br>Und s Comit\u00e9 danggt jeedefall!<\/p>\n","protected":false},"excerpt":{"rendered":"<p>Unseri H\u00e8lge vo dr Fasnacht 2009 Waagebau Dauffi M\u00e4\u00e4ntig Binggis Mittwuch Bummel Unser Sujet&#171;Dytschi integriere und intrigiere!&#187; Unsere Sujet V\u00e4rsMir saage Hoi, Bonjour und CiaoAber au Sali, Griezi und HellauAll die frintlige und n\u00e4tte SchwoobeDien unseri scheeni Stadt so loobeDenn in d Schwyz koo schaffe und wooneTuet sich fir sie finanziell sehr looneMir saage das &hellip; <\/p>\n<p class=\"link-more\"><a href=\"https:\/\/raere-waggis.ch\/wordpress\/index.php\/helge\/fasnacht-2009\/\" class=\"more-link\"><span class=\"screen-reader-text\">&#171;Fasnacht 2009&#187;<\/span> weiterlesen<\/a><\/p>\n","protected":false},"author":1,"featured_media":0,"parent":136,"menu_order":0,"comment_status":"closed","ping_status":"closed","template":"","meta":{"footnotes":""},"class_list":["post-588","page","type-page","status-publish","hentry"],"_links":{"self":[{"href":"https:\/\/raere-waggis.ch\/wordpress\/index.php\/wp-json\/wp\/v2\/pages\/588","targetHints":{"allow":["GET"]}}],"collection":[{"href":"https:\/\/raere-waggis.ch\/wordpress\/index.php\/wp-json\/wp\/v2\/pages"}],"about":[{"href":"https:\/\/raere-waggis.ch\/wordpress\/index.php\/wp-json\/wp\/v2\/types\/page"}],"author":[{"embeddable":true,"href":"https:\/\/raere-waggis.ch\/wordpress\/index.php\/wp-json\/wp\/v2\/users\/1"}],"replies":[{"embeddable":true,"href":"https:\/\/raere-waggis.ch\/wordpress\/index.php\/wp-json\/wp\/v2\/comments?post=588"}],"version-history":[{"count":12,"href":"https:\/\/raere-waggis.ch\/wordpress\/index.php\/wp-json\/wp\/v2\/pages\/588\/revisions"}],"predecessor-version":[{"id":4839,"href":"https:\/\/raere-waggis.ch\/wordpress\/index.php\/wp-json\/wp\/v2\/pages\/588\/revisions\/4839"}],"up":[{"embeddable":true,"href":"https:\/\/raere-waggis.ch\/wordpress\/index.php\/wp-json\/wp\/v2\/pages\/136"}],"wp:attachment":[{"href":"https:\/\/raere-waggis.ch\/wordpress\/index.php\/wp-json\/wp\/v2\/media?parent=588"}],"curies":[{"name":"wp","href":"https:\/\/api.w.org\/{rel}","templated":true}]}}

<div class="breadcrumbs align  wp-block-bcn-breadcrumb-trail has-text-color has-background" vocab="https://schema.org/" typeof="BreadcrumbList">
	<span></span>
	</div>



<p></p>



<div class="wp-block-group"><div class="wp-block-group__inner-container is-layout-flow wp-block-group-is-layout-flow">
<div class="wp-block-media-text alignwide is-stacked-on-mobile is-vertically-aligned-center" style="grid-template-columns:38% auto"><figure class="wp-block-media-text__media"><a href="https://raere-waggis.ch/wordpress/wp-content/uploads/2022/02/2009-blaggedde-1.jpg"><img loading="lazy" decoding="async" width="1024" height="913" src="https://raere-waggis.ch/wordpress/wp-content/uploads/2022/02/2009-blaggedde-1-1024x913.jpg" alt="" class="wp-image-4392 size-full" srcset="https://raere-waggis.ch/wordpress/wp-content/uploads/2022/02/2009-blaggedde-1-1024x913.jpg 1024w, https://raere-waggis.ch/wordpress/wp-content/uploads/2022/02/2009-blaggedde-1-300x268.jpg 300w, https://raere-waggis.ch/wordpress/wp-content/uploads/2022/02/2009-blaggedde-1-768x685.jpg 768w, https://raere-waggis.ch/wordpress/wp-content/uploads/2022/02/2009-blaggedde-1-1536x1370.jpg 1536w, https://raere-waggis.ch/wordpress/wp-content/uploads/2022/02/2009-blaggedde-1.jpg 1944w" sizes="auto, (max-width: 767px) 89vw, (max-width: 1000px) 54vw, (max-width: 1071px) 543px, 580px" /></a></figure><div class="wp-block-media-text__content">
<p><strong>Unseri Hèlge vo dr Fasnacht 2009</strong></p>



<ul class="wp-block-list"><li><a href="https://raere-waggis.ch/wordpress/index.php/vergangenes/fasnacht-2009/waagebau-2009/" data-type="page" data-id="744">Waagebau</a></li><li><a href="https://raere-waggis.ch/wordpress/index.php/vergangenes/fasnacht-2009/dauffi-2009/" data-type="page" data-id="741">Dauffi</a></li><li><a href="https://raere-waggis.ch/wordpress/index.php/vergangenes/fasnacht-2009/maentig-2009/" data-type="page" data-id="742">Määntig</a></li><li><a href="https://raere-waggis.ch/wordpress/index.php/vergangenes/fasnacht-2009/binggis-2009/" data-type="page" data-id="1048">Binggis</a></li><li><a href="https://raere-waggis.ch/wordpress/index.php/vergangenes/fasnacht-2009/mittwuch-2009/" data-type="page" data-id="743">Mittwuch</a></li><li><a href="https://raere-waggis.ch/wordpress/index.php/vergangenes/fasnacht-2009/bummel-2009/" data-type="page" data-id="740">Bummel</a></li></ul>



<p></p>
</div></div>
</div></div>



<p><strong>Unser Sujet</strong><br>&#171;Dytschi integriere und intrigiere!&#187;</p>



<p><strong>Unsere Sujet Värs</strong><br>Mir saage Hoi, Bonjour und Ciao<br>Aber au Sali, Griezi und Hellau<br>All die frintlige und nätte Schwoobe<br>Dien unseri scheeni Stadt so loobe<br>Denn in d Schwyz koo schaffe und woone<br>Tuet sich fir sie finanziell sehr loone<br>Mir saage das jetz wiirgglig ooni Unterton<br>Haisse willkumme, jede ainzelne Teuton<br>Unseri zwai Länder mit Haupstedt vonenander so fäärn<br>E Bäär als Gmeinsamkeit, verbindet au Berlin mit Bäärn<br>Nume die laidi Styyrhinterziehig<br>Steert e weeneli die dytsch-schwyzer Beziehig<br>Doch sie kemme als Tourischte und Biezer in Strööme<br>Und dien in ihrem Flyss und Beschaideheit nit klööne<br>Mir dien denn die langsame, gmietlige Schwyzer usehängge<br>Ruck Zuck Zack Zack, wärde Dytschi uns Vertraue schängge<br>Doorum unser Sujet vo däm Joor: Dytschi integriere<br>Und dooderfiir uf unserem Waage mit ihne intrigiere!<br>D Schwyz, international, bald 17. Bundesland?<br>E Eidgenosseschaft bald in Schwoobe-Hand?<br>Denn es wäärde jetz Detlef, Horst und Rüdiger geboore<br>Heiri&#8217;s Kalb, Ueli, Peterli, als Nämme geen verloore<br>In Zuekunft griegsch denn kai Nuggi meh im Kinderspidaal<br>Derfiir e Schnuller vo dr Schwester Waltraud, kalt und schal<br>Und au Hochdytsch im Kindergaarte<br>Losst jo nüm länger uf sich waarte<br>Dytschi Weerter lerne mir jetzt mit dr Buechstaabe-Suppe<br>Sie fange nämlig au scho a in dr Vorschuel-Gruppe<br>In dr Hauptschuel git&#8217;s den Zensure, und keini Note<br>In dr grosse Pause kei Znyyni, sondern Butterbrote<br>Als Junge het d Lehr mitlerwyyle usdiehnt<br>Nei wird als Azubi s Gäld verdient<br>Militär isch vergässe, nei gosch in d &#171;Schweizer Bundeswehr&#187;<br>Und denn als Manager verdient me in dr Schwyz jo viel mehr<br><br>Neiy Nämme im kulinarische<br>Wärde bald sehr zum tragische<br>Fondue Chinoise, Riebli und Nisslisalaat no ufem Tisch<br>Nei lernsch, was Feuertopf, Karotten und Feldsalat isch<br>Mit em Noochwuggs e Bächer im Bruune Mutz go dringge<br>Muesch nei fir e Pils im Brauhaus de dytsche Källner wingge<br>Es wärde jetz Curry-Wurst, Berliner und Hamburger gässe<br>Faschtewaaie und Läggerli sin scho fascht ganz vergässe<br>Am Minschterbäärg zem Neijoor no e Hyppograss<br>Glyy um dä Dreizaggbrunne e Polonäse mit Biermass<br>Jetz kauft me in dr Migros, Coop und Denner no in Schaare<br>In Zuekunft fahrsch in Aldi, Karstadt und Lidl mit em Kaare<br>Denn: Au mir Baasler meege us em grosse Kanton die Dytsche<br>Fahre bald mit em Drämmli in Marktkauf und luege uf&#8217;s Budget<br><br>Mir Baasler dien die Stadt no momentan regiere<br>Und uf Baaseldytsch richtig fiirnäm kommuniziere<br>Doch bald wärde e baar Sache nei und umbennent<br>Wo me momentan nur vom Heere, us em Dytsche kennt<br>Denn bald hänn mir uf jedere Fläsche e Pfanddepot<br>Derfiir muesch di denn nimm mit Bebbi Segg umeschloo<br>Nach 500 Joor wird uns kai Mäss-Gschmagg mee verfiehre<br>Nei duet Vatertag, Oktoberfest und Kirmes z&#8217;Baasel regiere<br>Momentan liist me d Baz, 20 Minute und dr Blick am Morge<br>Aber bald muesch d &#171;Baseler Morgenpost&#187; und &#171;Bild&#187; bsorge<br>Unseri Swiss ghert jo scho zur Lufthansa<br>Und s Joggeli wird nei zur Mercedes-Arena<br>Novartis und Roche wird vo Bayer Kemyy kauft<br>Und au sofort in dää Freistaat Namme umtauft<br>Und bi dr Umbenennig vo Ciba in B.A.S.F.<br>Hesch bald im Gschäft e Schwoob als Chef<br>Dr Deutsche-Telekom-Tower, voorhäär dr hoochi Mässeturm<br>Vo Rimmelinsblatz in Rummelplatz, laufe Baasler aber sturm<br>Nei haisst&#8217;s uf dr Mittlere Brugg &#171;Jochen&#8217;s Käppchen&#187;<br>UBS und CS git&#8217;s fir die Dytschi Bangg zum Schnäppchen<br>Und im Rootliechtmilieu, s isch nume no e Froog vo dr Zyt<br>Nei uf d Glaibaasler Repperbahn z&#8217;go, hesch nimmi wyt<br>Aber fir Aromat und Stewi, e schwyzer Erfindig<br>Macht me nit graad e dytschi Bezaichnig usfindig<br>Mir fyyre jetz dritt Oggdoober und erscht Auguscht<br>Friehner nur Helvetia und dr Tell mit Armbruscht<br>Im Fäärnsee d Azaal Schwyzer Sänder isch klai und beschaide<br>Aber die riisigi Uuswaal an dytsche Kanäl tuet schnäll verlaide<br>Denn friehner Cabaret Rotstift, Läppli und Ruedi Walter<br>Kei Fäärnbedienig, nur am Bildschirm vorne ai Schalter<br>Hitte mit Mittermayer, Stefan Raab und Atze Schröder<br>Wird&#8217;s im Fäärnsee trotz riesiger Uuswaal immer öder<br>Doch d Schwyzer kopiere au Sändige us Dytschland<br>Bauer-sucht-Frau und Musicstar, Niveau mit weenig Verstand<br>Und au die hit bekannti BVB, erscht vor 60 Joor umbennent<br>Het me no friehner als &#171;Basler Strassenbahnen&#187; kennt<br>Joe Ackermaa, Bobo und Lilo Pulver dien Dytschland erfreue<br>Hitzfäld und Oeri, dien dr Kontaggt zu Baasel au nit scheue<br><br>Au d Faasnacht wird wohl nit verschoont<br>Wie die nei Route, am Aafang ungwoont<br>Mir wänn no &#171;Moorgestraich-Vorwärts-Maarsch&#187; heere<br>&#171;Wolle mer se reilasse?&#187; wurd Baasler doch e weeneli steere<br>Und Räppli kennt nur no dr Waggis ufem Faasnachts-Waage<br>Doch bald wäärde au mir Stimmungsflocken miesse saage<br>Raere Waggis hänn mir no bis zer Faasnacht 2008 ghaisse<br>E Umbenennig in &#171;Ratschen-Jungs&#187; tuet zämeschwaisse<br>D Faasnacht, mir wän sie zwaimool im Joor in dr Zuekunft<br>Aimool s Comité, s andere Mol am 11.11. vo ere Narrenzunft<br>Doch Fasching, Karneval, Bonbon und Apfelsine<br>Bezaichnige wo uns doch sehr fremd erschyyne<br>Vyyl Material wo mir wurde zwaimool useschmaisse<br>Wo aber no immer Dääfeli und Orangsche wurde haisse<br>Trotzdäm steen mir mit de Schwoobe zwaimmol y<br>Denn daile dien mir uns jo scho lang dr Bappe Rhy</p>



<p><strong>Comité Sujet</strong><br>Jetz simmer laggiert!<br><br><strong>Dr Blaggedde Värs vom Fasnachts-Comité<br></strong>Fir d Blagette, wo jetz am Graage<br>e jeedi und jeede sott draage,<br>het dr Kinschtler seer vyl iberleggt.<br>Er haisst Roger Sigrist, e Junge.<br>Sy Kunschtwärgg isch mee als nuur glunge: <br>Doo hämmer e Gliggsfall entdeggt. <br>Zeerscht gseet men uff dääre Blagette<br>die Laarve, wo gmoolt wäärde wette<br>und drunder dr Mooler, wo moolt.<br>Mit Bämsle und Gratze und Glääbe <br>bikemme die Gsichter jetz Lääbe,<br>und glyy wäärden alli scho ghoolt.<br>Fir dass aber nyt duet verheie,<br>im Fall s kunnt scho schiffe und schneie<br>und s Gsicht nit d Visage verliert<br>duet men alles no guet impregniere<br>bis d Laarve denn froo jubiliere:<br>S isch guet soo: JETZ SIMMER LAGGIERT! <br>Laggiert simmer alli, muesch wisse. <br>Laggiert haisst drum au: Mer sinn bschisse, <br>und daas hämmer s letscht Joor jo gspyyrt. W<br>as d Bangge und d Wirtschaft is bschäärt hänn, <br>d Babyyr, wo kai Santym me wäärt hänn, <br>und kain me, wo ebbis verstyyrt.<br>Doch daas, wo dr Wäärt no ka bhalte,<br>und s Portefeuille no poositiv gstalte,<br>isch s faasnächtlig Eedelmetall:<br>D Blagette muesch kaufe und sammle, <br>denn die wird uff kai Fall vergammle.<br>Und s Comité danggt jeedefall!</p>

<p>Unseri Hèlge vo dr Fasnacht 2009 Waagebau Dauffi Määntig Binggis Mittwuch Bummel Unser Sujet&#171;Dytschi integriere und intrigiere!&#187; Unsere Sujet VärsMir saage Hoi, Bonjour und CiaoAber au Sali, Griezi und HellauAll die frintlige und nätte SchwoobeDien unseri scheeni Stadt so loobeDenn in d Schwyz koo schaffe und wooneTuet sich fir sie finanziell sehr looneMir saage das &hellip; </p>
<p class="link-more"><a href="https://raere-waggis.ch/wordpress/index.php/helge/fasnacht-2009/" class="more-link"><span class="screen-reader-text">&#171;Fasnacht 2009&#187;</span> weiterlesen</a></p>
