{"id":591,"date":"2021-12-02T14:51:12","date_gmt":"2021-12-02T13:51:12","guid":{"rendered":"https:\/\/raere-waggis.ch\/wordpress\/?page_id=591"},"modified":"2022-03-02T19:42:04","modified_gmt":"2022-03-02T18:42:04","slug":"fasnacht-2008","status":"publish","type":"page","link":"https:\/\/raere-waggis.ch\/wordpress\/index.php\/helge\/fasnacht-2008\/","title":{"rendered":"Fasnacht 2008"},"content":{"rendered":"<div class=\"breadcrumbs align  wp-block-bcn-breadcrumb-trail has-text-color has-background\" vocab=\"https:\/\/schema.org\/\" typeof=\"BreadcrumbList\">\n\t<span><\/span>\n\t<\/div>\n\n\n\n<p><\/p>\n\n\n\n<div class=\"wp-block-group\"><div class=\"wp-block-group__inner-container is-layout-flow wp-block-group-is-layout-flow\">\n<div class=\"wp-block-media-text alignwide is-stacked-on-mobile is-vertically-aligned-center\" style=\"grid-template-columns:30% auto\"><figure class=\"wp-block-media-text__media\"><a href=\"https:\/\/raere-waggis.ch\/wordpress\/wp-content\/uploads\/2022\/02\/2008-blaggedde-2.jpg\"><img loading=\"lazy\" decoding=\"async\" width=\"833\" height=\"1024\" src=\"https:\/\/raere-waggis.ch\/wordpress\/wp-content\/uploads\/2022\/02\/2008-blaggedde-2-833x1024.jpg\" alt=\"\" class=\"wp-image-4396 size-full\" srcset=\"https:\/\/raere-waggis.ch\/wordpress\/wp-content\/uploads\/2022\/02\/2008-blaggedde-2-833x1024.jpg 833w, https:\/\/raere-waggis.ch\/wordpress\/wp-content\/uploads\/2022\/02\/2008-blaggedde-2-244x300.jpg 244w, https:\/\/raere-waggis.ch\/wordpress\/wp-content\/uploads\/2022\/02\/2008-blaggedde-2-768x944.jpg 768w, https:\/\/raere-waggis.ch\/wordpress\/wp-content\/uploads\/2022\/02\/2008-blaggedde-2-1249x1536.jpg 1249w, https:\/\/raere-waggis.ch\/wordpress\/wp-content\/uploads\/2022\/02\/2008-blaggedde-2.jpg 1398w\" sizes=\"auto, (max-width: 767px) 89vw, (max-width: 1000px) 54vw, (max-width: 1071px) 543px, 580px\" \/><\/a><\/figure><div class=\"wp-block-media-text__content\">\n<p><strong>Unseri H\u00e8lge vo dr Fasnacht 2008<\/strong><\/p>\n\n\n\n<ul class=\"wp-block-list\"><li><a href=\"https:\/\/raere-waggis.ch\/wordpress\/index.php\/vergangenes\/fasnacht-2008\/waagebau-2008\/\" data-type=\"page\" data-id=\"769\">Waagebau<\/a><\/li><li><a href=\"https:\/\/raere-waggis.ch\/wordpress\/index.php\/vergangenes\/fasnacht-2008\/dauffi-2008\/\" data-type=\"page\" data-id=\"766\">Dauffi<\/a><\/li><li><a href=\"https:\/\/raere-waggis.ch\/wordpress\/index.php\/vergangenes\/fasnacht-2008\/maentig-2008\/\" data-type=\"page\" data-id=\"767\">M\u00e4\u00e4ntig<\/a><\/li><li><a href=\"https:\/\/raere-waggis.ch\/wordpress\/index.php\/vergangenes\/fasnacht-2008\/binggis-2008\/\" data-type=\"page\" data-id=\"1047\">Binggis<\/a><\/li><li><a href=\"https:\/\/raere-waggis.ch\/wordpress\/index.php\/vergangenes\/fasnacht-2008\/mittwuch-2008\/\" data-type=\"page\" data-id=\"768\">Mittwuch<\/a><\/li><li><a href=\"https:\/\/raere-waggis.ch\/wordpress\/index.php\/vergangenes\/fasnacht-2008\/bummel-2008\/\" data-type=\"page\" data-id=\"765\">Bummel<\/a><\/li><\/ul>\n<\/div><\/div>\n<\/div><\/div>\n\n\n\n<p><strong>Unser Sujet<\/strong><br>&#171;Vor luuter Kultur isch alles verbotte!&#187;<\/p>\n\n\n\n<p><strong>Unsere Sujet V\u00e4rs<\/strong><br>Basel, me schryybt d Kultur ganz gross<br>Und jede in dere Stadt findet&#8217;s famoos<br>Fuessball, Museum, Kunst und Konz\u00e4rt<br>Das git unserer Stadt e hohe Stellew\u00e4rt<br>Au Jazz- und Jugend-Kultur-Festival<br>M\u00e4sse, Tattoo und Baseler Karneval<br>Doch neume wo&#8217;s viel Agebot het an Kultur<br>Git&#8217;s sicher Yschr\u00e4nggige oder sogar Zensur<br>Denn nur e kli L\u00e4rme und tuet&#8217;s d\u00e4tsche<br>Tuet dr Noochber sich beschw\u00e4\u00e4re und l\u00e4tsche<br>Bsoffeni joole und groole<br>Jungi dien W\u00e4nd vermoole<br>Uf dr Stroos tuet&#8217;s krache<br>Am Rhy dien sie luut lache<br>\u00dcberall wird graucht und g\u00e4sse<br>Dr L\u00e4\u00e4rm kasch in Dezibel m\u00e4sse<br>Kei F\u00fc\u00fcrw\u00e4rk, kei Musig<br>Jede seit, das es z&#8217;lut sig<br>Dreil\u00e4nderegg, w\u00e4gem L\u00e4\u00e4rm haglet&#8217;s Beschw\u00e4\u00e4rde<br>Schwoobe und Waggis zeige b\u00f6\u00f6si Geb\u00e4\u00e4rde<br>Im Summer git&#8217;s e musikalischs Kulturflooss<br>Awohner saage, dr L\u00e4\u00e4rm isch z&#8217;grooss<br>Au die vielf\u00e4lltigi Basler \u00c4sskultur<br>Git dere Stadt e bstimmti Signatur<br>Doch Wyssw\u00fcrscht und Bier h\u00e4n bald usdiehnt<br>Mit Take-Away und Kepap wird mehr verdient<br>K\u00f6nigligi B\u00f6rger, anstell Bruune Mutz Bierkultur<br>Gege\u00fcber blibt s Casino, anstell irakischer Architektur<br>Denn Basler stimme ab, saage &#171;n\u00fct wird baut&#187;<br>Aber f\u00fcr dr Fasstfood sich\u2019s Volgg bald staut<br>Au d Natur macht nit immer mit, kei Rhyschwimme<br>Beh\u00f6rde mien&#8217;s verbiete und em Vater Rhy zuestimme<br>D Raere Waggis in trischter, grauer Kost\u00fcm-Montur<br>Gsehn in dere Stadt dr Verfall vo dr Kultur<br>Dangg neuem Dach st\u00f6hn mir im Sch\u00e4\u00e4rme<br>Aber h\u00f6re n\u00e4bscht dr Raere no viel andere L\u00e4\u00e4rme<br>Dorum versueche mir mit Verbot d L\u00fc\u00fct z&#8217;l\u00e4ngge<br>Mit Reegle ihres L\u00e4\u00e4be e kli y z&#8217;schr\u00e4ngge<br>Und st\u00f6\u00f6hn do 3 Daag ufem Waage<br>Mir n\u00f6rgele ume und h\u00e4n emol s Saage<br>\u00dcberall w\u00e4n mir in dere Stadt plaane<br>Mit Schilder an m\u00e4ngs dra z&#8217;ermahne<br>Mir spr\u00e4che sie us, no mehr Verbot<br>Denn die sin f\u00fcr uns wie e Gebot<br>Diend uns bitte wie de Politiker vertraue<br>W\u00e4nn mir doch no mehr Verbotsschilder verbaue<br>Aber vo luuter Zensur tuet me n\u00fct meh gseh<br>Jetzt l\u00e4ngts, jetzt w\u00e4mmer n\u00fcme meh<br>Zwar sot m\u00e4ngs im L\u00e4\u00e4be verbotte w\u00e4rde<br>Doch git&#8217;s sicher wichtigers uf dr \u00c4rde<br>Mir w\u00e4nn jetzt d Fasnacht gniesse<br>Und n\u00fcm \u00fcber s Zyyl useschiesse<br>F\u00fcr uns isch&#8217;s nach drei Daag verbi<br>Mir l\u00f6n d Kultur wieder ohni Verbot sii<\/p>\n\n\n\n<p><strong>Comit\u00e9 Sujet<\/strong><br>&#171;Mir spiile us!&#187;<br><br><strong>Dr Blaggeddev\u00e4rs vom Fasnachts-Comit\u00e9<\/strong><br>Bi dr Blaggedde Null-Null-Acht verstoot me glyy,<br>was Faasnacht mache haisst bi uns dehaim am Ryy, <br>das haisst: doo wo dr Ryy sy groosse Booge macht,<br>wo jeedes Joor in d\u00e4\u00e4re ganz spezielle Nacht, <br>wemme dr Vieri-Schlaag vom Martinsgleggli heert,<br>mer wider alles saage deerfe, won is steert.<br>Mir spiile us mit Goschdym, Helge, B\u00e4ngg und V\u00e4\u00e4rs<br>Mir spiile us dr Gsellschafts- und Polit-Komm\u00e4\u00e4rs.<br>Mir spiile us und schiesse jetz us vollem Roor.<br>MIR SPIILE US haisst doorum s Motto in d\u00e4m Joor.<br>D Blaggedde zaigen is e ganzes Kartespiil.<br>Und w\u00e4\u00e4r e bitzli druuskunnt, merggt, dass bi d\u00e4m Stiil<br>dr PASCAL KOTTMANN hinder d\u00e4\u00e4ne Kunschtw\u00e4rgg st\u00e4ggt. <br>Dr D\u00c4NI M\u00dcLLER het si, wie mer s gwoont sinn, pr\u00e4ggt.<br>Mer wisse, d Faasnacht isch in d\u00e4m Joor schampar frie: <br>Am elfte Hoornig, also frie wie fascht no nie.<br>Drum w\u00e4nde mer is jetz an alli Faasnachts-Frind: <br>Kaufet d Blaggedde flyssig, und vor allem gschwind. <br>Ganz anderscht als dr US-Immobilie-M\u00e4\u00e4rt<br>sinn unseri Blaggedde ganz e feschte W\u00e4\u00e4rt.<br>Und s git en Uusgoob fir e jeedes Boortmenee.<br>In d\u00e4m Sinn, danggscheen vylmool, s Fasnachts-Comit\u00e9.<\/p>\n","protected":false},"excerpt":{"rendered":"<p>Unseri H\u00e8lge vo dr Fasnacht 2008 Waagebau Dauffi M\u00e4\u00e4ntig Binggis Mittwuch Bummel Unser Sujet&#171;Vor luuter Kultur isch alles verbotte!&#187; Unsere Sujet V\u00e4rsBasel, me schryybt d Kultur ganz grossUnd jede in dere Stadt findet&#8217;s famoosFuessball, Museum, Kunst und Konz\u00e4rtDas git unserer Stadt e hohe Stellew\u00e4rtAu Jazz- und Jugend-Kultur-FestivalM\u00e4sse, Tattoo und Baseler KarnevalDoch neume wo&#8217;s viel Agebot &hellip; <\/p>\n<p class=\"link-more\"><a href=\"https:\/\/raere-waggis.ch\/wordpress\/index.php\/helge\/fasnacht-2008\/\" class=\"more-link\"><span class=\"screen-reader-text\">&#171;Fasnacht 2008&#187;<\/span> weiterlesen<\/a><\/p>\n","protected":false},"author":1,"featured_media":0,"parent":136,"menu_order":0,"comment_status":"closed","ping_status":"closed","template":"","meta":{"footnotes":""},"class_list":["post-591","page","type-page","status-publish","hentry"],"_links":{"self":[{"href":"https:\/\/raere-waggis.ch\/wordpress\/index.php\/wp-json\/wp\/v2\/pages\/591","targetHints":{"allow":["GET"]}}],"collection":[{"href":"https:\/\/raere-waggis.ch\/wordpress\/index.php\/wp-json\/wp\/v2\/pages"}],"about":[{"href":"https:\/\/raere-waggis.ch\/wordpress\/index.php\/wp-json\/wp\/v2\/types\/page"}],"author":[{"embeddable":true,"href":"https:\/\/raere-waggis.ch\/wordpress\/index.php\/wp-json\/wp\/v2\/users\/1"}],"replies":[{"embeddable":true,"href":"https:\/\/raere-waggis.ch\/wordpress\/index.php\/wp-json\/wp\/v2\/comments?post=591"}],"version-history":[{"count":13,"href":"https:\/\/raere-waggis.ch\/wordpress\/index.php\/wp-json\/wp\/v2\/pages\/591\/revisions"}],"predecessor-version":[{"id":4843,"href":"https:\/\/raere-waggis.ch\/wordpress\/index.php\/wp-json\/wp\/v2\/pages\/591\/revisions\/4843"}],"up":[{"embeddable":true,"href":"https:\/\/raere-waggis.ch\/wordpress\/index.php\/wp-json\/wp\/v2\/pages\/136"}],"wp:attachment":[{"href":"https:\/\/raere-waggis.ch\/wordpress\/index.php\/wp-json\/wp\/v2\/media?parent=591"}],"curies":[{"name":"wp","href":"https:\/\/api.w.org\/{rel}","templated":true}]}}

<div class="breadcrumbs align  wp-block-bcn-breadcrumb-trail has-text-color has-background" vocab="https://schema.org/" typeof="BreadcrumbList">
	<span></span>
	</div>



<p></p>



<div class="wp-block-group"><div class="wp-block-group__inner-container is-layout-flow wp-block-group-is-layout-flow">
<div class="wp-block-media-text alignwide is-stacked-on-mobile is-vertically-aligned-center" style="grid-template-columns:30% auto"><figure class="wp-block-media-text__media"><a href="https://raere-waggis.ch/wordpress/wp-content/uploads/2022/02/2008-blaggedde-2.jpg"><img loading="lazy" decoding="async" width="833" height="1024" src="https://raere-waggis.ch/wordpress/wp-content/uploads/2022/02/2008-blaggedde-2-833x1024.jpg" alt="" class="wp-image-4396 size-full" srcset="https://raere-waggis.ch/wordpress/wp-content/uploads/2022/02/2008-blaggedde-2-833x1024.jpg 833w, https://raere-waggis.ch/wordpress/wp-content/uploads/2022/02/2008-blaggedde-2-244x300.jpg 244w, https://raere-waggis.ch/wordpress/wp-content/uploads/2022/02/2008-blaggedde-2-768x944.jpg 768w, https://raere-waggis.ch/wordpress/wp-content/uploads/2022/02/2008-blaggedde-2-1249x1536.jpg 1249w, https://raere-waggis.ch/wordpress/wp-content/uploads/2022/02/2008-blaggedde-2.jpg 1398w" sizes="auto, (max-width: 767px) 89vw, (max-width: 1000px) 54vw, (max-width: 1071px) 543px, 580px" /></a></figure><div class="wp-block-media-text__content">
<p><strong>Unseri Hèlge vo dr Fasnacht 2008</strong></p>



<ul class="wp-block-list"><li><a href="https://raere-waggis.ch/wordpress/index.php/vergangenes/fasnacht-2008/waagebau-2008/" data-type="page" data-id="769">Waagebau</a></li><li><a href="https://raere-waggis.ch/wordpress/index.php/vergangenes/fasnacht-2008/dauffi-2008/" data-type="page" data-id="766">Dauffi</a></li><li><a href="https://raere-waggis.ch/wordpress/index.php/vergangenes/fasnacht-2008/maentig-2008/" data-type="page" data-id="767">Määntig</a></li><li><a href="https://raere-waggis.ch/wordpress/index.php/vergangenes/fasnacht-2008/binggis-2008/" data-type="page" data-id="1047">Binggis</a></li><li><a href="https://raere-waggis.ch/wordpress/index.php/vergangenes/fasnacht-2008/mittwuch-2008/" data-type="page" data-id="768">Mittwuch</a></li><li><a href="https://raere-waggis.ch/wordpress/index.php/vergangenes/fasnacht-2008/bummel-2008/" data-type="page" data-id="765">Bummel</a></li></ul>
</div></div>
</div></div>



<p><strong>Unser Sujet</strong><br>&#171;Vor luuter Kultur isch alles verbotte!&#187;</p>



<p><strong>Unsere Sujet Värs</strong><br>Basel, me schryybt d Kultur ganz gross<br>Und jede in dere Stadt findet&#8217;s famoos<br>Fuessball, Museum, Kunst und Konzärt<br>Das git unserer Stadt e hohe Stellewärt<br>Au Jazz- und Jugend-Kultur-Festival<br>Mässe, Tattoo und Baseler Karneval<br>Doch neume wo&#8217;s viel Agebot het an Kultur<br>Git&#8217;s sicher Yschränggige oder sogar Zensur<br>Denn nur e kli Lärme und tuet&#8217;s dätsche<br>Tuet dr Noochber sich beschwääre und lätsche<br>Bsoffeni joole und groole<br>Jungi dien Wänd vermoole<br>Uf dr Stroos tuet&#8217;s krache<br>Am Rhy dien sie luut lache<br>Überall wird graucht und gässe<br>Dr Läärm kasch in Dezibel mässe<br>Kei Füürwärk, kei Musig<br>Jede seit, das es z&#8217;lut sig<br>Dreiländeregg, wägem Läärm haglet&#8217;s Beschwäärde<br>Schwoobe und Waggis zeige böösi Gebäärde<br>Im Summer git&#8217;s e musikalischs Kulturflooss<br>Awohner saage, dr Läärm isch z&#8217;grooss<br>Au die vielfälltigi Basler Ässkultur<br>Git dere Stadt e bstimmti Signatur<br>Doch Wysswürscht und Bier hän bald usdiehnt<br>Mit Take-Away und Kepap wird mehr verdient<br>Königligi Börger, anstell Bruune Mutz Bierkultur<br>Gegeüber blibt s Casino, anstell irakischer Architektur<br>Denn Basler stimme ab, saage &#171;nüt wird baut&#187;<br>Aber für dr Fasstfood sich’s Volgg bald staut<br>Au d Natur macht nit immer mit, kei Rhyschwimme<br>Behörde mien&#8217;s verbiete und em Vater Rhy zuestimme<br>D Raere Waggis in trischter, grauer Kostüm-Montur<br>Gsehn in dere Stadt dr Verfall vo dr Kultur<br>Dangg neuem Dach stöhn mir im Schäärme<br>Aber höre näbscht dr Raere no viel andere Läärme<br>Dorum versueche mir mit Verbot d Lüüt z&#8217;längge<br>Mit Reegle ihres Lääbe e kli y z&#8217;schrängge<br>Und stööhn do 3 Daag ufem Waage<br>Mir nörgele ume und hän emol s Saage<br>Überall wän mir in dere Stadt plaane<br>Mit Schilder an mängs dra z&#8217;ermahne<br>Mir spräche sie us, no mehr Verbot<br>Denn die sin für uns wie e Gebot<br>Diend uns bitte wie de Politiker vertraue<br>Wänn mir doch no mehr Verbotsschilder verbaue<br>Aber vo luuter Zensur tuet me nüt meh gseh<br>Jetzt längts, jetzt wämmer nüme meh<br>Zwar sot mängs im Lääbe verbotte wärde<br>Doch git&#8217;s sicher wichtigers uf dr Ärde<br>Mir wänn jetzt d Fasnacht gniesse<br>Und nüm über s Zyyl useschiesse<br>Für uns isch&#8217;s nach drei Daag verbi<br>Mir lön d Kultur wieder ohni Verbot sii</p>



<p><strong>Comité Sujet</strong><br>&#171;Mir spiile us!&#187;<br><br><strong>Dr Blaggeddevärs vom Fasnachts-Comité</strong><br>Bi dr Blaggedde Null-Null-Acht verstoot me glyy,<br>was Faasnacht mache haisst bi uns dehaim am Ryy, <br>das haisst: doo wo dr Ryy sy groosse Booge macht,<br>wo jeedes Joor in dääre ganz spezielle Nacht, <br>wemme dr Vieri-Schlaag vom Martinsgleggli heert,<br>mer wider alles saage deerfe, won is steert.<br>Mir spiile us mit Goschdym, Helge, Bängg und Väärs<br>Mir spiile us dr Gsellschafts- und Polit-Kommäärs.<br>Mir spiile us und schiesse jetz us vollem Roor.<br>MIR SPIILE US haisst doorum s Motto in däm Joor.<br>D Blaggedde zaigen is e ganzes Kartespiil.<br>Und wäär e bitzli druuskunnt, merggt, dass bi däm Stiil<br>dr PASCAL KOTTMANN hinder dääne Kunschtwärgg stäggt. <br>Dr DÄNI MÜLLER het si, wie mer s gwoont sinn, präggt.<br>Mer wisse, d Faasnacht isch in däm Joor schampar frie: <br>Am elfte Hoornig, also frie wie fascht no nie.<br>Drum wände mer is jetz an alli Faasnachts-Frind: <br>Kaufet d Blaggedde flyssig, und vor allem gschwind. <br>Ganz anderscht als dr US-Immobilie-Määrt<br>sinn unseri Blaggedde ganz e feschte Wäärt.<br>Und s git en Uusgoob fir e jeedes Boortmenee.<br>In däm Sinn, danggscheen vylmool, s Fasnachts-Comité.</p>

<p>Unseri Hèlge vo dr Fasnacht 2008 Waagebau Dauffi Määntig Binggis Mittwuch Bummel Unser Sujet&#171;Vor luuter Kultur isch alles verbotte!&#187; Unsere Sujet VärsBasel, me schryybt d Kultur ganz grossUnd jede in dere Stadt findet&#8217;s famoosFuessball, Museum, Kunst und KonzärtDas git unserer Stadt e hohe StellewärtAu Jazz- und Jugend-Kultur-FestivalMässe, Tattoo und Baseler KarnevalDoch neume wo&#8217;s viel Agebot &hellip; </p>
<p class="link-more"><a href="https://raere-waggis.ch/wordpress/index.php/helge/fasnacht-2008/" class="more-link"><span class="screen-reader-text">&#171;Fasnacht 2008&#187;</span> weiterlesen</a></p>
