{"id":594,"date":"2021-12-02T14:55:01","date_gmt":"2021-12-02T13:55:01","guid":{"rendered":"https:\/\/raere-waggis.ch\/wordpress\/?page_id=594"},"modified":"2022-03-02T20:05:29","modified_gmt":"2022-03-02T19:05:29","slug":"fasnacht-2007","status":"publish","type":"page","link":"https:\/\/raere-waggis.ch\/wordpress\/index.php\/helge\/fasnacht-2007\/","title":{"rendered":"Fasnacht 2007"},"content":{"rendered":"<div class=\"breadcrumbs align  wp-block-bcn-breadcrumb-trail has-text-color has-background\" vocab=\"https:\/\/schema.org\/\" typeof=\"BreadcrumbList\">\n\t<span><\/span>\n\t<\/div>\n\n\n\n<p><\/p>\n\n\n\n<div class=\"wp-block-group\"><div class=\"wp-block-group__inner-container is-layout-flow wp-block-group-is-layout-flow\">\n<div class=\"wp-block-media-text alignwide is-stacked-on-mobile is-vertically-aligned-center\" style=\"grid-template-columns:37% auto\"><figure class=\"wp-block-media-text__media\"><a href=\"https:\/\/raere-waggis.ch\/wordpress\/wp-content\/uploads\/2022\/02\/2007-blaggedde-2.jpg\"><img loading=\"lazy\" decoding=\"async\" width=\"1024\" height=\"417\" src=\"https:\/\/raere-waggis.ch\/wordpress\/wp-content\/uploads\/2022\/02\/2007-blaggedde-2-1024x417.jpg\" alt=\"\" class=\"wp-image-4400 size-full\" srcset=\"https:\/\/raere-waggis.ch\/wordpress\/wp-content\/uploads\/2022\/02\/2007-blaggedde-2-1024x417.jpg 1024w, https:\/\/raere-waggis.ch\/wordpress\/wp-content\/uploads\/2022\/02\/2007-blaggedde-2-300x122.jpg 300w, https:\/\/raere-waggis.ch\/wordpress\/wp-content\/uploads\/2022\/02\/2007-blaggedde-2-768x313.jpg 768w, https:\/\/raere-waggis.ch\/wordpress\/wp-content\/uploads\/2022\/02\/2007-blaggedde-2-1536x626.jpg 1536w, https:\/\/raere-waggis.ch\/wordpress\/wp-content\/uploads\/2022\/02\/2007-blaggedde-2.jpg 1857w\" sizes=\"auto, (max-width: 767px) 89vw, (max-width: 1000px) 54vw, (max-width: 1071px) 543px, 580px\" \/><\/a><\/figure><div class=\"wp-block-media-text__content\">\n<p><strong>Unseri H\u00e8lge vo dr Fasnacht 2007<\/strong><\/p>\n\n\n\n<ul class=\"wp-block-list\"><li><a href=\"https:\/\/raere-waggis.ch\/wordpress\/index.php\/vergangenes\/fasnacht-2007\/waagebau-2007\/\" data-type=\"page\" data-id=\"763\">Waagebau<\/a><\/li><li><a href=\"https:\/\/raere-waggis.ch\/wordpress\/index.php\/vergangenes\/fasnacht-2007\/dauffi-2007\/\" data-type=\"page\" data-id=\"760\">Dauffi<\/a><\/li><li><a href=\"https:\/\/raere-waggis.ch\/wordpress\/index.php\/vergangenes\/fasnacht-2007\/maentig-2007\/\" data-type=\"page\" data-id=\"761\">M\u00e4\u00e4ntig<\/a><\/li><li><a href=\"https:\/\/raere-waggis.ch\/wordpress\/index.php\/vergangenes\/fasnacht-2007\/binggis-2007\/\" data-type=\"page\" data-id=\"1046\">Binggis<\/a><\/li><li><a href=\"https:\/\/raere-waggis.ch\/wordpress\/index.php\/vergangenes\/fasnacht-2007\/mittwuch-2007\/\" data-type=\"page\" data-id=\"762\">Mittwuch<\/a><\/li><li><a href=\"https:\/\/raere-waggis.ch\/wordpress\/index.php\/vergangenes\/fasnacht-2007\/bummel-2007\/\" data-type=\"page\" data-id=\"759\">Bummel<\/a><\/li><\/ul>\n<\/div><\/div>\n<\/div><\/div>\n\n\n\n<p><strong>Unser Sujet<\/strong><br>&#171;D Strooss gheert uns und d GASS de Raere&#187;<\/p>\n\n\n\n<p><strong>Unsere Sujet V\u00e4rs<\/strong><br>Mir jubiliere uf dr <strong>GASS<\/strong> im ganz bescheidene Rhame<br>Trotz 40 Joor, wie allewyyl kei Erschinige vo Erlahme<br>Im Herbscht, Sujet-Uswahl und afoh blaane<br>D Forme vom Waage ka me erscht erahne<br>Mit Bohrer und Pinsel wird baut und gschafft<br>Das koschtet Zyt, N\u00e4rve und au e weeneli Kraft<br>D Schnyderin neiht uns e Kost\u00fcm: Klassisch, farbig oder schlicht<br>\u00dcber \u00c4nderige w\u00e4ge eme Waggis-Ranze, het sie Schwiegepflicht<br>Blaggedde-Usgoob, im J\u00e4nner bi eme feine \u00c4sse<br>Losst die besinnlige Wiehnachts-D\u00e4\u00e4g verg\u00e4sse<br>Larve-Usgoob, mir tr\u00e4ffe uns bi eme Aggdyyve,<br>D Larve s\u00e4lber tuet no nach fr\u00fcscher Farb myyfe<br>Waage-Dauffi, mit eme B\u00e4cher Wyy<br>E Waage-Gotte isch allewyyl derbi<br>\u00c4ndlig Fasnachts-M\u00e4\u00e4ntig, zw\u00f6lf Manne intrigiere<br>Me meint sie wurde uf dr Basler <strong>GASS<\/strong> regiere<br>Am Cort\u00e8ge, mir fahre wie allewyyl, verbi bim Comit\u00e9<br>Me het uns vo wytem scho gh\u00f6rt, aber au sicher gseh<br>Sit 40 Joor, unser Erkennigszeige, es r\u00e4\u00e4rt<br>In Basel-Stadt, wohl e hohe Erkennigsw\u00e4rt<br>Doozmool bim Bau vo dr Raere, kei Findigs-Kommissioon<br>Doch sie gh\u00f6rt jetz scho fascht zur Fasnachts-Traditioon<br>Im 2007 e neus \u201eR\u00e4\u00e4re\u201c-Konz\u00e4rt<br>Mir saage nit, s isch\u2019s nit dr w\u00e4\u00e4rt<br>Doch w\u00e4n mir am M\u00e4\u00e4ntig Oobe lieber gmietlig z\u00e4me si<br>Bi eme feine Nacht\u00e4sse, unseri Fahrerin isch au derbi<br>Am Zyschtig uf dr <strong>GASS<\/strong>, mir d\u00f6rfe mit Stolz sage<br>H\u00e4n unseri Binggis e eigeni Raere an ihrem Waage<br>Am Mittwuch bim Waage leere: Alli um d Raere in Schaare<br>Mir sin mit unserem Waage scho m\u00e4nge Kilometer gfahre<br>Fasnachts-\u00c4nd, Waage und Raere in B\u00e4ttwil in Egge gstellt<br>Aber vo de drei scheenschte D\u00e4\u00e4g wird no lang verzellt<br>Dr Bummel, mir h\u00e4n bi uns e idee-ryche Maa<br>\u00c4r weiss, wie me die andere 11 \u00fcberrasche ka<br>Dr Summerblausch, mir sin uf em Bach<br>M\u00e4nge br\u00fc\u00fcnt si Ranze, nit ganz flach<br>Mir hoffe, d Raere mag me no m\u00e4ngs Joor h\u00f6re<br>Au wenn&#8217;s dr eint oder anderi z\u2019Basel sot st\u00f6re<br>E Raere-Saison jetzt leider z&#8217;\u00e4nd, mir sin fruschtriert<br>Aber bald sin mir wieder uf dr <strong>GASS<\/strong>, es wird triumpfiert<\/p>\n\n\n\n<p><strong>Comit\u00e9 Sujet<\/strong><br>&#171;D Stroos gheert uns!&#187;<\/p>\n","protected":false},"excerpt":{"rendered":"<p>Unseri H\u00e8lge vo dr Fasnacht 2007 Waagebau Dauffi M\u00e4\u00e4ntig Binggis Mittwuch Bummel Unser Sujet&#171;D Strooss gheert uns und d GASS de Raere&#187; Unsere Sujet V\u00e4rsMir jubiliere uf dr GASS im ganz bescheidene RhameTrotz 40 Joor, wie allewyyl kei Erschinige vo ErlahmeIm Herbscht, Sujet-Uswahl und afoh blaaneD Forme vom Waage ka me erscht erahneMit Bohrer und &hellip; <\/p>\n<p class=\"link-more\"><a href=\"https:\/\/raere-waggis.ch\/wordpress\/index.php\/helge\/fasnacht-2007\/\" class=\"more-link\"><span class=\"screen-reader-text\">&#171;Fasnacht 2007&#187;<\/span> weiterlesen<\/a><\/p>\n","protected":false},"author":1,"featured_media":0,"parent":136,"menu_order":0,"comment_status":"closed","ping_status":"closed","template":"","meta":{"footnotes":""},"class_list":["post-594","page","type-page","status-publish","hentry"],"_links":{"self":[{"href":"https:\/\/raere-waggis.ch\/wordpress\/index.php\/wp-json\/wp\/v2\/pages\/594","targetHints":{"allow":["GET"]}}],"collection":[{"href":"https:\/\/raere-waggis.ch\/wordpress\/index.php\/wp-json\/wp\/v2\/pages"}],"about":[{"href":"https:\/\/raere-waggis.ch\/wordpress\/index.php\/wp-json\/wp\/v2\/types\/page"}],"author":[{"embeddable":true,"href":"https:\/\/raere-waggis.ch\/wordpress\/index.php\/wp-json\/wp\/v2\/users\/1"}],"replies":[{"embeddable":true,"href":"https:\/\/raere-waggis.ch\/wordpress\/index.php\/wp-json\/wp\/v2\/comments?post=594"}],"version-history":[{"count":12,"href":"https:\/\/raere-waggis.ch\/wordpress\/index.php\/wp-json\/wp\/v2\/pages\/594\/revisions"}],"predecessor-version":[{"id":4845,"href":"https:\/\/raere-waggis.ch\/wordpress\/index.php\/wp-json\/wp\/v2\/pages\/594\/revisions\/4845"}],"up":[{"embeddable":true,"href":"https:\/\/raere-waggis.ch\/wordpress\/index.php\/wp-json\/wp\/v2\/pages\/136"}],"wp:attachment":[{"href":"https:\/\/raere-waggis.ch\/wordpress\/index.php\/wp-json\/wp\/v2\/media?parent=594"}],"curies":[{"name":"wp","href":"https:\/\/api.w.org\/{rel}","templated":true}]}}

<div class="breadcrumbs align  wp-block-bcn-breadcrumb-trail has-text-color has-background" vocab="https://schema.org/" typeof="BreadcrumbList">
	<span></span>
	</div>



<p></p>



<div class="wp-block-group"><div class="wp-block-group__inner-container is-layout-flow wp-block-group-is-layout-flow">
<div class="wp-block-media-text alignwide is-stacked-on-mobile is-vertically-aligned-center" style="grid-template-columns:37% auto"><figure class="wp-block-media-text__media"><a href="https://raere-waggis.ch/wordpress/wp-content/uploads/2022/02/2007-blaggedde-2.jpg"><img loading="lazy" decoding="async" width="1024" height="417" src="https://raere-waggis.ch/wordpress/wp-content/uploads/2022/02/2007-blaggedde-2-1024x417.jpg" alt="" class="wp-image-4400 size-full" srcset="https://raere-waggis.ch/wordpress/wp-content/uploads/2022/02/2007-blaggedde-2-1024x417.jpg 1024w, https://raere-waggis.ch/wordpress/wp-content/uploads/2022/02/2007-blaggedde-2-300x122.jpg 300w, https://raere-waggis.ch/wordpress/wp-content/uploads/2022/02/2007-blaggedde-2-768x313.jpg 768w, https://raere-waggis.ch/wordpress/wp-content/uploads/2022/02/2007-blaggedde-2-1536x626.jpg 1536w, https://raere-waggis.ch/wordpress/wp-content/uploads/2022/02/2007-blaggedde-2.jpg 1857w" sizes="auto, (max-width: 767px) 89vw, (max-width: 1000px) 54vw, (max-width: 1071px) 543px, 580px" /></a></figure><div class="wp-block-media-text__content">
<p><strong>Unseri Hèlge vo dr Fasnacht 2007</strong></p>



<ul class="wp-block-list"><li><a href="https://raere-waggis.ch/wordpress/index.php/vergangenes/fasnacht-2007/waagebau-2007/" data-type="page" data-id="763">Waagebau</a></li><li><a href="https://raere-waggis.ch/wordpress/index.php/vergangenes/fasnacht-2007/dauffi-2007/" data-type="page" data-id="760">Dauffi</a></li><li><a href="https://raere-waggis.ch/wordpress/index.php/vergangenes/fasnacht-2007/maentig-2007/" data-type="page" data-id="761">Määntig</a></li><li><a href="https://raere-waggis.ch/wordpress/index.php/vergangenes/fasnacht-2007/binggis-2007/" data-type="page" data-id="1046">Binggis</a></li><li><a href="https://raere-waggis.ch/wordpress/index.php/vergangenes/fasnacht-2007/mittwuch-2007/" data-type="page" data-id="762">Mittwuch</a></li><li><a href="https://raere-waggis.ch/wordpress/index.php/vergangenes/fasnacht-2007/bummel-2007/" data-type="page" data-id="759">Bummel</a></li></ul>
</div></div>
</div></div>



<p><strong>Unser Sujet</strong><br>&#171;D Strooss gheert uns und d GASS de Raere&#187;</p>



<p><strong>Unsere Sujet Värs</strong><br>Mir jubiliere uf dr <strong>GASS</strong> im ganz bescheidene Rhame<br>Trotz 40 Joor, wie allewyyl kei Erschinige vo Erlahme<br>Im Herbscht, Sujet-Uswahl und afoh blaane<br>D Forme vom Waage ka me erscht erahne<br>Mit Bohrer und Pinsel wird baut und gschafft<br>Das koschtet Zyt, Närve und au e weeneli Kraft<br>D Schnyderin neiht uns e Kostüm: Klassisch, farbig oder schlicht<br>Über Änderige wäge eme Waggis-Ranze, het sie Schwiegepflicht<br>Blaggedde-Usgoob, im Jänner bi eme feine Ässe<br>Losst die besinnlige Wiehnachts-Dääg vergässe<br>Larve-Usgoob, mir träffe uns bi eme Aggdyyve,<br>D Larve sälber tuet no nach früscher Farb myyfe<br>Waage-Dauffi, mit eme Bächer Wyy<br>E Waage-Gotte isch allewyyl derbi<br>Ändlig Fasnachts-Määntig, zwölf Manne intrigiere<br>Me meint sie wurde uf dr Basler <strong>GASS</strong> regiere<br>Am Cortège, mir fahre wie allewyyl, verbi bim Comité<br>Me het uns vo wytem scho ghört, aber au sicher gseh<br>Sit 40 Joor, unser Erkennigszeige, es räärt<br>In Basel-Stadt, wohl e hohe Erkennigswärt<br>Doozmool bim Bau vo dr Raere, kei Findigs-Kommissioon<br>Doch sie ghört jetz scho fascht zur Fasnachts-Traditioon<br>Im 2007 e neus „Rääre“-Konzärt<br>Mir saage nit, s isch’s nit dr wäärt<br>Doch wän mir am Määntig Oobe lieber gmietlig zäme si<br>Bi eme feine Nachtässe, unseri Fahrerin isch au derbi<br>Am Zyschtig uf dr <strong>GASS</strong>, mir dörfe mit Stolz sage<br>Hän unseri Binggis e eigeni Raere an ihrem Waage<br>Am Mittwuch bim Waage leere: Alli um d Raere in Schaare<br>Mir sin mit unserem Waage scho mänge Kilometer gfahre<br>Fasnachts-Änd, Waage und Raere in Bättwil in Egge gstellt<br>Aber vo de drei scheenschte Dääg wird no lang verzellt<br>Dr Bummel, mir hän bi uns e idee-ryche Maa<br>Är weiss, wie me die andere 11 überrasche ka<br>Dr Summerblausch, mir sin uf em Bach<br>Mänge brüünt si Ranze, nit ganz flach<br>Mir hoffe, d Raere mag me no mängs Joor höre<br>Au wenn&#8217;s dr eint oder anderi z’Basel sot störe<br>E Raere-Saison jetzt leider z&#8217;änd, mir sin fruschtriert<br>Aber bald sin mir wieder uf dr <strong>GASS</strong>, es wird triumpfiert</p>



<p><strong>Comité Sujet</strong><br>&#171;D Stroos gheert uns!&#187;</p>

<p>Unseri Hèlge vo dr Fasnacht 2007 Waagebau Dauffi Määntig Binggis Mittwuch Bummel Unser Sujet&#171;D Strooss gheert uns und d GASS de Raere&#187; Unsere Sujet VärsMir jubiliere uf dr GASS im ganz bescheidene RhameTrotz 40 Joor, wie allewyyl kei Erschinige vo ErlahmeIm Herbscht, Sujet-Uswahl und afoh blaaneD Forme vom Waage ka me erscht erahneMit Bohrer und &hellip; </p>
<p class="link-more"><a href="https://raere-waggis.ch/wordpress/index.php/helge/fasnacht-2007/" class="more-link"><span class="screen-reader-text">&#171;Fasnacht 2007&#187;</span> weiterlesen</a></p>
