{"id":598,"date":"2021-12-02T14:59:42","date_gmt":"2021-12-02T13:59:42","guid":{"rendered":"https:\/\/raere-waggis.ch\/wordpress\/?page_id=598"},"modified":"2022-03-02T20:07:48","modified_gmt":"2022-03-02T19:07:48","slug":"fasnacht-2006","status":"publish","type":"page","link":"https:\/\/raere-waggis.ch\/wordpress\/index.php\/helge\/fasnacht-2006\/","title":{"rendered":"Fasnacht 2006"},"content":{"rendered":"<div class=\"breadcrumbs align  wp-block-bcn-breadcrumb-trail has-text-color has-background\" vocab=\"https:\/\/schema.org\/\" typeof=\"BreadcrumbList\">\n\t<span><\/span>\n\t<\/div>\n\n\n\n<p><\/p>\n\n\n\n<div class=\"wp-block-group\"><div class=\"wp-block-group__inner-container is-layout-flow wp-block-group-is-layout-flow\">\n<div class=\"wp-block-media-text alignwide is-stacked-on-mobile is-vertically-aligned-center\" style=\"grid-template-columns:26% auto\"><figure class=\"wp-block-media-text__media\"><a href=\"https:\/\/raere-waggis.ch\/wordpress\/wp-content\/uploads\/2022\/02\/2006-blaggedde.jpg\"><img loading=\"lazy\" decoding=\"async\" width=\"768\" height=\"1024\" src=\"https:\/\/raere-waggis.ch\/wordpress\/wp-content\/uploads\/2022\/02\/2006-blaggedde-768x1024.jpg\" alt=\"\" class=\"wp-image-4402 size-full\" srcset=\"https:\/\/raere-waggis.ch\/wordpress\/wp-content\/uploads\/2022\/02\/2006-blaggedde-768x1024.jpg 768w, https:\/\/raere-waggis.ch\/wordpress\/wp-content\/uploads\/2022\/02\/2006-blaggedde-225x300.jpg 225w, https:\/\/raere-waggis.ch\/wordpress\/wp-content\/uploads\/2022\/02\/2006-blaggedde-1152x1536.jpg 1152w, https:\/\/raere-waggis.ch\/wordpress\/wp-content\/uploads\/2022\/02\/2006-blaggedde.jpg 1512w\" sizes=\"auto, (max-width: 767px) 89vw, (max-width: 1000px) 54vw, (max-width: 1071px) 543px, 580px\" \/><\/a><\/figure><div class=\"wp-block-media-text__content\">\n<p><strong>Unseri H\u00e8lge vo dr Fasnacht 2006<\/strong><\/p>\n\n\n\n<ul class=\"wp-block-list\"><li><a href=\"https:\/\/raere-waggis.ch\/wordpress\/index.php\/vergangenes\/fasnacht-2006\/waagebau-2006\/\" data-type=\"page\" data-id=\"757\">Waagebau<\/a><\/li><li><a href=\"https:\/\/raere-waggis.ch\/wordpress\/index.php\/helge\/fasnacht-2006\/diversi-alaess-2006\/\" data-type=\"page\" data-id=\"772\">Diversi Al\u00e4ss<\/a><\/li><li><a href=\"https:\/\/raere-waggis.ch\/wordpress\/index.php\/vergangenes\/fasnacht-2006\/maentig-2006\/\" data-type=\"page\" data-id=\"773\">M\u00e4\u00e4ntig<\/a><\/li><li><a href=\"https:\/\/raere-waggis.ch\/wordpress\/index.php\/vergangenes\/fasnacht-2006\/binggis-2006\/\" data-type=\"page\" data-id=\"1044\">Binggis<\/a><\/li><li><a href=\"https:\/\/raere-waggis.ch\/wordpress\/index.php\/vergangenes\/fasnacht-2006\/mittwuch-2006\/\" data-type=\"page\" data-id=\"774\">Mittwuch<\/a><\/li><li><a href=\"https:\/\/raere-waggis.ch\/wordpress\/index.php\/vergangenes\/fasnacht-2006\/bummel-2006\/\" data-type=\"page\" data-id=\"771\">Bummel<\/a><\/li><\/ul>\n<\/div><\/div>\n<\/div><\/div>\n\n\n\n<p><strong>Unser Sujet<\/strong><br>&#171;12 Waggis in vorgschryybener Biirgergluft fir e glaighyysled Stadtbild&#187;<\/p>\n\n\n\n<p><strong>Unsere Sujet V\u00e4rs<\/strong><br>Wie jedes Joor h\u00e4n mir nach em <a href=\"https:\/\/www.raere-waggis.ch\/001_03_bau_web\/index.htm\">Waagebau<\/a> welle<br>Am Sunntig vor dr Fasnacht, uf die Passive zelle<br>In B\u00e4ttwil dien mir wie allewyyl uf unsere Waage astosse<br>Doch hintere ko bisch weder mit em Dr\u00e4mli, no uf Stroosse<br>Am M\u00e4\u00e4ntig, vo oobe git&#8217;s nur no wenig Schnee uf e Waage,<br>Am Zyschtig mit de <a href=\"https:\/\/www.raere-waggis.ch\/099_03_kinder_web\/index.htm\">Binggis<\/a> in dr Sunne, scho agn\u00e4hmer z&#8217;ertrage<br>Am Mittwuch, s W\u00e4tter isch schl\u00e4cht<br>Und au sunscht lauft nit alles r\u00e4cht<br>E Kopf-Byyle, Binggis-Dauchgang und Parkierschwiirigkeite,<br>Draktor-Elektronigg-Schaade und vo Nit-Fasn\u00e4chtler Gh\u00e4ssigkeite<br>Doch mir h\u00e4n allem trotzt, <br>h\u00e4n&#8217;s uf em Waage und uf dr Gass glatt ka und g&#8217;lache<br>Die dreyy schenschte D\u00e4\u00e4g l\u00f6n d Raere immer wieder <br>zu neuem L\u00e4be erwache<br>Frau Fasnacht, am 26. Hoornig 2007, mir d\u00f6rfe 40 Joor jubiliere<br>Bis d\u00f6rt losch du di uf dere Web-Syte vo Fasnachts-H\u00e8lge verfiehre<br><br><strong>Comit\u00e9 Sujet<\/strong><br>&#171;Drei Daag offe&#187;<br><\/p>\n\n\n\n<p><\/p>\n","protected":false},"excerpt":{"rendered":"<p>Unseri H\u00e8lge vo dr Fasnacht 2006 Waagebau Diversi Al\u00e4ss M\u00e4\u00e4ntig Binggis Mittwuch Bummel Unser Sujet&#171;12 Waggis in vorgschryybener Biirgergluft fir e glaighyysled Stadtbild&#187; Unsere Sujet V\u00e4rsWie jedes Joor h\u00e4n mir nach em Waagebau welleAm Sunntig vor dr Fasnacht, uf die Passive zelleIn B\u00e4ttwil dien mir wie allewyyl uf unsere Waage astosseDoch hintere ko bisch weder &hellip; <\/p>\n<p class=\"link-more\"><a href=\"https:\/\/raere-waggis.ch\/wordpress\/index.php\/helge\/fasnacht-2006\/\" class=\"more-link\"><span class=\"screen-reader-text\">&#171;Fasnacht 2006&#187;<\/span> weiterlesen<\/a><\/p>\n","protected":false},"author":1,"featured_media":0,"parent":136,"menu_order":0,"comment_status":"closed","ping_status":"closed","template":"","meta":{"footnotes":""},"class_list":["post-598","page","type-page","status-publish","hentry"],"_links":{"self":[{"href":"https:\/\/raere-waggis.ch\/wordpress\/index.php\/wp-json\/wp\/v2\/pages\/598","targetHints":{"allow":["GET"]}}],"collection":[{"href":"https:\/\/raere-waggis.ch\/wordpress\/index.php\/wp-json\/wp\/v2\/pages"}],"about":[{"href":"https:\/\/raere-waggis.ch\/wordpress\/index.php\/wp-json\/wp\/v2\/types\/page"}],"author":[{"embeddable":true,"href":"https:\/\/raere-waggis.ch\/wordpress\/index.php\/wp-json\/wp\/v2\/users\/1"}],"replies":[{"embeddable":true,"href":"https:\/\/raere-waggis.ch\/wordpress\/index.php\/wp-json\/wp\/v2\/comments?post=598"}],"version-history":[{"count":17,"href":"https:\/\/raere-waggis.ch\/wordpress\/index.php\/wp-json\/wp\/v2\/pages\/598\/revisions"}],"predecessor-version":[{"id":4849,"href":"https:\/\/raere-waggis.ch\/wordpress\/index.php\/wp-json\/wp\/v2\/pages\/598\/revisions\/4849"}],"up":[{"embeddable":true,"href":"https:\/\/raere-waggis.ch\/wordpress\/index.php\/wp-json\/wp\/v2\/pages\/136"}],"wp:attachment":[{"href":"https:\/\/raere-waggis.ch\/wordpress\/index.php\/wp-json\/wp\/v2\/media?parent=598"}],"curies":[{"name":"wp","href":"https:\/\/api.w.org\/{rel}","templated":true}]}}

<div class="breadcrumbs align  wp-block-bcn-breadcrumb-trail has-text-color has-background" vocab="https://schema.org/" typeof="BreadcrumbList">
	<span></span>
	</div>



<p></p>



<div class="wp-block-group"><div class="wp-block-group__inner-container is-layout-flow wp-block-group-is-layout-flow">
<div class="wp-block-media-text alignwide is-stacked-on-mobile is-vertically-aligned-center" style="grid-template-columns:26% auto"><figure class="wp-block-media-text__media"><a href="https://raere-waggis.ch/wordpress/wp-content/uploads/2022/02/2006-blaggedde.jpg"><img loading="lazy" decoding="async" width="768" height="1024" src="https://raere-waggis.ch/wordpress/wp-content/uploads/2022/02/2006-blaggedde-768x1024.jpg" alt="" class="wp-image-4402 size-full" srcset="https://raere-waggis.ch/wordpress/wp-content/uploads/2022/02/2006-blaggedde-768x1024.jpg 768w, https://raere-waggis.ch/wordpress/wp-content/uploads/2022/02/2006-blaggedde-225x300.jpg 225w, https://raere-waggis.ch/wordpress/wp-content/uploads/2022/02/2006-blaggedde-1152x1536.jpg 1152w, https://raere-waggis.ch/wordpress/wp-content/uploads/2022/02/2006-blaggedde.jpg 1512w" sizes="auto, (max-width: 767px) 89vw, (max-width: 1000px) 54vw, (max-width: 1071px) 543px, 580px" /></a></figure><div class="wp-block-media-text__content">
<p><strong>Unseri Hèlge vo dr Fasnacht 2006</strong></p>



<ul class="wp-block-list"><li><a href="https://raere-waggis.ch/wordpress/index.php/vergangenes/fasnacht-2006/waagebau-2006/" data-type="page" data-id="757">Waagebau</a></li><li><a href="https://raere-waggis.ch/wordpress/index.php/helge/fasnacht-2006/diversi-alaess-2006/" data-type="page" data-id="772">Diversi Aläss</a></li><li><a href="https://raere-waggis.ch/wordpress/index.php/vergangenes/fasnacht-2006/maentig-2006/" data-type="page" data-id="773">Määntig</a></li><li><a href="https://raere-waggis.ch/wordpress/index.php/vergangenes/fasnacht-2006/binggis-2006/" data-type="page" data-id="1044">Binggis</a></li><li><a href="https://raere-waggis.ch/wordpress/index.php/vergangenes/fasnacht-2006/mittwuch-2006/" data-type="page" data-id="774">Mittwuch</a></li><li><a href="https://raere-waggis.ch/wordpress/index.php/vergangenes/fasnacht-2006/bummel-2006/" data-type="page" data-id="771">Bummel</a></li></ul>
</div></div>
</div></div>



<p><strong>Unser Sujet</strong><br>&#171;12 Waggis in vorgschryybener Biirgergluft fir e glaighyysled Stadtbild&#187;</p>



<p><strong>Unsere Sujet Värs</strong><br>Wie jedes Joor hän mir nach em <a href="https://www.raere-waggis.ch/001_03_bau_web/index.htm">Waagebau</a> welle<br>Am Sunntig vor dr Fasnacht, uf die Passive zelle<br>In Bättwil dien mir wie allewyyl uf unsere Waage astosse<br>Doch hintere ko bisch weder mit em Drämli, no uf Stroosse<br>Am Määntig, vo oobe git&#8217;s nur no wenig Schnee uf e Waage,<br>Am Zyschtig mit de <a href="https://www.raere-waggis.ch/099_03_kinder_web/index.htm">Binggis</a> in dr Sunne, scho agnähmer z&#8217;ertrage<br>Am Mittwuch, s Wätter isch schlächt<br>Und au sunscht lauft nit alles rächt<br>E Kopf-Byyle, Binggis-Dauchgang und Parkierschwiirigkeite,<br>Draktor-Elektronigg-Schaade und vo Nit-Fasnächtler Ghässigkeite<br>Doch mir hän allem trotzt, <br>hän&#8217;s uf em Waage und uf dr Gass glatt ka und g&#8217;lache<br>Die dreyy schenschte Dääg lön d Raere immer wieder <br>zu neuem Läbe erwache<br>Frau Fasnacht, am 26. Hoornig 2007, mir dörfe 40 Joor jubiliere<br>Bis dört losch du di uf dere Web-Syte vo Fasnachts-Hèlge verfiehre<br><br><strong>Comité Sujet</strong><br>&#171;Drei Daag offe&#187;<br></p>



<p></p>

<p>Unseri Hèlge vo dr Fasnacht 2006 Waagebau Diversi Aläss Määntig Binggis Mittwuch Bummel Unser Sujet&#171;12 Waggis in vorgschryybener Biirgergluft fir e glaighyysled Stadtbild&#187; Unsere Sujet VärsWie jedes Joor hän mir nach em Waagebau welleAm Sunntig vor dr Fasnacht, uf die Passive zelleIn Bättwil dien mir wie allewyyl uf unsere Waage astosseDoch hintere ko bisch weder &hellip; </p>
<p class="link-more"><a href="https://raere-waggis.ch/wordpress/index.php/helge/fasnacht-2006/" class="more-link"><span class="screen-reader-text">&#171;Fasnacht 2006&#187;</span> weiterlesen</a></p>
